{"id":567,"date":"2025-06-16T13:50:52","date_gmt":"2025-06-16T11:50:52","guid":{"rendered":"https:\/\/grupo.us.es\/transadultez\/?page_id=567"},"modified":"2025-06-16T13:51:14","modified_gmt":"2025-06-16T11:51:14","slug":"funded-projects","status":"publish","type":"page","link":"https:\/\/grupo.us.es\/transadultez\/en\/funded-projects\/","title":{"rendered":"Funded projects"},"content":{"rendered":"\n<p><strong>2022-2023. \u201cA positive approach to wellbeing in adolescence and emerging adulthood\u00bb.<\/strong><\/p>\n\n\n\n<p>Reference: 4957\/2032<\/p>\n\n\n\n<p>Principal Investigator: Marta D\u00edez<\/p>\n\n\n\n<p>Funded by el Observatorio Social de la Caixa en (FS22_1B Realidad Social de los j\u00f3venes en Espa\u00f1a).<\/p>\n\n\n\n<figure class=\"wp-block-image\"><img loading=\"lazy\" decoding=\"async\" width=\"228\" height=\"60\" src=\"https:\/\/grupo.us.es\/transadultez\/wp-content\/uploads\/2025\/03\/Logo-Obra-Social-1.png\" alt=\"\" class=\"wp-image-505\"\/><\/figure>\n\n\n\n<p>More information:\u00a0<a href=\"https:\/\/investigacion.us.es\/sisius\/sis_proyecto.php?idproy=38377\">https:\/\/investigacion.us.es\/sisius\/sis_proyecto.php?idproy=38377<\/a><\/p>\n\n\n\n<p><strong>2023-2025.&nbsp;Factores de riesgo y protecci\u00f3n en la adultez emergente. Un estudio longitudinal-secuencial<\/strong><strong><\/strong><\/p>\n\n\n\n<p>Code:\u00a0PROYEXCEL_00766\u00a0<\/p>\n\n\n\n<p>Principal Investigators: \u00c1gueda Parra Jim\u00e9nez and\u00a0Inmaculada S\u00e1nchez-Queija.<\/p>\n\n\n\n<p>Funde by\u00a0Regional Ministry of Economic Transformation, Industry, Knowledge and Universities (Junta de Andaluc\u00eda, Consejer\u00eda de Transformaci\u00f3n Econ\u00f3mica, Industria, Conocimiento y Universidades)<\/p>\n\n\n\n<figure class=\"wp-block-image\"><img loading=\"lazy\" decoding=\"async\" width=\"263\" height=\"100\" src=\"https:\/\/grupo.us.es\/transadultez\/wp-content\/uploads\/2025\/03\/Logo-Consejeria-Junta-3.jpg\" alt=\"\" class=\"wp-image-509\"\/><\/figure>\n\n\n\n<p>More information:\u00a0<a href=\"https:\/\/investigacion.us.es\/sisius\/sis_proyecto.php?idproy=35969\">https:\/\/investigacion.us.es\/sisius\/sis_proyecto.php?idproy=35969<\/a><\/p>\n\n\n\n<p><strong>2019-2021.&nbsp;<\/strong><strong>Longitudinal Sequential study about Transition to Adulthood in Spain \/ Estudio longitudinal secuencial sobre la transici\u00f3n a la adultez en Espa\u00f1a<\/strong><\/p>\n\n\n\n<p>Code:\u00a0\u00a0RTI2018-097405-B-I00\u00a0<\/p>\n\n\n\n<p>Principal Investigators: Inmaculada S\u00e1nchez-Queija and\u00a0\u00c1gueda Parra Jim\u00e9nez.<\/p>\n\n\n\n<p>Funded by Spanish Science and Innovation Ministry (Ministerio de Ciencia, Innovaci\u00f3n y Universidades) and eRDF Funds<\/p>\n\n\n\n<figure class=\"wp-block-image\"><img loading=\"lazy\" decoding=\"async\" width=\"240\" height=\"70\" src=\"https:\/\/grupo.us.es\/transadultez\/wp-content\/uploads\/2025\/03\/Logo-Ministerio-de-Ciencia-e-Innovacion-2.png\" alt=\"\" class=\"wp-image-507\"\/><\/figure>\n\n\n\n<p>M\u00e1s informaci\u00f3n:&nbsp;<a href=\"https:\/\/investigacion.us.es\/sisius\/sis_proyecto.php?idproy=29417\">https:\/\/investigacion.us.es\/sisius\/sis_proyecto.php?idproy=29417<\/a><\/p>\n\n\n\n<p><strong>2018.&nbsp;<\/strong><strong>Longitudinal Study about Transition to Adulthood in Spain \/ Estudio longitudinal sobre la transici\u00f3n a la adultez en Espa\u00f1a<\/strong><\/p>\n\n\n\n<p>Code: 2018\/514<\/p>\n\n\n\n<p>Principal Investigators:\u00a0\u00c1gueda Parra Jim\u00e9nez\u00a0and Inmaculada S\u00e1nchez-Queija.<\/p>\n\n\n\n<p>Funded by University of Seville (Universidad de Sevilla. Ayuda a Proyectos de Investigaci\u00f3n Precompetitivos).<\/p>\n\n\n\n<figure class=\"wp-block-image\"><img loading=\"lazy\" decoding=\"async\" width=\"256\" height=\"120\" src=\"https:\/\/grupo.us.es\/transadultez\/wp-content\/uploads\/2025\/03\/Logo-US.jpg\" alt=\"\" class=\"wp-image-493\"\/><\/figure>\n\n\n\n<p>Fecha: 8\/05\/2018 \u2013 31\/12\/2018.&nbsp;<\/p>\n\n\n\n<p><strong>2013-2017.\u00a0\u00a0 The Transition to Adulthood in Spain: Study on the Keys of Psychosocial Adjustment and, Basis for Preventive Intervention \/ La Transici\u00f3n a la Adultez en Espa\u00f1a: Estudio Sobre las Claves del Ajuste Psicosocial y Fundamentos para su Intervenci\u00f3n Preventiva<\/strong><\/p>\n\n\n\n<p>Code: EDU2013-45687-R<\/p>\n\n\n\n<p>Principal Investigator: \u00c1gueda Parra.<\/p>\n\n\n\n<p>Funded by Spanish Ministry of Economy and Competitiveness (Ministerio de Econom\u00eda y Competitividad del Gobierno de Espa\u00f1a).<\/p>\n\n\n\n<figure class=\"wp-block-image\"><img loading=\"lazy\" decoding=\"async\" width=\"207\" height=\"50\" src=\"https:\/\/grupo.us.es\/transadultez\/wp-content\/uploads\/2025\/03\/Logotipo_del_Ministerio_de_Economia_y_Competitividad.png\" alt=\"\" class=\"wp-image-491\"\/><\/figure>\n\n\n\n<p>M\u00e1s informaci\u00f3n:&nbsp;<a href=\"https:\/\/goo.gl\/iGbPSk\" target=\"_blank\" rel=\"noreferrer noopener\">https:\/\/goo.gl\/iGbPSk<\/a><\/p>\n\n\n\n<p><strong>2006-2009. From Adolescence to Emerging Adulthood. A longitudinal Study about live trajectories \/ De la adolescencia a la adultez emergente. Un estudio longitudinal sobre trayectorias de vida<\/strong><\/p>\n\n\n\n<p>C\u00f3digo: SEJ2006-06433.&nbsp;<\/p>\n\n\n\n<p>Investigador Principal: Alfredo Oliva<\/p>\n\n\n\n<p>Financiado por el Ministerio de Educaci\u00f3n y Ciencia.<\/p>\n\n\n\n<figure class=\"wp-block-image\"><img loading=\"lazy\" decoding=\"async\" width=\"196\" height=\"50\" src=\"https:\/\/grupo.us.es\/transadultez\/wp-content\/uploads\/2025\/03\/Logotipo_del_Ministerio_de_Educacion_y_Ciencia-1.png\" alt=\"\" class=\"wp-image-489\"\/><\/figure>\n\n\n\n<p>M\u00e1s informaci\u00f3n:&nbsp;<a href=\"https:\/\/goo.gl\/ApU53m\" target=\"_blank\" rel=\"noreferrer noopener\">https:\/\/goo.gl\/ApU53m<\/a><\/p>\n\n\n\n<p><a href=\"https:\/\/grupo.us.es\/transadultez\/wp-content\/uploads\/2025\/01\/Proteccion-datos-pagina-web.pdf\">Consulte aqu\u00ed la pol\u00edtica de protecci\u00f3n de datos de nuestro proyecto<\/a><\/p>\n","protected":false},"excerpt":{"rendered":"<p>2022-2023. \u201cA positive approach to wellbeing in adolescence and emerging adulthood\u00bb. Reference: 4957\/2032 Principal Investigator: Marta D\u00edez Funded by el Observatorio Social de la Caixa en (FS22_1B Realidad Social de los j\u00f3venes en Espa\u00f1a). More information:\u00a0https:\/\/investigacion.us.es\/sisius\/sis_proyecto.php?idproy=38377 2023-2025.&nbsp;Factores de riesgo y protecci\u00f3n en la adultez emergente. Un estudio longitudinal-secuencial Code:\u00a0PROYEXCEL_00766\u00a0 Principal Investigators: \u00c1gueda Parra Jim\u00e9nez and\u00a0Inmaculada [&hellip;]<\/p>\n","protected":false},"author":2,"featured_media":0,"parent":0,"menu_order":0,"comment_status":"closed","ping_status":"closed","template":"","meta":{"footnotes":""},"class_list":["post-567","page","type-page","status-publish","hentry"],"_links":{"self":[{"href":"https:\/\/grupo.us.es\/transadultez\/wp-json\/wp\/v2\/pages\/567","targetHints":{"allow":["GET"]}}],"collection":[{"href":"https:\/\/grupo.us.es\/transadultez\/wp-json\/wp\/v2\/pages"}],"about":[{"href":"https:\/\/grupo.us.es\/transadultez\/wp-json\/wp\/v2\/types\/page"}],"author":[{"embeddable":true,"href":"https:\/\/grupo.us.es\/transadultez\/wp-json\/wp\/v2\/users\/2"}],"replies":[{"embeddable":true,"href":"https:\/\/grupo.us.es\/transadultez\/wp-json\/wp\/v2\/comments?post=567"}],"version-history":[{"count":1,"href":"https:\/\/grupo.us.es\/transadultez\/wp-json\/wp\/v2\/pages\/567\/revisions"}],"predecessor-version":[{"id":568,"href":"https:\/\/grupo.us.es\/transadultez\/wp-json\/wp\/v2\/pages\/567\/revisions\/568"}],"wp:attachment":[{"href":"https:\/\/grupo.us.es\/transadultez\/wp-json\/wp\/v2\/media?parent=567"}],"curies":[{"name":"wp","href":"https:\/\/api.w.org\/{rel}","templated":true}]}}