{"id":3180,"date":"2025-12-09T16:57:35","date_gmt":"2025-12-09T15:57:35","guid":{"rendered":"https:\/\/grupo.us.es\/newtep206\/?page_id=3180"},"modified":"2025-12-09T17:28:56","modified_gmt":"2025-12-09T16:28:56","slug":"legal-notice","status":"publish","type":"page","link":"https:\/\/grupo.us.es\/tep206\/legal-notice\/","title":{"rendered":"Legal Notice"},"content":{"rendered":"\t\t<div data-elementor-type=\"wp-page\" data-elementor-id=\"3180\" class=\"elementor elementor-3180\">\n\t\t\t\t<div class=\"elementor-element elementor-element-192cfed e-flex e-con-boxed wpr-particle-no wpr-jarallax-no wpr-parallax-no wpr-sticky-section-no e-con e-parent\" data-id=\"192cfed\" data-element_type=\"container\" data-e-type=\"container\">\n\t\t\t\t\t<div class=\"e-con-inner\">\n\t\t\t\t<div class=\"elementor-element elementor-element-0e996b5 elementor-widget elementor-widget-heading\" data-id=\"0e996b5\" data-element_type=\"widget\" data-e-type=\"widget\" data-widget_type=\"heading.default\">\n\t\t\t\t\t<h1 class=\"elementor-heading-title elementor-size-default\">Legal Notice<\/h1>\t\t\t\t<\/div>\n\t\t\t\t<div class=\"elementor-element elementor-element-8f23bd3 elementor-widget__width-initial elementor-widget elementor-widget-text-editor\" data-id=\"8f23bd3\" data-element_type=\"widget\" data-e-type=\"widget\" data-widget_type=\"text-editor.default\">\n\t\t\t\t\t\t\t\t\t<h4>Informaci\u00f3n general<\/h4><p>En cumplimiento de lo previsto en la Ley 34\/2002, de 11 de julio, de Servicios de la Sociedad de la Informaci\u00f3n y de Comercio Electr\u00f3nico, as\u00ed como en otras normas de legal aplicaci\u00f3n, se pone en conocimiento de los usuarios del Portal de Internet <a href=\"https:\/\/grupo.us.es\/tep206\/\">https:\/\/grupo.us.es\/tep206\/<\/a> los siguientes datos de informaci\u00f3n general:<\/p><ol><li>El presente portal constituye el Sitio Oficial en Internet del grupo de investigaci\u00f3n tep_206 SATH de la UNIVERSIDAD DE SEVILLA. Ha sido creado y es mantenido a instancias de la \u201cUNIVERSIDAD DE SEVILLA\u201d, quien es su propietaria, as\u00ed como de aquellos nombres de dominio que a \u00e9l conducen.<\/li><li>La UNIVERSIDAD DE SEVILLA es una instituci\u00f3n p\u00fablica educativa.<\/li><li>La UNIVERSIDAD DE SEVILLA est\u00e1 provista de C.I.F. n\u00ba Q-4118001-I<\/li><li>La sede de la UNIVERSIDAD DE SEVILLA se encuentra en:<\/li><\/ol><p>C\/ S. Fernando, 4 (C.P. 41004) SEVILLA<br \/>ESPA\u00d1A<\/p><p>Los usuarios del presente portal podr\u00e1n establecer una comunicaci\u00f3n directa y efectiva con la UNIVERSIDAD DE SEVILLA mediante comunicaci\u00f3n escrita remitida a su domicilio social, indicado en el punto 4 de los que componen esta Informaci\u00f3n General.<\/p>\t\t\t\t\t\t\t\t<\/div>\n\t\t\t\t\t<\/div>\n\t\t\t\t<\/div>\n\t\t\t\t<\/div>\n\t\t","protected":false},"excerpt":{"rendered":"<p>Legal Notice Informaci\u00f3n general En cumplimiento de lo previsto en la Ley 34\/2002, de 11 de julio, de Servicios de la Sociedad de la Informaci\u00f3n y de Comercio Electr\u00f3nico, as\u00ed como en otras normas de legal aplicaci\u00f3n, se pone en conocimiento de los usuarios del Portal de Internet http:\/\/grupo.us.es\/tep206\/ los siguientes datos de informaci\u00f3n general: El presente portal constituye el Sitio Oficial en Internet del grupo de investigaci\u00f3n tep_206 SATH de la UNIVERSIDAD DE SEVILLA. Ha sido creado y es mantenido a instancias de la \u201cUNIVERSIDAD DE SEVILLA\u201d, quien es su propietaria, as\u00ed como de aquellos nombres de dominio que a \u00e9l conducen. La UNIVERSIDAD DE SEVILLA es una instituci\u00f3n p\u00fablica educativa. La UNIVERSIDAD DE SEVILLA est\u00e1 provista de C.I.F. n\u00ba Q-4118001-I La sede de la UNIVERSIDAD DE SEVILLA se encuentra en: C\/ S. Fernando, 4 (C.P. 41004) SEVILLAESPA\u00d1A Los usuarios del presente portal podr\u00e1n establecer una comunicaci\u00f3n directa y efectiva con la UNIVERSIDAD DE SEVILLA mediante comunicaci\u00f3n escrita remitida a su domicilio social, indicado en el punto 4 de los que componen esta Informaci\u00f3n General.<\/p>\n","protected":false},"author":3,"featured_media":0,"parent":0,"menu_order":0,"comment_status":"closed","ping_status":"closed","template":"elementor_header_footer","meta":{"footnotes":""},"class_list":["post-3180","page","type-page","status-publish","hentry"],"acf":[],"_links":{"self":[{"href":"https:\/\/grupo.us.es\/tep206\/wp-json\/wp\/v2\/pages\/3180","targetHints":{"allow":["GET"]}}],"collection":[{"href":"https:\/\/grupo.us.es\/tep206\/wp-json\/wp\/v2\/pages"}],"about":[{"href":"https:\/\/grupo.us.es\/tep206\/wp-json\/wp\/v2\/types\/page"}],"author":[{"embeddable":true,"href":"https:\/\/grupo.us.es\/tep206\/wp-json\/wp\/v2\/users\/3"}],"replies":[{"embeddable":true,"href":"https:\/\/grupo.us.es\/tep206\/wp-json\/wp\/v2\/comments?post=3180"}],"version-history":[{"count":7,"href":"https:\/\/grupo.us.es\/tep206\/wp-json\/wp\/v2\/pages\/3180\/revisions"}],"predecessor-version":[{"id":3196,"href":"https:\/\/grupo.us.es\/tep206\/wp-json\/wp\/v2\/pages\/3180\/revisions\/3196"}],"wp:attachment":[{"href":"https:\/\/grupo.us.es\/tep206\/wp-json\/wp\/v2\/media?parent=3180"}],"curies":[{"name":"wp","href":"https:\/\/api.w.org\/{rel}","templated":true}]}}