 {"id":5,"date":"2021-02-01T19:52:18","date_gmt":"2021-02-01T19:52:18","guid":{"rendered":"https:\/\/grupo.us.es\/tep175\/?page_id=5"},"modified":"2024-03-22T09:25:27","modified_gmt":"2024-03-22T08:25:27","slug":"crea-tu-web-con-bloques","status":"publish","type":"page","link":"https:\/\/grupo.us.es\/tep175\/","title":{"rendered":"Inicio"},"content":{"rendered":"\n<h2 class=\"wp-block-heading alignwide has-text-align-wide\" style=\"line-height:1.1\">Sobre nosotros<\/h2>\n\n\n\n<p class=\"alignwide\">El grupo&nbsp;<strong>TEP 175<\/strong>&nbsp;\u00abIngenier\u00eda El\u00e9ctrica\u00bb&nbsp;es un grupo de investigaci\u00f3n del PAIDI (<a href=\"https:\/\/www.paidi2020.es\/\">Plan Andaluz de Investigaci\u00f3n, Desarrollo e Innovaci\u00f3n<\/a>), adscrito a la <a href=\"https:\/\/www.us.es\">Universidad de Sevilla<\/a> y establecido en la <a href=\"https:\/\/eps.us.es\/\">Escuela Polit\u00e9cnica Superior<\/a>. <\/p>\n\n\n\n<p class=\"alignwide\">Agrupa a profesores e investigadores del&nbsp;<strong>Departamento de Ingenier\u00eda El\u00e9ctrica<\/strong>&nbsp;y desarrolla sus principales <strong>l\u00edneas de investigaci\u00f3n<\/strong> en calidad de la se\u00f1al el\u00e9ctrica, teor\u00eda de potencia, control electr\u00f3nico de m\u00e1quinas el\u00e9ctricas e integraci\u00f3n de energ\u00edas renovables en la red el\u00e9ctrica.<\/p>\n\n\n\n<h2 class=\"wp-block-heading alignwide\">L\u00edneas de investigaci\u00f3n<\/h2>\n\n\n\n<div class=\"wp-block-columns alignwide is-layout-flex wp-container-core-columns-is-layout-9d6595d7 wp-block-columns-is-layout-flex\">\n<div class=\"wp-block-column is-layout-flow wp-block-column-is-layout-flow\">\n<ul class=\"wp-block-list\">\n<li>Calidad de la se\u00f1al el\u00e9ctrica<\/li>\n\n\n\n<li>Teor\u00eda de potencia el\u00e9ctrica en sistemas polif\u00e1sicos<\/li>\n\n\n\n<li>An\u00e1lisis de perturbaciones en la se\u00f1al de la red el\u00e9ctrica<\/li>\n<\/ul>\n<\/div>\n\n\n\n<div class=\"wp-block-column is-layout-flow wp-block-column-is-layout-flow\">\n<ul class=\"wp-block-list\">\n<li>Control electr\u00f3nico de m\u00e1quinas el\u00e9ctricas<\/li>\n\n\n\n<li>Integraci\u00f3n de energ\u00edas renovables en la red el\u00e9ctrica<\/li>\n\n\n\n<li>M\u00e1quinas el\u00e9ctricas<\/li>\n\n\n\n<li>Eficiencia en los sistemas el\u00e9ctricos<\/li>\n<\/ul>\n<\/div>\n<\/div>\n\n\n\n<div class=\"wp-block-columns is-style-default alignwide is-layout-flex wp-container-core-columns-is-layout-9d6595d7 wp-block-columns-is-layout-flex\">\n<div class=\"wp-block-column is-layout-flow wp-block-column-is-layout-flow\">\n<h2 class=\"wp-block-heading\">Equipo<\/h2>\n\n\n\n<div class=\"wp-block-columns is-layout-flex wp-container-core-columns-is-layout-9d6595d7 wp-block-columns-is-layout-flex\">\n<div class=\"wp-block-column is-layout-flow wp-block-column-is-layout-flow\">\n<div class=\"wp-block-group is-style-twentytwentyone-border\"><div class=\"wp-block-group__inner-container is-layout-flow wp-block-group-is-layout-flow\">\n<div class=\"wp-block-columns is-layout-flex wp-container-core-columns-is-layout-9d6595d7 wp-block-columns-is-layout-flex\">\n<div class=\"wp-block-column is-vertically-aligned-center is-layout-flow wp-block-column-is-layout-flow\" style=\"flex-basis:33.33%\"><div class=\"wp-block-image is-style-rounded\">\n<figure class=\"aligncenter size-large\"><img loading=\"lazy\" decoding=\"async\" width=\"300\" height=\"375\" src=\"https:\/\/grupo.us.es\/tep175\/wp-content\/uploads\/2021\/02\/BRAVOC.jpg\" alt=\"Juan Carlos Bravo Rodriguez\" class=\"wp-image-89\" srcset=\"https:\/\/grupo.us.es\/tep175\/wp-content\/uploads\/2021\/02\/BRAVOC.jpg 300w, https:\/\/grupo.us.es\/tep175\/wp-content\/uploads\/2021\/02\/BRAVOC-240x300.jpg 240w\" sizes=\"auto, (max-width: 300px) 100vw, 300px\" \/><\/figure>\n<\/div><\/div>\n\n\n\n<div class=\"wp-block-column is-layout-flow wp-block-column-is-layout-flow\" style=\"flex-basis:66.66%\">\n<div class=\"wp-block-group is-style-default\"><div class=\"wp-block-group__inner-container is-layout-flow wp-block-group-is-layout-flow\">\n<p><strong>Dr. D. Juan Carlos Bravo-Rodr\u00edguez<\/strong><br><em>Responsable del grupo<\/em><\/p>\n\n\n\n<p class=\"has-text-color\" style=\"color:#a3a8ab\">Licenciado en Ciencias F\u00edsicas<br>Departamento de Ingenier\u00eda El\u00e9ctrica<br>Universidad de Sevilla<br>ORCID: <a href=\"https:\/\/orcid.org\/0000-0002-4896-0903\">0000-0002-4896-0903<\/a><\/p>\n<\/div><\/div>\n<\/div>\n<\/div>\n<\/div><\/div>\n<\/div>\n\n\n\n<div class=\"wp-block-column is-layout-flow wp-block-column-is-layout-flow\">\n<div class=\"wp-block-group is-style-twentytwentyone-border\"><div class=\"wp-block-group__inner-container is-layout-flow wp-block-group-is-layout-flow\">\n<div class=\"wp-block-columns is-layout-flex wp-container-core-columns-is-layout-9d6595d7 wp-block-columns-is-layout-flex\">\n<div class=\"wp-block-column is-vertically-aligned-center is-layout-flow wp-block-column-is-layout-flow\" style=\"flex-basis:33.33%\"><\/div>\n\n\n\n<div class=\"wp-block-column is-layout-flow wp-block-column-is-layout-flow\" style=\"flex-basis:66.66%\">\n<div class=\"wp-block-group\"><div class=\"wp-block-group__inner-container is-layout-flow wp-block-group-is-layout-flow\">\n<div class=\"wp-block-columns is-style-default is-layout-flex wp-container-core-columns-is-layout-9d6595d7 wp-block-columns-is-layout-flex\">\n<div class=\"wp-block-column is-layout-flow wp-block-column-is-layout-flow\" style=\"flex-basis:100%\">\n<div class=\"wp-block-group is-style-default\"><div class=\"wp-block-group__inner-container is-layout-flow wp-block-group-is-layout-flow\">\n<p><strong>Dr. D. Vicente Sim\u00f3n Sempere<\/strong><\/p>\n\n\n\n<p class=\"has-text-color\" style=\"color:#a3a8ab\">Ingeniero T\u00e9cnico Industrial &#8211; Ingeniero en Electr\u00f3nica<br>Departamento de Ingenier\u00eda El\u00e9ctrica<br>Universidad de Sevilla<br>ORCID: <a href=\"https:\/\/orcid.org\/0000-0002-1189-5423\">0000-0002-1189-5423<\/a><\/p>\n<\/div><\/div>\n<\/div>\n<\/div>\n<\/div><\/div>\n<\/div>\n<\/div>\n<\/div><\/div>\n<\/div>\n<\/div>\n\n\n\n<div class=\"wp-block-columns is-layout-flex wp-container-core-columns-is-layout-9d6595d7 wp-block-columns-is-layout-flex\">\n<div class=\"wp-block-column is-layout-flow wp-block-column-is-layout-flow\">\n<div class=\"wp-block-group is-style-twentytwentyone-border\"><div class=\"wp-block-group__inner-container is-layout-flow wp-block-group-is-layout-flow\">\n<div class=\"wp-block-columns is-layout-flex wp-container-core-columns-is-layout-9d6595d7 wp-block-columns-is-layout-flex\">\n<div class=\"wp-block-column is-vertically-aligned-center is-layout-flow wp-block-column-is-layout-flow\" style=\"flex-basis:33.33%\"><div class=\"wp-block-image is-style-rounded\">\n<figure class=\"aligncenter size-large\"><img loading=\"lazy\" decoding=\"async\" width=\"300\" height=\"375\" src=\"https:\/\/grupo.us.es\/tep175\/wp-content\/uploads\/2021\/02\/MONTAC.jpg\" alt=\"\" class=\"wp-image-94\" srcset=\"https:\/\/grupo.us.es\/tep175\/wp-content\/uploads\/2021\/02\/MONTAC.jpg 300w, https:\/\/grupo.us.es\/tep175\/wp-content\/uploads\/2021\/02\/MONTAC-240x300.jpg 240w\" sizes=\"auto, (max-width: 300px) 100vw, 300px\" \/><\/figure>\n<\/div><\/div>\n\n\n\n<div class=\"wp-block-column is-layout-flow wp-block-column-is-layout-flow\" style=\"flex-basis:66.66%\">\n<div class=\"wp-block-group is-style-default\"><div class=\"wp-block-group__inner-container is-layout-flow wp-block-group-is-layout-flow\">\n<p>Dr. D. Juan Carlos Monta\u00f1o Asquerino<\/p>\n\n\n\n<p class=\"has-text-color\" style=\"color:#a3a8ab\">Licenciado en Ciencias F\u00edsicas<br>Departamento de Tecnolog\u00eda Electr\u00f3nica<br>Universidad de Sevilla<\/p>\n<\/div><\/div>\n<\/div>\n<\/div>\n<\/div><\/div>\n<\/div>\n\n\n\n<div class=\"wp-block-column is-layout-flow wp-block-column-is-layout-flow\">\n<div class=\"wp-block-group is-style-twentytwentyone-border\"><div class=\"wp-block-group__inner-container is-layout-flow wp-block-group-is-layout-flow\">\n<div class=\"wp-block-columns is-layout-flex wp-container-core-columns-is-layout-9d6595d7 wp-block-columns-is-layout-flex\">\n<div class=\"wp-block-column is-vertically-aligned-center is-layout-flow wp-block-column-is-layout-flow\"><div class=\"wp-block-image is-style-rounded\">\n<figure class=\"aligncenter size-large is-resized\"><img loading=\"lazy\" decoding=\"async\" width=\"380\" height=\"367\" src=\"https:\/\/grupo.us.es\/tep175\/wp-content\/uploads\/2021\/02\/ramon.jpg\" alt=\"\" class=\"wp-image-121\" style=\"width:172px;height:165px\" srcset=\"https:\/\/grupo.us.es\/tep175\/wp-content\/uploads\/2021\/02\/ramon.jpg 380w, https:\/\/grupo.us.es\/tep175\/wp-content\/uploads\/2021\/02\/ramon-300x290.jpg 300w\" sizes=\"auto, (max-width: 380px) 100vw, 380px\" \/><\/figure>\n<\/div><\/div>\n\n\n\n<div class=\"wp-block-column is-layout-flow wp-block-column-is-layout-flow\" style=\"flex-basis:66.66%\">\n<div class=\"wp-block-group is-style-default\"><div class=\"wp-block-group__inner-container is-layout-flow wp-block-group-is-layout-flow\">\n<p>Dr. D. Ram\u00f3n Cano Gonz\u00e1lez<\/p>\n\n\n\n<p class=\"has-text-color\" style=\"color:#a3a8ab\">Ingeniero T\u00e9cnico Industrial &#8211; Ingeniero en Autom\u00e1tica y Electr\u00f3nica Industrial<br>Departamento de Ingenier\u00eda El\u00e9ctrica<br>Universidad de Sevilla<br>ORCID: <a href=\"https:\/\/orcid.org\/0000-0002-9063-8109\">0000-0002-9063-8109<\/a><\/p>\n<\/div><\/div>\n<\/div>\n<\/div>\n<\/div><\/div>\n<\/div>\n<\/div>\n\n\n\n<div class=\"wp-block-columns is-layout-flex wp-container-core-columns-is-layout-9d6595d7 wp-block-columns-is-layout-flex\">\n<div class=\"wp-block-column is-layout-flow wp-block-column-is-layout-flow\">\n<div class=\"wp-block-group is-style-twentytwentyone-border\"><div class=\"wp-block-group__inner-container is-layout-flow wp-block-group-is-layout-flow\">\n<div class=\"wp-block-columns is-layout-flex wp-container-core-columns-is-layout-9d6595d7 wp-block-columns-is-layout-flex\">\n<div class=\"wp-block-column is-vertically-aligned-center is-layout-flow wp-block-column-is-layout-flow\" style=\"flex-basis:33.33%\"><div class=\"wp-block-image is-style-rounded\">\n<figure class=\"aligncenter size-large is-resized\"><img loading=\"lazy\" decoding=\"async\" width=\"640\" height=\"640\" src=\"https:\/\/grupo.us.es\/tep175\/wp-content\/uploads\/2021\/02\/loli.jpg\" alt=\"\" class=\"wp-image-123\" style=\"width:187px;height:187px\" srcset=\"https:\/\/grupo.us.es\/tep175\/wp-content\/uploads\/2021\/02\/loli.jpg 640w, https:\/\/grupo.us.es\/tep175\/wp-content\/uploads\/2021\/02\/loli-300x300.jpg 300w, https:\/\/grupo.us.es\/tep175\/wp-content\/uploads\/2021\/02\/loli-150x150.jpg 150w\" sizes=\"auto, (max-width: 640px) 100vw, 640px\" \/><\/figure>\n<\/div><\/div>\n\n\n\n<div class=\"wp-block-column is-layout-flow wp-block-column-is-layout-flow\" style=\"flex-basis:66.66%\">\n<div class=\"wp-block-group is-style-default\"><div class=\"wp-block-group__inner-container is-layout-flow wp-block-group-is-layout-flow\">\n<p>Dra. D\u00aa M\u00aa Dolores Borr\u00e1s-Talavera<\/p>\n\n\n\n<p class=\"has-text-color\" style=\"color:#a3a8ab\">Licenciada en Ciencias F\u00edsicas<br>Departamento de Ingenier\u00eda El\u00e9ctrica<br>Universidad de Sevilla<br>ORCID: <a href=\"https:\/\/orcid.org\/0000-0002-6276-8942\">0000-0002-6276-8942<\/a><\/p>\n<\/div><\/div>\n<\/div>\n<\/div>\n<\/div><\/div>\n<\/div>\n\n\n\n<div class=\"wp-block-column is-layout-flow wp-block-column-is-layout-flow\">\n<div class=\"wp-block-group is-style-twentytwentyone-border\"><div class=\"wp-block-group__inner-container is-layout-flow wp-block-group-is-layout-flow\">\n<div class=\"wp-block-columns is-layout-flex wp-container-core-columns-is-layout-9d6595d7 wp-block-columns-is-layout-flex\">\n<div class=\"wp-block-column is-vertically-aligned-center is-layout-flow wp-block-column-is-layout-flow\" style=\"flex-basis:33.33%\"><div class=\"wp-block-image is-style-rounded\">\n<figure class=\"aligncenter size-large\"><img loading=\"lazy\" decoding=\"async\" width=\"450\" height=\"450\" src=\"https:\/\/grupo.us.es\/tep175\/wp-content\/uploads\/2021\/02\/cesar.jpg\" alt=\"\" class=\"wp-image-114\" srcset=\"https:\/\/grupo.us.es\/tep175\/wp-content\/uploads\/2021\/02\/cesar.jpg 450w, https:\/\/grupo.us.es\/tep175\/wp-content\/uploads\/2021\/02\/cesar-300x300.jpg 300w, https:\/\/grupo.us.es\/tep175\/wp-content\/uploads\/2021\/02\/cesar-150x150.jpg 150w\" sizes=\"auto, (max-width: 450px) 100vw, 450px\" \/><\/figure>\n<\/div><\/div>\n\n\n\n<div class=\"wp-block-column is-layout-flow wp-block-column-is-layout-flow\" style=\"flex-basis:66.66%\">\n<div class=\"wp-block-group is-style-default\"><div class=\"wp-block-group__inner-container is-layout-flow wp-block-group-is-layout-flow\">\n<p>Dr. D. C\u00e9sar \u00c1lvarez-Arroyo<\/p>\n\n\n\n<p class=\"has-text-color\" style=\"color:#a3a8ab\">Ingeniero Industrial (Electricidad)<br>Departamento de Ingenier\u00eda El\u00e9ctrica<br>Universidad de Sevilla<br>ORCID: <a href=\"https:\/\/orcid.org\/0000-0001-7530-9932\"><span style=\"color:#a3a8ab\" class=\"has-inline-color\">0000-0001-7530-9932<\/span><\/a><\/p>\n<\/div><\/div>\n<\/div>\n<\/div>\n<\/div><\/div>\n<\/div>\n<\/div>\n\n\n\n<div class=\"wp-block-columns is-layout-flex wp-container-core-columns-is-layout-9d6595d7 wp-block-columns-is-layout-flex\">\n<div class=\"wp-block-column is-layout-flow wp-block-column-is-layout-flow\">\n<div class=\"wp-block-group is-style-twentytwentyone-border\"><div class=\"wp-block-group__inner-container is-layout-flow wp-block-group-is-layout-flow\">\n<div class=\"wp-block-columns is-layout-flex wp-container-core-columns-is-layout-9d6595d7 wp-block-columns-is-layout-flex\">\n<div class=\"wp-block-column is-vertically-aligned-center is-layout-flow wp-block-column-is-layout-flow\" style=\"flex-basis:33.33%\">\n<figure class=\"wp-block-image size-large is-style-rounded\"><img loading=\"lazy\" decoding=\"async\" width=\"500\" height=\"502\" src=\"https:\/\/grupo.us.es\/tep175\/wp-content\/uploads\/2021\/02\/nar-cuadrada.jpg\" alt=\"\" class=\"wp-image-108\" srcset=\"https:\/\/grupo.us.es\/tep175\/wp-content\/uploads\/2021\/02\/nar-cuadrada.jpg 500w, https:\/\/grupo.us.es\/tep175\/wp-content\/uploads\/2021\/02\/nar-cuadrada-300x300.jpg 300w, https:\/\/grupo.us.es\/tep175\/wp-content\/uploads\/2021\/02\/nar-cuadrada-150x150.jpg 150w\" sizes=\"auto, (max-width: 500px) 100vw, 500px\" \/><\/figure>\n<\/div>\n\n\n\n<div class=\"wp-block-column is-layout-flow wp-block-column-is-layout-flow\" style=\"flex-basis:66.66%\">\n<div class=\"wp-block-group is-style-default\"><div class=\"wp-block-group__inner-container is-layout-flow wp-block-group-is-layout-flow\">\n<p><a href=\"https:\/\/www.esciencia.org\/ingenieria\/\">D. Narciso Moreno-Alfonso<\/a><\/p>\n\n\n\n<p class=\"has-text-color\" style=\"color:#a3a8ab\">Ingeniero T\u00e9cnico Industrial &#8211; Ingeniero en Electr\u00f3nica<br>Departamento de Ingenier\u00eda El\u00e9ctrica<br>Universidad de Sevilla<br>ORCID: <a href=\"https:\/\/orcid.org\/0000-0002-1743-5970\">0000-0002-1743-5970<\/a><\/p>\n<\/div><\/div>\n<\/div>\n<\/div>\n<\/div><\/div>\n<\/div>\n\n\n\n<div class=\"wp-block-column is-layout-flow wp-block-column-is-layout-flow\">\n<div class=\"wp-block-group is-style-twentytwentyone-border\"><div class=\"wp-block-group__inner-container is-layout-flow wp-block-group-is-layout-flow\">\n<div class=\"wp-block-columns is-layout-flex wp-container-core-columns-is-layout-9d6595d7 wp-block-columns-is-layout-flex\">\n<div class=\"wp-block-column is-vertically-aligned-center is-layout-flow wp-block-column-is-layout-flow\" style=\"flex-basis:33.33%\"><div class=\"wp-block-image is-style-rounded\">\n<figure class=\"aligncenter size-large\"><img loading=\"lazy\" decoding=\"async\" width=\"624\" height=\"710\" src=\"https:\/\/grupo.us.es\/tep175\/wp-content\/uploads\/2021\/02\/Foto-mila.jpeg\" alt=\"\" class=\"wp-image-104\" srcset=\"https:\/\/grupo.us.es\/tep175\/wp-content\/uploads\/2021\/02\/Foto-mila.jpeg 624w, https:\/\/grupo.us.es\/tep175\/wp-content\/uploads\/2021\/02\/Foto-mila-264x300.jpeg 264w\" sizes=\"auto, (max-width: 624px) 100vw, 624px\" \/><\/figure>\n<\/div><\/div>\n\n\n\n<div class=\"wp-block-column is-layout-flow wp-block-column-is-layout-flow\" style=\"flex-basis:66.66%\">\n<div class=\"wp-block-group is-style-default\"><div class=\"wp-block-group__inner-container is-layout-flow wp-block-group-is-layout-flow\">\n<p>D\u00aa Milagros G\u00f3mez-Al\u00f3s<\/p>\n\n\n\n<p class=\"has-text-color\" style=\"color:#a3a8ab\">Ingeniera T\u00e9cnica Industrial<br>Departamento de Ingenier\u00eda El\u00e9ctrica<br>Universidad de Sevilla<br>ORCID: <a href=\"https:\/\/orcid.org\/0000-0002-6271-6819\">0000-0002-6271-6819<\/a><\/p>\n<\/div><\/div>\n<\/div>\n<\/div>\n<\/div><\/div>\n<\/div>\n<\/div>\n\n\n\n<div class=\"wp-block-columns is-layout-flex wp-container-core-columns-is-layout-9d6595d7 wp-block-columns-is-layout-flex\">\n<div class=\"wp-block-column is-layout-flow wp-block-column-is-layout-flow\">\n<div class=\"wp-block-group is-style-twentytwentyone-border\"><div class=\"wp-block-group__inner-container is-layout-flow wp-block-group-is-layout-flow\">\n<div class=\"wp-block-columns is-layout-flex wp-container-core-columns-is-layout-9d6595d7 wp-block-columns-is-layout-flex\">\n<div class=\"wp-block-column is-vertically-aligned-center is-layout-flow wp-block-column-is-layout-flow\" style=\"flex-basis:33.33%\">\n<figure class=\"wp-block-image size-large is-resized is-style-rounded\"><img loading=\"lazy\" decoding=\"async\" width=\"640\" height=\"640\" src=\"https:\/\/grupo.us.es\/tep175\/wp-content\/uploads\/2021\/02\/PERFIL-GOG.jpg\" alt=\"\" class=\"wp-image-126\" style=\"width:170px;height:170px\" srcset=\"https:\/\/grupo.us.es\/tep175\/wp-content\/uploads\/2021\/02\/PERFIL-GOG.jpg 640w, https:\/\/grupo.us.es\/tep175\/wp-content\/uploads\/2021\/02\/PERFIL-GOG-300x300.jpg 300w, https:\/\/grupo.us.es\/tep175\/wp-content\/uploads\/2021\/02\/PERFIL-GOG-150x150.jpg 150w\" sizes=\"auto, (max-width: 640px) 100vw, 640px\" \/><\/figure>\n<\/div>\n\n\n\n<div class=\"wp-block-column is-layout-flow wp-block-column-is-layout-flow\" style=\"flex-basis:66.66%\">\n<div class=\"wp-block-group is-style-default\"><div class=\"wp-block-group__inner-container is-layout-flow wp-block-group-is-layout-flow\">\n<p>D. Guillermo Ortega-G\u00f3mez<\/p>\n\n\n\n<p class=\"has-text-color\" style=\"color:#a3a8ab\">Ingeniero T\u00e9cnico Industrial<br>Departamento de Ingenier\u00eda El\u00e9ctrica<br>Universidad de Sevilla<br>ORCID: <a href=\"https:\/\/orcid.org\/0000-0001-7140-6495\">0000-0001-7140-6495<\/a><\/p>\n<\/div><\/div>\n<\/div>\n<\/div>\n<\/div><\/div>\n<\/div>\n\n\n\n<div class=\"wp-block-column is-layout-flow wp-block-column-is-layout-flow\">\n<div class=\"wp-block-group is-style-twentytwentyone-border\"><div class=\"wp-block-group__inner-container is-layout-flow wp-block-group-is-layout-flow\">\n<div class=\"wp-block-columns is-layout-flex wp-container-core-columns-is-layout-9d6595d7 wp-block-columns-is-layout-flex\">\n<div class=\"wp-block-column is-vertically-aligned-center is-layout-flow wp-block-column-is-layout-flow\" style=\"flex-basis:33.33%\"><div class=\"wp-block-image is-style-rounded\">\n<figure class=\"aligncenter size-large is-resized\"><img loading=\"lazy\" decoding=\"async\" width=\"347\" height=\"494\" src=\"https:\/\/grupo.us.es\/tep175\/wp-content\/uploads\/2021\/02\/Foto_JLRI.jpg\" alt=\"\" class=\"wp-image-124\" style=\"width:147px;height:209px\" srcset=\"https:\/\/grupo.us.es\/tep175\/wp-content\/uploads\/2021\/02\/Foto_JLRI.jpg 347w, https:\/\/grupo.us.es\/tep175\/wp-content\/uploads\/2021\/02\/Foto_JLRI-211x300.jpg 211w\" sizes=\"auto, (max-width: 347px) 100vw, 347px\" \/><\/figure>\n<\/div><\/div>\n\n\n\n<div class=\"wp-block-column is-layout-flow wp-block-column-is-layout-flow\" style=\"flex-basis:66.66%\">\n<div class=\"wp-block-group is-style-default\"><div class=\"wp-block-group__inner-container is-layout-flow wp-block-group-is-layout-flow\">\n<p>D. Jorge Luis Ramirez Izaga<\/p>\n\n\n\n<p class=\"has-text-color\" style=\"color:#a3a8ab\">Ingeniero Industrial<br>Departamento de Ingenier\u00eda El\u00e9ctrica<br>Universidad de Sevilla<br>ORCID: <a href=\"https:\/\/orcid.org\/0000-0001-9472-1519\">0000-0001-9472-1519<\/a><\/p>\n<\/div><\/div>\n<\/div>\n<\/div>\n<\/div><\/div>\n<\/div>\n<\/div>\n\n\n\n<div class=\"wp-block-columns is-layout-flex wp-container-core-columns-is-layout-9d6595d7 wp-block-columns-is-layout-flex\">\n<div class=\"wp-block-column is-layout-flow wp-block-column-is-layout-flow\">\n<div class=\"wp-block-columns is-layout-flex wp-container-core-columns-is-layout-9d6595d7 wp-block-columns-is-layout-flex\">\n<div class=\"wp-block-column is-layout-flow wp-block-column-is-layout-flow\" style=\"flex-basis:100%\">\n<div class=\"wp-block-group is-style-twentytwentyone-border\"><div class=\"wp-block-group__inner-container is-layout-flow wp-block-group-is-layout-flow\">\n<div class=\"wp-block-columns is-layout-flex wp-container-core-columns-is-layout-9d6595d7 wp-block-columns-is-layout-flex\">\n<div class=\"wp-block-column is-layout-flow wp-block-column-is-layout-flow\" style=\"flex-basis:33.33%\">\n<figure class=\"wp-block-image size-full is-style-rounded\"><img loading=\"lazy\" decoding=\"async\" width=\"800\" height=\"800\" src=\"https:\/\/grupo.us.es\/tep175\/wp-content\/uploads\/2024\/03\/1563132702188.jpeg\" alt=\"\" class=\"wp-image-131\" srcset=\"https:\/\/grupo.us.es\/tep175\/wp-content\/uploads\/2024\/03\/1563132702188.jpeg 800w, https:\/\/grupo.us.es\/tep175\/wp-content\/uploads\/2024\/03\/1563132702188-300x300.jpeg 300w, https:\/\/grupo.us.es\/tep175\/wp-content\/uploads\/2024\/03\/1563132702188-150x150.jpeg 150w, https:\/\/grupo.us.es\/tep175\/wp-content\/uploads\/2024\/03\/1563132702188-768x768.jpeg 768w\" sizes=\"auto, (max-width: 800px) 100vw, 800px\" \/><\/figure>\n<\/div>\n\n\n\n<div class=\"wp-block-column is-layout-flow wp-block-column-is-layout-flow\" style=\"flex-basis:66.66%\">\n<div class=\"wp-block-group is-style-default\"><div class=\"wp-block-group__inner-container is-layout-flow wp-block-group-is-layout-flow\">\n<p>D. Francisco Javier Torres Garc\u00eda<\/p>\n\n\n\n<p class=\"has-text-color\" style=\"color:#a3a8ab\">Ingeniero en Electricidad y Electr\u00f3nica Industrial<br>QuEST Global<br>Sevilla<\/p>\n<\/div><\/div>\n<\/div>\n<\/div>\n<\/div><\/div>\n<\/div>\n<\/div>\n<\/div>\n\n\n\n<div class=\"wp-block-column is-layout-flow wp-block-column-is-layout-flow\">\n<div class=\"wp-block-columns is-layout-flex wp-container-core-columns-is-layout-9d6595d7 wp-block-columns-is-layout-flex\">\n<div class=\"wp-block-column is-layout-flow wp-block-column-is-layout-flow\" style=\"flex-basis:100%\"><\/div>\n<\/div>\n<\/div>\n<\/div>\n\n\n\n<div class=\"wp-block-columns is-layout-flex wp-container-core-columns-is-layout-9d6595d7 wp-block-columns-is-layout-flex\">\n<div class=\"wp-block-column is-layout-flow wp-block-column-is-layout-flow\"><\/div>\n\n\n\n<div class=\"wp-block-column is-layout-flow wp-block-column-is-layout-flow\"><\/div>\n<\/div>\n\n\n\n<p><\/p>\n<\/div>\n<\/div>\n\n\n\n<div style=\"height:32px\" aria-hidden=\"true\" class=\"wp-block-spacer\"><\/div>\n\n\n\n<div class=\"wp-block-columns alignwide are-vertically-aligned-center is-style-default is-layout-flex wp-container-core-columns-is-layout-9d6595d7 wp-block-columns-is-layout-flex\">\n<div class=\"wp-block-column is-layout-flow wp-block-column-is-layout-flow\"><\/div>\n<\/div>\n\n\n\n<div style=\"height:50px\" aria-hidden=\"true\" class=\"wp-block-spacer\"><\/div>\n\n\n\n<p><\/p>\n","protected":false},"excerpt":{"rendered":"<p>Sobre nosotros El grupo&nbsp;TEP 175&nbsp;\u00abIngenier\u00eda El\u00e9ctrica\u00bb&nbsp;es un grupo de investigaci\u00f3n del PAIDI (Plan Andaluz de Investigaci\u00f3n, Desarrollo e Innovaci\u00f3n), adscrito a la Universidad de Sevilla y establecido en la Escuela Polit\u00e9cnica Superior. Agrupa a profesores e investigadores del&nbsp;Departamento de Ingenier\u00eda El\u00e9ctrica&nbsp;y desarrolla sus principales l\u00edneas de investigaci\u00f3n en calidad de la se\u00f1al el\u00e9ctrica, teor\u00eda de&hellip; <a class=\"more-link\" href=\"https:\/\/grupo.us.es\/tep175\/\">Seguir leyendo <span class=\"screen-reader-text\">Inicio<\/span><\/a><\/p>\n","protected":false},"author":1,"featured_media":0,"parent":0,"menu_order":0,"comment_status":"closed","ping_status":"closed","template":"","meta":{"footnotes":""},"class_list":["post-5","page","type-page","status-publish","hentry","entry"],"_links":{"self":[{"href":"https:\/\/grupo.us.es\/tep175\/wp-json\/wp\/v2\/pages\/5","targetHints":{"allow":["GET"]}}],"collection":[{"href":"https:\/\/grupo.us.es\/tep175\/wp-json\/wp\/v2\/pages"}],"about":[{"href":"https:\/\/grupo.us.es\/tep175\/wp-json\/wp\/v2\/types\/page"}],"author":[{"embeddable":true,"href":"https:\/\/grupo.us.es\/tep175\/wp-json\/wp\/v2\/users\/1"}],"replies":[{"embeddable":true,"href":"https:\/\/grupo.us.es\/tep175\/wp-json\/wp\/v2\/comments?post=5"}],"version-history":[{"count":52,"href":"https:\/\/grupo.us.es\/tep175\/wp-json\/wp\/v2\/pages\/5\/revisions"}],"predecessor-version":[{"id":132,"href":"https:\/\/grupo.us.es\/tep175\/wp-json\/wp\/v2\/pages\/5\/revisions\/132"}],"wp:attachment":[{"href":"https:\/\/grupo.us.es\/tep175\/wp-json\/wp\/v2\/media?parent=5"}],"curies":[{"name":"wp","href":"https:\/\/api.w.org\/{rel}","templated":true}]}}