{"id":31,"date":"2025-02-05T21:07:30","date_gmt":"2025-02-05T20:07:30","guid":{"rendered":"https:\/\/grupo.us.es\/sociolingand\/?page_id=31"},"modified":"2026-03-10T16:37:40","modified_gmt":"2026-03-10T15:37:40","slug":"descripcion-del-grupo","status":"publish","type":"page","link":"https:\/\/grupo.us.es\/sociolingand\/descripcion-del-grupo\/","title":{"rendered":"Descripci\u00f3n del grupo"},"content":{"rendered":"<div id=\"pl-31\"  class=\"panel-layout\" ><div id=\"pg-31-0\"  class=\"panel-grid panel-no-style\" ><div id=\"pgc-31-0-0\"  class=\"panel-grid-cell\" ><div id=\"panel-31-0-0-0\" class=\"so-panel widget widget_sow-editor panel-first-child panel-last-child\" data-index=\"0\" ><div\n\t\t\t\n\t\t\tclass=\"so-widget-sow-editor so-widget-sow-editor-base\"\n\t\t\t\n\t\t>\n<div class=\"siteorigin-widget-tinymce textwidget\">\n\t<p><span style=\"color: #000000;\">La descripci\u00f3n del habla de la ciudad de Sevilla, teniendo en cuenta los procesos de variaci\u00f3n ling\u00fc\u00edstica y la influencia que ejercen sobre ellos los rasgos sociales de los hablantes, tuvo como punto de partida la creaci\u00f3n en 1972 del grupo de investigaci\u00f3n\u00a0S<em>ociolingu\u0308\u00edstica andaluza: estudio sociolingu\u0308\u00edstico del habla de Sevilla<\/em>\u00a0(HUM 141), bajo la direcci\u00f3n de Vidal Lam\u00edquiz. Para acometer los objetivos de esta prometedora empresa era fundamental contar con muestras orales producidas por los sevillanos. Dicha labor se llev\u00f3 a cabo entre las d\u00e9cadas de los a\u00f1os setenta y ochenta de la centuria pasada y culmin\u00f3 con su publicaci\u00f3n en tres vol\u00famenes de la colecci\u00f3n\u00a0<em>Socioling\u00fc\u00edstica Andaluza<\/em>. Estos conten\u00edan la transcripci\u00f3n de encuestas semidirigidas realizadas a informantes, nacidos y residentes en la capital hispalense, que fueron distribuidos seg\u00fan tres factores externos: sexo (n\u00famero equilibrado de hombres y mujeres), edad (primera, segunda y tercera generaci\u00f3n) y nivel educativo (alto, medio y bajo). Dichas muestras de habla sirvieron para la realizaci\u00f3n de numerosas investigaciones que se canalizaron a trav\u00e9s de la defensa de tesis doctorales, de la intervenci\u00f3n en foros cient\u00edficos de los miembros del equipo y de publicaciones de car\u00e1cter nacional e internacional.<\/span><\/p>\n<p><span style=\"color: #000000;\">Durante la d\u00e9cada de los a\u00f1os setenta, el grupo de investigaci\u00f3n se sum\u00f3 a la iniciativa que hab\u00eda emprendido Juan M. Lope Blanch unos a\u00f1os atr\u00e1s: el\u00a0<em>Estudio de la norma culta hisp\u00e1nica<\/em>. Con ello, Sevilla contribu\u00eda a la ingente tarea de describir los usos ling\u00fc\u00edsticos de los hispanohablantes del sociolecto alto procedentes de ciudades de referencia a uno y otro lado del Atl\u00e1ntico. A partir de estos materiales, en la capital hispalense se han realizado investigaciones de diversa naturaleza, que pueden repartirse entre estudios particulares sobre la norma culta sevillana y estudios comparativos entre varias \u00e1reas hisp\u00e1nicas.<\/span><\/p>\n<p><span style=\"color: #000000;\">Lo dicho hasta el momento constituye lo que podr\u00eda englobarse dentro de la primera etapa del grupo de investigaci\u00f3n\u00a0<em>Socioling\u00fc\u00edstica andaluza<\/em>, liderada en un primer momento por Vidal Lam\u00edquiz y posteriormente por Pedro Carbonero. A partir de 2013 el grupo se adentra en un segundo periodo, bajo la direcci\u00f3n de Juana Santana. En esta nueva etapa pueden diferenciarse tres grandes retos. En primer lugar, con la incorporaci\u00f3n al\u00a0<em>Proyecto para el estudio socioling\u00fc\u00edstico del espa\u00f1ol de Espa\u00f1a y de Am\u00e9rica<\/em>\u00a0(PRESEEA), nos planteamos realizar una descripci\u00f3n actualizada de los h\u00e1bitos ling\u00fc\u00edsticos de la ciudad hispalense, continuando la perspectiva de la variaci\u00f3n diastr\u00e1tica. Para ello era necesario recopilar muestras de oralidad m\u00e1s recientes, labor que culmin\u00f3 con la publicaci\u00f3n en 2019 de tres vol\u00famenes distribuidos en sociolecto alto, medio y bajo. Dichos materiales han sido la base para el estudio de diversas variables ling\u00fc\u00edsticas priorizadas en todos los equipos PRESEEA y para el an\u00e1lisis de fen\u00f3menos particulares del habla de Sevilla. En segundo lugar, desde 2015 formamos parte del\u00a0<em>Proyecto para el estudio de creencias y actitudes hacia las variedades del espa\u00f1ol en el siglo XXI<\/em>\u00a0(PRECAVES XXI). Con \u00e9l pretendemos dar respuesta a interrogantes del tipo: cu\u00e1l es el modelo idiom\u00e1tico de prestigio que manejan los sevillanos, qu\u00e9 grado de identificaci\u00f3n hacen de las ocho variedades cultas del espa\u00f1ol, incluyendo la propia, qu\u00e9 valoraci\u00f3n directa e indirecta hacen de ellas y en qu\u00e9 medida los rasgos sociales de los participantes en el estudio influyeron en sus opiniones.\u00a0Hasta el momento se ha culminado una primera fase y en la actualidad estamos inmersos en una segunda etapa, en la que se parte de una muestra poblacional amplia distribuida seg\u00fan los criterios de estratificaci\u00f3n social de PRESEEA.\u00a0En tercer lugar, el grupo\u00a0<em>Socioling\u00fc\u00edstica andaluza<\/em>\u00a0se enfrenta al reto de conocer en qu\u00e9 medida se han producido en los \u00faltimos a\u00f1os y se est\u00e1n produciendo en la actualidad procesos de interferencia entre los h\u00e1bitos ling\u00fc\u00edsticos de la ciudad y los de comunidades de inmigrantes residentes en la zona, preferentemente hispanohablantes (peruanos, ecuatorianos y colombianos, entre otros). Esta labor, que se encuentra en su fase inicial, est\u00e1 emparentada con el proyecto INMIGRA y contempla la recogida y la publicaci\u00f3n de materiales de habla, para su posterior descripci\u00f3n. A los tres bloques de objetivos se\u00f1alados habr\u00eda que sumar la continuaci\u00f3n en la actualidad de los trabajos de la norma culta sevillana, en conexi\u00f3n con el macroproyecto de estudio de la norma culta hisp\u00e1nica, y los an\u00e1lisis que estamos desarrollando desde una perspectiva longitudinal o en tiempo real, comparando los materiales del habla de la ciudad hispalense de los dos periodos cronol\u00f3gicos se\u00f1alados: finales del siglo XX y comienzos del siglo XXI.<\/span><\/p>\n<p><span style=\"color: #000000;\">Las iniciativas que conforman el segundo periodo del grupo de investigaci\u00f3n\u00a0<em>Socioling\u00fc\u00edstica andaluza<\/em>,\u00a0en el que nos encontramos actualmente, han recibido el reconocimiento institucional y el respaldo econ\u00f3mico de los gobiernos nacional y auton\u00f3mico. Concretamente, tras la finalizaci\u00f3n del proyecto\u00a0<em>Patrones socioling\u00fc\u00edsticos del espa\u00f1ol de Sevilla<\/em>\u00a0(PASOS-SE) (proyecto I+D+I, convocatoria 2015, Ref. FFI2015-68171-C5-3-P, financiado por el Ministerio de Econom\u00eda y Competitividad del Gobierno de Espa\u00f1a y por el Fondo Europeo de Desarrollo Regional), canalizamos nuestras tareas investigadoras a trav\u00e9s del proyecto\u00a0<em>Agenda 2050. El espa\u00f1ol de Sevilla y Las Palmas de Gran Canaria: procesos de variaci\u00f3n y cambio espaciales y sociales<\/em>\u00a0(VARES-AGENDA50) (proyecto I+D+I, convocatoria 2019, Ref. PID2019-104982GB-C54, financiado por el Ministerio de Ciencia, Innovaci\u00f3n y Universidades y por la Agencia Estatal de Investigaci\u00f3n) y, en la actualidad, estamos trabajando en el marco del proyecto <em>Estudio de los condicionantes sociales del espa\u00f1ol actual en Las Palmas de Gran Canaria y Sevilla. Nuevas identidades, nuevos retos, nuevas soluciones<\/em> (proyecto I+D+I, convocatoria 2023, Ref. PID2023-148371NB-C44, financiado por el Ministerio de Ciencia, Innovaci\u00f3n y Universidades y por la Agencia Estatal de Investigaci\u00f3n). A ello hay que sumar la inclusi\u00f3n del grupo de trabajo en el Sistema Andaluz de Investigaci\u00f3n, con las correspondientes ayudas econ\u00f3micas ofrecidas por la Junta de Andaluc\u00eda (2017, 2019 y 2021).<\/span><\/p>\n<p><span style=\"color: #000000;\">Si bien son muchos los logros conseguidos hasta el momento, quedan todav\u00eda otros tantos por alcanzar hasta culminar la descripci\u00f3n socioling\u00fc\u00edstica del habla de la capital hispalense. Esta es la tarea que los miembros del grupo de investigaci\u00f3n\u00a0<em>Socioling\u00fc\u00edstica andaluza: estudio socioling\u00fc\u00edstico del habla de Sevilla<\/em>\u00a0han venido desarrollando desde hace ya varias d\u00e9cadas y en la que continuamos trabajando de forma conjunta, combinando de forma equilibrada rigor cient\u00edfico e ilusi\u00f3n.\u00a0<\/span><\/p>\n<p class=\"zfr3Q CDt4Ke \" dir=\"ltr\" style=\"text-align: right;\"><span style=\"color: #000000;\"><span class=\"C9DxTc \">Juana Santana Marrero<br \/>\n<\/span><span class=\"C9DxTc \">Directora del Grupo de Investigaci\u00f3n Socioling\u00fc\u00edstica Andaluza<br \/>\n<\/span><\/span><span class=\"C9DxTc \" style=\"color: #000000;\">Estudio socioling\u00fc\u00edstico del habla de Sevilla<\/span><\/p>\n<h2 id=\"h.o3k22dbi7m6c_l\" class=\"zfr3Q JYVBee CDt4Ke \" dir=\"ltr\"><strong><span class=\"C9DxTc \" style=\"color: #008080;\">L\u00edneas de investigaci\u00f3n<\/span><\/strong><\/h2>\n<ul>\n<li class=\"zfr3Q CDt4Ke \" dir=\"ltr\" role=\"presentation\"><span style=\"color: #000000;\"><span class=\"C9DxTc \">Estudio del Habla de la ciudad de Sevilla en su dimensi\u00f3n socioling\u00fc\u00edstica: relaci\u00f3n de los usos ling\u00fc\u00edsticos con los rasgos sociales de los hablantes (nivel educativo, edad y sexo).<\/span><\/span><\/li>\n<li class=\"zfr3Q CDt4Ke \" dir=\"ltr\" role=\"presentation\"><span style=\"color: #000000;\"><span class=\"C9DxTc \">Contraste de los resultados de Sevilla con otras \u00e1reas de Andaluc\u00eda y con otras variedades del espa\u00f1ol.<\/span><\/span><\/li>\n<li class=\"zfr3Q CDt4Ke \" dir=\"ltr\" role=\"presentation\"><span style=\"color: #000000;\"><span class=\"C9DxTc \">Proyecci\u00f3n de los resultados obtenidos en la ciudad hispalense en dos \u00e1mbitos de especial relevancia: los medios de comunicaci\u00f3n y la educaci\u00f3n en Andaluc\u00eda.<\/span><\/span><\/li>\n<li class=\"zfr3Q CDt4Ke \" dir=\"ltr\" role=\"presentation\"><span style=\"color: #000000;\"><span class=\"C9DxTc \">Estudio del habla y de las actitudes ling\u00fc\u00edsticas de las diferentes comunidades inmigrantes residentes en la ciudad de Sevilla.<\/span><\/span><\/li>\n<li class=\"zfr3Q CDt4Ke \" dir=\"ltr\" role=\"presentation\"><span style=\"color: #000000;\"><span class=\"C9DxTc \">Estudio de las actitudes y creencias de diversos sectores de la poblaci\u00f3n sevillana hacia su variedad y otras variedades de habla hispana.<\/span><\/span><\/li>\n<\/ul>\n<\/div>\n<\/div><\/div><\/div><\/div><\/div>","protected":false},"excerpt":{"rendered":"<p>La descripci\u00f3n del habla de la ciudad de Sevilla, teniendo en cuenta los procesos de variaci\u00f3n ling\u00fc\u00edstica y la influencia que ejercen sobre ellos los rasgos sociales de los hablantes, tuvo como punto de partida la creaci\u00f3n en 1972 del grupo de investigaci\u00f3n\u00a0Sociolingu\u0308\u00edstica andaluza: estudio sociolingu\u0308\u00edstico del habla de Sevilla\u00a0(HUM 141), bajo la direcci\u00f3n de [&hellip;]<\/p>\n","protected":false},"author":1,"featured_media":0,"parent":0,"menu_order":0,"comment_status":"closed","ping_status":"closed","template":"","meta":{"footnotes":""},"class_list":["post-31","page","type-page","status-publish","hentry","post"],"_links":{"self":[{"href":"https:\/\/grupo.us.es\/sociolingand\/wp-json\/wp\/v2\/pages\/31","targetHints":{"allow":["GET"]}}],"collection":[{"href":"https:\/\/grupo.us.es\/sociolingand\/wp-json\/wp\/v2\/pages"}],"about":[{"href":"https:\/\/grupo.us.es\/sociolingand\/wp-json\/wp\/v2\/types\/page"}],"author":[{"embeddable":true,"href":"https:\/\/grupo.us.es\/sociolingand\/wp-json\/wp\/v2\/users\/1"}],"replies":[{"embeddable":true,"href":"https:\/\/grupo.us.es\/sociolingand\/wp-json\/wp\/v2\/comments?post=31"}],"version-history":[{"count":7,"href":"https:\/\/grupo.us.es\/sociolingand\/wp-json\/wp\/v2\/pages\/31\/revisions"}],"predecessor-version":[{"id":484,"href":"https:\/\/grupo.us.es\/sociolingand\/wp-json\/wp\/v2\/pages\/31\/revisions\/484"}],"wp:attachment":[{"href":"https:\/\/grupo.us.es\/sociolingand\/wp-json\/wp\/v2\/media?parent=31"}],"curies":[{"name":"wp","href":"https:\/\/api.w.org\/{rel}","templated":true}]}}