{"id":138,"date":"2025-02-06T10:23:45","date_gmt":"2025-02-06T09:23:45","guid":{"rendered":"https:\/\/grupo.us.es\/sociolingand\/?page_id=138"},"modified":"2025-02-07T19:36:21","modified_gmt":"2025-02-07T18:36:21","slug":"preseea-sevilla","status":"publish","type":"page","link":"https:\/\/grupo.us.es\/sociolingand\/preseea-sevilla\/","title":{"rendered":"PRESEEA-Sevilla"},"content":{"rendered":"<div id=\"pl-138\"  class=\"panel-layout\" ><div id=\"pg-138-0\"  class=\"panel-grid panel-no-style\" ><div id=\"pgc-138-0-0\"  class=\"panel-grid-cell\" ><div id=\"panel-138-0-0-0\" class=\"so-panel widget widget_sow-editor panel-first-child panel-last-child\" data-index=\"0\" ><div\n\t\t\t\n\t\t\tclass=\"so-widget-sow-editor so-widget-sow-editor-base\"\n\t\t\t\n\t\t>\n<div class=\"siteorigin-widget-tinymce textwidget\">\n\t<p class=\"zfr3Q CDt4Ke \" dir=\"ltr\"><span class=\"C9DxTc \">El<\/span><span class=\"C9DxTc \">\u00a0corpus PRESEEA-Sevilla\u00a0<\/span><span class=\"C9DxTc \">forma parte del\u00a0<\/span><span class=\"C9DxTc \">Proyecto para el Estudio Socioling\u00fc\u00edstico del Espa\u00f1ol de Espa\u00f1a y de Am\u00e9rica (PRESEEA)<\/span><span class=\"C9DxTc \">\u00a0(<\/span><a class=\"XqQF9c\" href=\"https:\/\/preseea.uah.es\/\" target=\"_blank\" rel=\"noopener\"><span class=\"C9DxTc aw5Odc \">https:\/\/preseea.uah.es\/<\/span><\/a><span class=\"C9DxTc \">) y se compone de 72 encuestas de hablantes sevillanos, recogidas entre 2009 y 2018, siguiendo la metodolog\u00eda pautada para el proyecto PRESEEA, esto es, mediante un guion previo de preguntas organizadas alrededor de unos m\u00f3dulos tem\u00e1ticos (formas de tratamiento, el tiempo, el barrio, la familia, viajes, aficiones, aspectos de la vida laboral o familiar del encuestado, etc.). En la distribuci\u00f3n de los informantes se han\u00a0 considerado tres criterios sociales:<\/span><\/p>\n<ul class=\"n8H08c UVNKR \">\n<li class=\"zfr3Q TYR86d eD0Rn \" dir=\"ltr\">\n<p class=\"zfr3Q CDt4Ke \" dir=\"ltr\" role=\"presentation\"><span class=\"C9DxTc \">Sexo<\/span><span class=\"C9DxTc \">:\u00a0<\/span><span class=\"C9DxTc \">36 hombres y 36 mujeres<\/span><span class=\"C9DxTc \">.<\/span><\/p>\n<\/li>\n<li class=\"zfr3Q TYR86d eD0Rn \" dir=\"ltr\">\n<p class=\"zfr3Q CDt4Ke \" dir=\"ltr\" role=\"presentation\"><span class=\"C9DxTc \">Edad<\/span><span class=\"C9DxTc \">\u00a0: primera generaci\u00f3n de los j\u00f3venes<\/span><span class=\"C9DxTc \">, de 20 a 34 a\u00f1os; la segunda, de las personas adultas o de mediana edad, de 35 a 54 a\u00f1os; y<\/span><span class=\"C9DxTc \">\u00a0<\/span><span class=\"C9DxTc \">\u00a0la tercera, los mayores, de 55 a\u00f1os en adelante<\/span><span class=\"C9DxTc \">.<\/span><\/p>\n<\/li>\n<li class=\"zfr3Q TYR86d eD0Rn \" dir=\"ltr\">\n<p class=\"zfr3Q CDt4Ke \" dir=\"ltr\" role=\"presentation\"><span class=\"C9DxTc \">Grado de instrucci\u00f3n<\/span><span class=\"C9DxTc \">:\u00a0<\/span><span class=\"C9DxTc \">el grado de instrucci\u00f3n 1 incluye a los hablantes con nivel de estudios bajo, esto es, sin estudios, con estudios primarios o con graduado escolar (excepcionalmente hay alg\u00fan informante que tiene unos meses m\u00e1s de instrucci\u00f3n). El grupo 2 se atribuye al conjunto de personas con un nivel de estudios medio, es decir, se trata de los hablantes que tienen bachillerato o formaci\u00f3n profesional. Asimismo, se ha incluido a los que tienen un m\u00ednimo inicio de estudios superiores (licenciatura o grado). El grupo 3 corresponde a los informantes con estudios universitarios finalizados, m\u00e1ster y\/o doctorado.\u00a0<\/span><\/p>\n<\/li>\n<\/ul>\n<\/div>\n<\/div><\/div><\/div><\/div><div id=\"pg-138-1\"  class=\"panel-grid panel-no-style\" ><div id=\"pgc-138-1-0\"  class=\"panel-grid-cell\" ><div id=\"panel-138-1-0-0\" class=\"so-panel widget widget_sow-image panel-first-child panel-last-child\" data-index=\"1\" ><div class=\"panel-widget-style panel-widget-style-for-138-1-0-0\" ><div\n\t\t\t\n\t\t\tclass=\"so-widget-sow-image so-widget-sow-image-default-dbf295114b96-138\"\n\t\t\t\n\t\t>\n<div class=\"sow-image-container\">\n\t\t<img loading=\"lazy\" decoding=\"async\" src=\"https:\/\/grupo.us.es\/sociolingand\/wp-content\/uploads\/2025\/02\/tienda_gem-imagenes.jpg\" width=\"387\" height=\"530\" srcset=\"https:\/\/grupo.us.es\/sociolingand\/wp-content\/uploads\/2025\/02\/tienda_gem-imagenes.jpg 387w, https:\/\/grupo.us.es\/sociolingand\/wp-content\/uploads\/2025\/02\/tienda_gem-imagenes-219x300.jpg 219w\" sizes=\"auto, (max-width: 387px) 100vw, 387px\" alt=\"\" \t\tclass=\"so-widget-image\"\/>\n\t<\/div>\n\n<\/div><\/div><\/div><\/div><div id=\"pgc-138-1-1\"  class=\"panel-grid-cell\" ><div id=\"panel-138-1-1-0\" class=\"so-panel widget widget_sow-editor panel-first-child panel-last-child\" data-index=\"2\" ><div class=\"celeste panel-widget-style panel-widget-style-for-138-1-1-0\" ><div\n\t\t\t\n\t\t\tclass=\"so-widget-sow-editor so-widget-sow-editor-base\"\n\t\t\t\n\t\t>\n<div class=\"siteorigin-widget-tinymce textwidget\">\n\t<!--[if lt IE 9]><script>document.createElement('audio');<\/script><![endif]-->\n<audio class=\"wp-audio-shortcode\" id=\"audio-138-1\" preload=\"none\" style=\"width: 100%;\" controls=\"controls\"><source type=\"audio\/mpeg\" src=\"http:\/\/grupo.us.es\/sociolingand\/wp-content\/uploads\/2025\/02\/SEVI_H13_052-1.mp3?_=1\" \/><a href=\"http:\/\/grupo.us.es\/sociolingand\/wp-content\/uploads\/2025\/02\/SEVI_H13_052-1.mp3\">http:\/\/grupo.us.es\/sociolingand\/wp-content\/uploads\/2025\/02\/SEVI_H13_052-1.mp3<\/a><\/audio>\n<p style=\"text-align: center;\">Hombre, 29 a\u00f1os<\/p>\n<audio class=\"wp-audio-shortcode\" id=\"audio-138-2\" preload=\"none\" style=\"width: 100%;\" controls=\"controls\"><source type=\"audio\/mpeg\" src=\"http:\/\/grupo.us.es\/sociolingand\/wp-content\/uploads\/2025\/02\/SEVI_H23_055.mp3?_=2\" \/><a href=\"http:\/\/grupo.us.es\/sociolingand\/wp-content\/uploads\/2025\/02\/SEVI_H23_055.mp3\">http:\/\/grupo.us.es\/sociolingand\/wp-content\/uploads\/2025\/02\/SEVI_H23_055.mp3<\/a><\/audio>\n<p style=\"text-align: center;\">Hombre, 49 a\u00f1os<\/p>\n<audio class=\"wp-audio-shortcode\" id=\"audio-138-3\" preload=\"none\" style=\"width: 100%;\" controls=\"controls\"><source type=\"audio\/mpeg\" src=\"http:\/\/grupo.us.es\/sociolingand\/wp-content\/uploads\/2025\/02\/SEVI_H33_059.mp3?_=3\" \/><a href=\"http:\/\/grupo.us.es\/sociolingand\/wp-content\/uploads\/2025\/02\/SEVI_H33_059.mp3\">http:\/\/grupo.us.es\/sociolingand\/wp-content\/uploads\/2025\/02\/SEVI_H33_059.mp3<\/a><\/audio>\n<p style=\"text-align: center;\">Hombre, 62 a\u00f1os<\/p>\n<\/div>\n<\/div><\/div><\/div><\/div><div id=\"pgc-138-1-2\"  class=\"panel-grid-cell\" ><div id=\"panel-138-1-2-0\" class=\"so-panel widget widget_sow-editor panel-first-child panel-last-child\" data-index=\"3\" ><div class=\"verde panel-widget-style panel-widget-style-for-138-1-2-0\" ><div\n\t\t\t\n\t\t\tclass=\"so-widget-sow-editor so-widget-sow-editor-base\"\n\t\t\t\n\t\t>\n<div class=\"siteorigin-widget-tinymce textwidget\">\n\t<audio class=\"wp-audio-shortcode\" id=\"audio-138-4\" preload=\"none\" style=\"width: 100%;\" controls=\"controls\"><source type=\"audio\/mpeg\" src=\"http:\/\/grupo.us.es\/sociolingand\/wp-content\/uploads\/2025\/02\/SEVI_M13_064-1.mp3?_=4\" \/><a href=\"http:\/\/grupo.us.es\/sociolingand\/wp-content\/uploads\/2025\/02\/SEVI_M13_064-1.mp3\">http:\/\/grupo.us.es\/sociolingand\/wp-content\/uploads\/2025\/02\/SEVI_M13_064-1.mp3<\/a><\/audio>\n<p style=\"text-align: center;\">Mujer,\u00a0 26 a\u00f1os<\/p>\n<audio class=\"wp-audio-shortcode\" id=\"audio-138-5\" preload=\"none\" style=\"width: 100%;\" controls=\"controls\"><source type=\"audio\/mpeg\" src=\"http:\/\/grupo.us.es\/sociolingand\/wp-content\/uploads\/2025\/02\/SEVI_M23_065.mp3?_=5\" \/><a href=\"http:\/\/grupo.us.es\/sociolingand\/wp-content\/uploads\/2025\/02\/SEVI_M23_065.mp3\">http:\/\/grupo.us.es\/sociolingand\/wp-content\/uploads\/2025\/02\/SEVI_M23_065.mp3<\/a><\/audio>\n<p style=\"text-align: center;\">Mujer, 37 a\u00f1os<\/p>\n<audio class=\"wp-audio-shortcode\" id=\"audio-138-6\" preload=\"none\" style=\"width: 100%;\" controls=\"controls\"><source type=\"audio\/mpeg\" src=\"http:\/\/grupo.us.es\/sociolingand\/wp-content\/uploads\/2025\/02\/SEVI_M33_071.mp3?_=6\" \/><a href=\"http:\/\/grupo.us.es\/sociolingand\/wp-content\/uploads\/2025\/02\/SEVI_M33_071.mp3\">http:\/\/grupo.us.es\/sociolingand\/wp-content\/uploads\/2025\/02\/SEVI_M33_071.mp3<\/a><\/audio>\n<p style=\"text-align: center;\">Mujer,\u00a0 65 a\u00f1os<\/p>\n<\/div>\n<\/div><\/div><\/div><\/div><\/div><div id=\"pg-138-2\"  class=\"panel-grid panel-no-style\" ><div id=\"pgc-138-2-0\"  class=\"panel-grid-cell\" ><div id=\"panel-138-2-0-0\" class=\"so-panel widget widget_text panel-first-child panel-last-child\" data-index=\"4\" >\t\t\t<div class=\"textwidget\"><hr \/>\n<\/div>\n\t\t<\/div><\/div><\/div><div id=\"pg-138-3\"  class=\"panel-grid panel-no-style\" ><div id=\"pgc-138-3-0\"  class=\"panel-grid-cell\" ><div id=\"panel-138-3-0-0\" class=\"so-panel widget widget_sow-image panel-first-child panel-last-child\" data-index=\"5\" ><div class=\"panel-widget-style panel-widget-style-for-138-3-0-0\" ><div\n\t\t\t\n\t\t\tclass=\"so-widget-sow-image so-widget-sow-image-default-dbf295114b96-138\"\n\t\t\t\n\t\t>\n<div class=\"sow-image-container\">\n\t\t<img loading=\"lazy\" decoding=\"async\" src=\"https:\/\/grupo.us.es\/sociolingand\/wp-content\/uploads\/2025\/02\/9788447221936-250x341-1.jpg\" width=\"250\" height=\"321\" srcset=\"https:\/\/grupo.us.es\/sociolingand\/wp-content\/uploads\/2025\/02\/9788447221936-250x341-1.jpg 250w, https:\/\/grupo.us.es\/sociolingand\/wp-content\/uploads\/2025\/02\/9788447221936-250x341-1-234x300.jpg 234w\" sizes=\"auto, (max-width: 250px) 100vw, 250px\" title=\"9788447221936-250&#215;341\" alt=\"\" \t\tclass=\"so-widget-image\"\/>\n\t<\/div>\n\n<\/div><\/div><\/div><\/div><div id=\"pgc-138-3-1\"  class=\"panel-grid-cell\" ><div id=\"panel-138-3-1-0\" class=\"so-panel widget widget_sow-editor panel-first-child panel-last-child\" data-index=\"6\" ><div class=\"celeste panel-widget-style panel-widget-style-for-138-3-1-0\" ><div\n\t\t\t\n\t\t\tclass=\"so-widget-sow-editor so-widget-sow-editor-base\"\n\t\t\t\n\t\t>\n<div class=\"siteorigin-widget-tinymce textwidget\">\n\t<audio class=\"wp-audio-shortcode\" id=\"audio-138-7\" preload=\"none\" style=\"width: 100%;\" controls=\"controls\"><source type=\"audio\/mpeg\" src=\"http:\/\/grupo.us.es\/sociolingand\/wp-content\/uploads\/2025\/02\/SEVI_H12_028.mp3?_=7\" \/><a href=\"http:\/\/grupo.us.es\/sociolingand\/wp-content\/uploads\/2025\/02\/SEVI_H12_028.mp3\">http:\/\/grupo.us.es\/sociolingand\/wp-content\/uploads\/2025\/02\/SEVI_H12_028.mp3<\/a><\/audio>\n<p style=\"text-align: center;\">Hombre, 27 a\u00f1os<\/p>\n<audio class=\"wp-audio-shortcode\" id=\"audio-138-8\" preload=\"none\" style=\"width: 100%;\" controls=\"controls\"><source type=\"audio\/mpeg\" src=\"http:\/\/grupo.us.es\/sociolingand\/wp-content\/uploads\/2025\/02\/SEVI_H22_032.mp3?_=8\" \/><a href=\"http:\/\/grupo.us.es\/sociolingand\/wp-content\/uploads\/2025\/02\/SEVI_H22_032.mp3\">http:\/\/grupo.us.es\/sociolingand\/wp-content\/uploads\/2025\/02\/SEVI_H22_032.mp3<\/a><\/audio>\n<p style=\"text-align: center;\">Hombre, 50 a\u00f1os<\/p>\n<audio class=\"wp-audio-shortcode\" id=\"audio-138-9\" preload=\"none\" style=\"width: 100%;\" controls=\"controls\"><source type=\"audio\/mpeg\" src=\"http:\/\/grupo.us.es\/sociolingand\/wp-content\/uploads\/2025\/02\/SEVI_H32_036.mp3?_=9\" \/><a href=\"http:\/\/grupo.us.es\/sociolingand\/wp-content\/uploads\/2025\/02\/SEVI_H32_036.mp3\">http:\/\/grupo.us.es\/sociolingand\/wp-content\/uploads\/2025\/02\/SEVI_H32_036.mp3<\/a><\/audio>\n<p style=\"text-align: center;\">Hombre, 69 a\u00f1os<\/p>\n<\/div>\n<\/div><\/div><\/div><\/div><div id=\"pgc-138-3-2\"  class=\"panel-grid-cell\" ><div id=\"panel-138-3-2-0\" class=\"so-panel widget widget_sow-editor panel-first-child panel-last-child\" data-index=\"7\" ><div class=\"verde panel-widget-style panel-widget-style-for-138-3-2-0\" ><div\n\t\t\t\n\t\t\tclass=\"so-widget-sow-editor so-widget-sow-editor-base\"\n\t\t\t\n\t\t>\n<div class=\"siteorigin-widget-tinymce textwidget\">\n\t<audio class=\"wp-audio-shortcode\" id=\"audio-138-10\" preload=\"none\" style=\"width: 100%;\" controls=\"controls\"><source type=\"audio\/mpeg\" src=\"https:\/\/grupo.us.es\/sociolingand\/wp-content\/uploads\/2025\/02\/SEVI_M12_040.mp3?_=10\" \/><a href=\"https:\/\/grupo.us.es\/sociolingand\/wp-content\/uploads\/2025\/02\/SEVI_M12_040.mp3\">https:\/\/grupo.us.es\/sociolingand\/wp-content\/uploads\/2025\/02\/SEVI_M12_040.mp3<\/a><\/audio>\n<p style=\"text-align: center;\">Mujer, 31 a\u00f1os<\/p>\n<audio class=\"wp-audio-shortcode\" id=\"audio-138-11\" preload=\"none\" style=\"width: 100%;\" controls=\"controls\"><source type=\"audio\/mpeg\" src=\"https:\/\/grupo.us.es\/sociolingand\/wp-content\/uploads\/2025\/02\/SEVI_M22_042.mp3?_=11\" \/><a href=\"https:\/\/grupo.us.es\/sociolingand\/wp-content\/uploads\/2025\/02\/SEVI_M22_042.mp3\">https:\/\/grupo.us.es\/sociolingand\/wp-content\/uploads\/2025\/02\/SEVI_M22_042.mp3<\/a><\/audio>\n<p style=\"text-align: center;\">Mujer, 48 a\u00f1os<\/p>\n<audio class=\"wp-audio-shortcode\" id=\"audio-138-12\" preload=\"none\" style=\"width: 100%;\" controls=\"controls\"><source type=\"audio\/mpeg\" src=\"https:\/\/grupo.us.es\/sociolingand\/wp-content\/uploads\/2025\/02\/SEVI_M32_046.mp3?_=12\" \/><a href=\"https:\/\/grupo.us.es\/sociolingand\/wp-content\/uploads\/2025\/02\/SEVI_M32_046.mp3\">https:\/\/grupo.us.es\/sociolingand\/wp-content\/uploads\/2025\/02\/SEVI_M32_046.mp3<\/a><\/audio>\n<p style=\"text-align: center;\">Mujer, 61 a\u00f1os<\/p>\n<\/div>\n<\/div><\/div><\/div><\/div><\/div><div id=\"pg-138-4\"  class=\"panel-grid panel-no-style\" ><div id=\"pgc-138-4-0\"  class=\"panel-grid-cell\" ><div id=\"panel-138-4-0-0\" class=\"so-panel widget widget_text panel-first-child panel-last-child\" data-index=\"8\" >\t\t\t<div class=\"textwidget\"><hr \/>\n<\/div>\n\t\t<\/div><\/div><\/div><div id=\"pg-138-5\"  class=\"panel-grid panel-no-style\" ><div id=\"pgc-138-5-0\"  class=\"panel-grid-cell\" ><div id=\"panel-138-5-0-0\" class=\"so-panel widget widget_sow-image panel-first-child panel-last-child\" data-index=\"9\" ><div class=\"panel-widget-style panel-widget-style-for-138-5-0-0\" ><div\n\t\t\t\n\t\t\tclass=\"so-widget-sow-image so-widget-sow-image-default-dbf295114b96-138\"\n\t\t\t\n\t\t>\n<div class=\"sow-image-container\">\n\t\t<img loading=\"lazy\" decoding=\"async\" src=\"https:\/\/grupo.us.es\/sociolingand\/wp-content\/uploads\/2025\/02\/tienda_gem-imagenes.png\" width=\"395\" height=\"529\" srcset=\"https:\/\/grupo.us.es\/sociolingand\/wp-content\/uploads\/2025\/02\/tienda_gem-imagenes.png 395w, https:\/\/grupo.us.es\/sociolingand\/wp-content\/uploads\/2025\/02\/tienda_gem-imagenes-224x300.png 224w\" sizes=\"auto, (max-width: 395px) 100vw, 395px\" alt=\"\" \t\tclass=\"so-widget-image\"\/>\n\t<\/div>\n\n<\/div><\/div><\/div><\/div><div id=\"pgc-138-5-1\"  class=\"panel-grid-cell\" ><div id=\"panel-138-5-1-0\" class=\"so-panel widget widget_sow-editor panel-first-child panel-last-child\" data-index=\"10\" ><div class=\"celeste panel-widget-style panel-widget-style-for-138-5-1-0\" ><div\n\t\t\t\n\t\t\tclass=\"so-widget-sow-editor so-widget-sow-editor-base\"\n\t\t\t\n\t\t>\n<div class=\"siteorigin-widget-tinymce textwidget\">\n\t<audio class=\"wp-audio-shortcode\" id=\"audio-138-13\" preload=\"none\" style=\"width: 100%;\" controls=\"controls\"><source type=\"audio\/mpeg\" src=\"http:\/\/grupo.us.es\/sociolingand\/wp-content\/uploads\/2025\/02\/SEVI_H11_002-1.mp3?_=13\" \/><a href=\"http:\/\/grupo.us.es\/sociolingand\/wp-content\/uploads\/2025\/02\/SEVI_H11_002-1.mp3\">http:\/\/grupo.us.es\/sociolingand\/wp-content\/uploads\/2025\/02\/SEVI_H11_002-1.mp3<\/a><\/audio>\n<p style=\"text-align: center;\">Hombre, 31 a\u00f1os<\/p>\n<audio class=\"wp-audio-shortcode\" id=\"audio-138-14\" preload=\"none\" style=\"width: 100%;\" controls=\"controls\"><source type=\"audio\/mpeg\" src=\"http:\/\/grupo.us.es\/sociolingand\/wp-content\/uploads\/2025\/02\/SEVI_H21_006.mp3?_=14\" \/><a href=\"http:\/\/grupo.us.es\/sociolingand\/wp-content\/uploads\/2025\/02\/SEVI_H21_006.mp3\">http:\/\/grupo.us.es\/sociolingand\/wp-content\/uploads\/2025\/02\/SEVI_H21_006.mp3<\/a><\/audio>\n<p style=\"text-align: center;\">Hombre, 53 a\u00f1os<\/p>\n<audio class=\"wp-audio-shortcode\" id=\"audio-138-15\" preload=\"none\" style=\"width: 100%;\" controls=\"controls\"><source type=\"audio\/mpeg\" src=\"http:\/\/grupo.us.es\/sociolingand\/wp-content\/uploads\/2025\/02\/SEVI_H31_009.mp3?_=15\" \/><a href=\"http:\/\/grupo.us.es\/sociolingand\/wp-content\/uploads\/2025\/02\/SEVI_H31_009.mp3\">http:\/\/grupo.us.es\/sociolingand\/wp-content\/uploads\/2025\/02\/SEVI_H31_009.mp3<\/a><\/audio>\n<p style=\"text-align: center;\">Hombre, 56 a\u00f1os<\/p>\n<\/div>\n<\/div><\/div><\/div><\/div><div id=\"pgc-138-5-2\"  class=\"panel-grid-cell\" ><div id=\"panel-138-5-2-0\" class=\"so-panel widget widget_sow-editor panel-first-child panel-last-child\" data-index=\"11\" ><div class=\"verde panel-widget-style panel-widget-style-for-138-5-2-0\" ><div\n\t\t\t\n\t\t\tclass=\"so-widget-sow-editor so-widget-sow-editor-base\"\n\t\t\t\n\t\t>\n<div class=\"siteorigin-widget-tinymce textwidget\">\n\t<audio class=\"wp-audio-shortcode\" id=\"audio-138-16\" preload=\"none\" style=\"width: 100%;\" controls=\"controls\"><source type=\"audio\/mpeg\" src=\"http:\/\/grupo.us.es\/sociolingand\/wp-content\/uploads\/2025\/02\/SEVI_M11_014.mp3?_=16\" \/><a href=\"http:\/\/grupo.us.es\/sociolingand\/wp-content\/uploads\/2025\/02\/SEVI_M11_014.mp3\">http:\/\/grupo.us.es\/sociolingand\/wp-content\/uploads\/2025\/02\/SEVI_M11_014.mp3<\/a><\/audio>\n<p style=\"text-align: center;\">Mujer, 29 a\u00f1os<\/p>\n<audio class=\"wp-audio-shortcode\" id=\"audio-138-17\" preload=\"none\" style=\"width: 100%;\" controls=\"controls\"><source type=\"audio\/mpeg\" src=\"http:\/\/grupo.us.es\/sociolingand\/wp-content\/uploads\/2025\/02\/SEVI_M21_018.mp3?_=17\" \/><a href=\"http:\/\/grupo.us.es\/sociolingand\/wp-content\/uploads\/2025\/02\/SEVI_M21_018.mp3\">http:\/\/grupo.us.es\/sociolingand\/wp-content\/uploads\/2025\/02\/SEVI_M21_018.mp3<\/a><\/audio>\n<p style=\"text-align: center;\">Mujer,\u00a0 49 a\u00f1os<\/p>\n<audio class=\"wp-audio-shortcode\" id=\"audio-138-18\" preload=\"none\" style=\"width: 100%;\" controls=\"controls\"><source type=\"audio\/mpeg\" src=\"http:\/\/grupo.us.es\/sociolingand\/wp-content\/uploads\/2025\/02\/SEVI_M31_021.mp3?_=18\" \/><a href=\"http:\/\/grupo.us.es\/sociolingand\/wp-content\/uploads\/2025\/02\/SEVI_M31_021.mp3\">http:\/\/grupo.us.es\/sociolingand\/wp-content\/uploads\/2025\/02\/SEVI_M31_021.mp3<\/a><\/audio>\n<p style=\"text-align: center;\">Mujer, 57 a\u00f1os<\/p>\n<\/div>\n<\/div><\/div><\/div><\/div><\/div><\/div>","protected":false},"excerpt":{"rendered":"<p>El\u00a0corpus PRESEEA-Sevilla\u00a0forma parte del\u00a0Proyecto para el Estudio Socioling\u00fc\u00edstico del Espa\u00f1ol de Espa\u00f1a y de Am\u00e9rica (PRESEEA)\u00a0(https:\/\/preseea.uah.es\/) y se compone de 72 encuestas de hablantes sevillanos, recogidas entre 2009 y 2018, siguiendo la metodolog\u00eda pautada para el proyecto PRESEEA, esto es, mediante un guion previo de preguntas organizadas alrededor de unos m\u00f3dulos tem\u00e1ticos (formas de tratamiento, [&hellip;]<\/p>\n","protected":false},"author":1,"featured_media":0,"parent":0,"menu_order":0,"comment_status":"closed","ping_status":"closed","template":"","meta":{"footnotes":""},"class_list":["post-138","page","type-page","status-publish","hentry","post"],"_links":{"self":[{"href":"https:\/\/grupo.us.es\/sociolingand\/wp-json\/wp\/v2\/pages\/138","targetHints":{"allow":["GET"]}}],"collection":[{"href":"https:\/\/grupo.us.es\/sociolingand\/wp-json\/wp\/v2\/pages"}],"about":[{"href":"https:\/\/grupo.us.es\/sociolingand\/wp-json\/wp\/v2\/types\/page"}],"author":[{"embeddable":true,"href":"https:\/\/grupo.us.es\/sociolingand\/wp-json\/wp\/v2\/users\/1"}],"replies":[{"embeddable":true,"href":"https:\/\/grupo.us.es\/sociolingand\/wp-json\/wp\/v2\/comments?post=138"}],"version-history":[{"count":16,"href":"https:\/\/grupo.us.es\/sociolingand\/wp-json\/wp\/v2\/pages\/138\/revisions"}],"predecessor-version":[{"id":292,"href":"https:\/\/grupo.us.es\/sociolingand\/wp-json\/wp\/v2\/pages\/138\/revisions\/292"}],"wp:attachment":[{"href":"https:\/\/grupo.us.es\/sociolingand\/wp-json\/wp\/v2\/media?parent=138"}],"curies":[{"name":"wp","href":"https:\/\/api.w.org\/{rel}","templated":true}]}}