{"id":82,"date":"2020-01-22T16:54:13","date_gmt":"2020-01-22T16:54:13","guid":{"rendered":"http:\/\/grupo.us.es\/smartd\/?page_id=82"},"modified":"2020-10-15T11:27:17","modified_gmt":"2020-10-15T11:27:17","slug":"descripcion-2","status":"publish","type":"page","link":"https:\/\/grupo.us.es\/smartd\/descripcion-2\/","title":{"rendered":"Descripci\u00f3n"},"content":{"rendered":"\n<div class=\"wp-block-atomic-blocks-ab-container ab-block-container\"><div class=\"ab-container-inside\"><div class=\"ab-container-content\">\n<div class=\"wp-block-cover has-background-dim-60 has-background-dim has-background-gradient\" style=\"background-image:url(http:\/\/grupo.us.es\/smartd\/wp-content\/uploads\/panorama-2646143_1920.jpg);background-position:50% 31%;min-height:199px\"><span aria-hidden=\"true\" class=\"wp-block-cover__gradient-background has-vivid-cyan-blue-to-vivid-purple-gradient-background\"><\/span><div class=\"wp-block-cover__inner-container\">\n<p class=\"has-text-align-center has-large-font-size\"><strong>\u00bfQu\u00e9 investigamos?<\/strong><\/p>\n<\/div><\/div>\n\n\n\n<div class=\"wp-block-group\"><div class=\"wp-block-group__inner-container\">\n<div class=\"wp-block-atomic-blocks-ab-accordion ab-block-accordion ab-font-size-20\"><details><summary class=\"ab-accordion-title\"><strong>Estas son nuestras principales l\u00edneas de investigaci\u00f3n<\/strong><\/summary><div class=\"ab-accordion-text\">\n<div class=\"wp-block-atomic-blocks-ab-columns ab-layout-columns-1 one-column\"><div class=\"ab-layout-column-wrap ab-block-layout-column-gap-2 ab-is-responsive-column\">\n<div class=\"wp-block-atomic-blocks-ab-column ab-block-layout-column\"><div class=\"ab-block-layout-column-inner\">\n<p style=\"font-size:22px\"><strong>Accesibilidad<\/strong>&nbsp;en destino, establecimientos y recursos tur\u00edsticos.<br><strong>Sostenibilidad<\/strong>.<br><strong>Tecnolog\u00edas de la Informaci\u00f3n&nbsp;&nbsp;y Comunicaci\u00f3n&nbsp;<\/strong>aplicadas al Turismo:<br>   Realidad virtual y aumentada, Reconocimiento Facial.<br>   Tratamiento sem\u00e1ntico de datos.<br>   Text mining.<br><strong>Innovaci\u00f3n<\/strong>&nbsp;en destinos tur\u00edsticos&nbsp;y en empresas del sector.<br><strong>Gobierno Corporativo<\/strong>.<\/p>\n<\/div><\/div>\n<\/div><\/div>\n<\/div><\/details><\/div>\n<\/div><\/div>\n\n\n\n<p><\/p>\n\n\n\n<figure class=\"wp-block-gallery aligncenter columns-3 is-cropped\"><ul class=\"blocks-gallery-grid\"><li class=\"blocks-gallery-item\"><figure><img loading=\"lazy\" width=\"1920\" height=\"711\" src=\"http:\/\/grupo.us.es\/smartd\/wp-content\/uploads\/panorama-2117310_1920.jpg\" alt=\"\" data-id=\"63\" data-full-url=\"http:\/\/grupo.us.es\/smartd\/wp-content\/uploads\/panorama-2117310_1920.jpg\" data-link=\"http:\/\/grupo.us.es\/smartd\/pagina-ejemplo\/panorama-2117310_1920\/#main\" class=\"wp-image-63\" srcset=\"https:\/\/grupo.us.es\/smartd\/wp-content\/uploads\/panorama-2117310_1920.jpg 1920w, https:\/\/grupo.us.es\/smartd\/wp-content\/uploads\/panorama-2117310_1920-300x111.jpg 300w, https:\/\/grupo.us.es\/smartd\/wp-content\/uploads\/panorama-2117310_1920-1024x379.jpg 1024w, https:\/\/grupo.us.es\/smartd\/wp-content\/uploads\/panorama-2117310_1920-768x284.jpg 768w, https:\/\/grupo.us.es\/smartd\/wp-content\/uploads\/panorama-2117310_1920-1536x569.jpg 1536w\" sizes=\"(max-width: 1920px) 100vw, 1920px\" \/><\/figure><\/li><li class=\"blocks-gallery-item\"><figure><img loading=\"lazy\" width=\"1920\" height=\"633\" src=\"http:\/\/grupo.us.es\/smartd\/wp-content\/uploads\/architecture-2149059_1920.jpg\" alt=\"\" data-id=\"61\" data-full-url=\"http:\/\/grupo.us.es\/smartd\/wp-content\/uploads\/architecture-2149059_1920.jpg\" data-link=\"http:\/\/grupo.us.es\/smartd\/pagina-ejemplo\/architecture-2149059_1920\/#main\" class=\"wp-image-61\" srcset=\"https:\/\/grupo.us.es\/smartd\/wp-content\/uploads\/architecture-2149059_1920.jpg 1920w, https:\/\/grupo.us.es\/smartd\/wp-content\/uploads\/architecture-2149059_1920-300x99.jpg 300w, https:\/\/grupo.us.es\/smartd\/wp-content\/uploads\/architecture-2149059_1920-1024x338.jpg 1024w, https:\/\/grupo.us.es\/smartd\/wp-content\/uploads\/architecture-2149059_1920-768x253.jpg 768w, https:\/\/grupo.us.es\/smartd\/wp-content\/uploads\/architecture-2149059_1920-1536x506.jpg 1536w\" sizes=\"(max-width: 1920px) 100vw, 1920px\" \/><\/figure><\/li><li class=\"blocks-gallery-item\"><figure><img loading=\"lazy\" width=\"1920\" height=\"1094\" src=\"http:\/\/grupo.us.es\/smartd\/wp-content\/uploads\/2020\/01\/yellowstone-national-park-1589616_1920.jpg\" alt=\"\" data-id=\"9\" data-full-url=\"http:\/\/grupo.us.es\/smartd\/wp-content\/uploads\/2020\/01\/yellowstone-national-park-1589616_1920.jpg\" data-link=\"http:\/\/grupo.us.es\/smartd\/yellowstone-national-park-1589616_1920\/\" class=\"wp-image-9\" srcset=\"https:\/\/grupo.us.es\/smartd\/wp-content\/uploads\/2020\/01\/yellowstone-national-park-1589616_1920.jpg 1920w, https:\/\/grupo.us.es\/smartd\/wp-content\/uploads\/2020\/01\/yellowstone-national-park-1589616_1920-300x171.jpg 300w, https:\/\/grupo.us.es\/smartd\/wp-content\/uploads\/2020\/01\/yellowstone-national-park-1589616_1920-1024x583.jpg 1024w, https:\/\/grupo.us.es\/smartd\/wp-content\/uploads\/2020\/01\/yellowstone-national-park-1589616_1920-768x438.jpg 768w, https:\/\/grupo.us.es\/smartd\/wp-content\/uploads\/2020\/01\/yellowstone-national-park-1589616_1920-1536x875.jpg 1536w, https:\/\/grupo.us.es\/smartd\/wp-content\/uploads\/2020\/01\/yellowstone-national-park-1589616_1920-850x484.jpg 850w\" sizes=\"(max-width: 1920px) 100vw, 1920px\" \/><\/figure><\/li><\/ul><\/figure>\n\n\n\n<p><\/p>\n<\/div><\/div><\/div>\n","protected":false},"excerpt":{"rendered":"","protected":false},"author":1,"featured_media":0,"parent":0,"menu_order":0,"comment_status":"closed","ping_status":"closed","template":"","meta":[],"featured_image_src":null,"featured_image_src_square":null,"_links":{"self":[{"href":"https:\/\/grupo.us.es\/smartd\/wp-json\/wp\/v2\/pages\/82"}],"collection":[{"href":"https:\/\/grupo.us.es\/smartd\/wp-json\/wp\/v2\/pages"}],"about":[{"href":"https:\/\/grupo.us.es\/smartd\/wp-json\/wp\/v2\/types\/page"}],"author":[{"embeddable":true,"href":"https:\/\/grupo.us.es\/smartd\/wp-json\/wp\/v2\/users\/1"}],"replies":[{"embeddable":true,"href":"https:\/\/grupo.us.es\/smartd\/wp-json\/wp\/v2\/comments?post=82"}],"version-history":[{"count":15,"href":"https:\/\/grupo.us.es\/smartd\/wp-json\/wp\/v2\/pages\/82\/revisions"}],"predecessor-version":[{"id":198,"href":"https:\/\/grupo.us.es\/smartd\/wp-json\/wp\/v2\/pages\/82\/revisions\/198"}],"wp:attachment":[{"href":"https:\/\/grupo.us.es\/smartd\/wp-json\/wp\/v2\/media?parent=82"}],"curies":[{"name":"wp","href":"https:\/\/api.w.org\/{rel}","templated":true}]}}