{"id":107,"date":"2023-03-02T21:26:52","date_gmt":"2023-03-02T21:26:52","guid":{"rendered":"http:\/\/grupo.us.es\/sepeco\/?page_id=107"},"modified":"2024-09-30T12:10:34","modified_gmt":"2024-09-30T12:10:34","slug":"proximas-actividades","status":"publish","type":"page","link":"https:\/\/grupo.us.es\/sepeco\/proximas-actividades\/","title":{"rendered":"Pr\u00f3ximas actividades"},"content":{"rendered":"\t\t<div data-elementor-type=\"wp-page\" data-elementor-id=\"107\" class=\"elementor elementor-107\">\n\t\t\t\t\t\t\t\t\t<section class=\"elementor-section elementor-top-section elementor-element elementor-element-14c9e55c elementor-section-boxed elementor-section-height-default elementor-section-height-default\" data-id=\"14c9e55c\" data-element_type=\"section\">\n\t\t\t\t\t\t<div class=\"elementor-container elementor-column-gap-default\">\n\t\t\t\t\t<div class=\"elementor-column elementor-col-100 elementor-top-column elementor-element elementor-element-511162e3\" data-id=\"511162e3\" data-element_type=\"column\">\n\t\t\t<div class=\"elementor-widget-wrap elementor-element-populated\">\n\t\t\t\t\t\t\t\t<div class=\"elementor-element elementor-element-4ded4ad7 elementor-widget elementor-widget-text-editor\" data-id=\"4ded4ad7\" data-element_type=\"widget\" data-widget_type=\"text-editor.default\">\n\t\t\t\t<div class=\"elementor-widget-container\">\n\t\t\t<style>\/*! elementor - v3.11.2 - 22-02-2023 *\/\n.elementor-widget-text-editor.elementor-drop-cap-view-stacked .elementor-drop-cap{background-color:#818a91;color:#fff}.elementor-widget-text-editor.elementor-drop-cap-view-framed .elementor-drop-cap{color:#818a91;border:3px solid;background-color:transparent}.elementor-widget-text-editor:not(.elementor-drop-cap-view-default) .elementor-drop-cap{margin-top:8px}.elementor-widget-text-editor:not(.elementor-drop-cap-view-default) .elementor-drop-cap-letter{width:1em;height:1em}.elementor-widget-text-editor .elementor-drop-cap{float:left;text-align:center;line-height:1;font-size:50px}.elementor-widget-text-editor .elementor-drop-cap-letter{display:inline-block}<\/style>\t\t\t\t<p><!-- wp:heading --><\/p>\n<h2>17 y 18 de octubre de 2024<\/h2>\n<p><!-- \/wp:heading --><\/p>\n<p><!-- wp:paragraph --><\/p>\n<p>Workshop:\u00a0<a href=\"https:\/\/grupo.us.es\/sepeco\/workshop-internacional-transformaciones-socio-juridicas-del-trabajo-domestico-entre-el-reconocimiento-la-garantia-de-derechos-y-la-mercantilizacion-del-trabajo-de-cuidados\/\" target=\"_blank\" rel=\"noopener\">\u00abTransformaciones socio-jur\u00eddicas del trabajo dom\u00e9stico. Entre el reconocimiento, la garant\u00eda de derechos y la mercantilizaci\u00f3n del trabajo de cuidados\u00bb<\/a>. Llamado a presentar comunicaciones hasta el <strong>6 de octubre<\/strong>.<\/p>\n<p>Facultad de Derecho de la Universidad de Sevilla.<\/p>\n<p><!-- \/wp:paragraph --><\/p>\t\t\t\t\t\t<\/div>\n\t\t\t\t<\/div>\n\t\t\t\t\t<\/div>\n\t\t<\/div>\n\t\t\t\t\t\t\t<\/div>\n\t\t<\/section>\n\t\t\t\t<section class=\"elementor-section elementor-top-section elementor-element elementor-element-61e5ed3 elementor-section-boxed elementor-section-height-default elementor-section-height-default\" data-id=\"61e5ed3\" data-element_type=\"section\">\n\t\t\t\t\t\t<div class=\"elementor-container elementor-column-gap-default\">\n\t\t\t\t\t<div class=\"elementor-column elementor-col-100 elementor-top-column elementor-element elementor-element-1e0ddd7\" data-id=\"1e0ddd7\" data-element_type=\"column\">\n\t\t\t<div class=\"elementor-widget-wrap\">\n\t\t\t\t\t\t\t\t\t<\/div>\n\t\t<\/div>\n\t\t\t\t\t\t\t<\/div>\n\t\t<\/section>\n\t\t\t\t\t\t\t<\/div>\n\t\t","protected":false},"excerpt":{"rendered":"<p>17 y 18 de octubre de 2024 Workshop:\u00a0\u00abTransformaciones socio-jur\u00eddicas del trabajo dom\u00e9stico. Entre el reconocimiento, la garant\u00eda de derechos y la mercantilizaci\u00f3n del trabajo de cuidados\u00bb. Llamado a presentar comunicaciones hasta el 6 de octubre. Facultad de Derecho de la Universidad de Sevilla.<\/p>\n","protected":false},"author":1,"featured_media":0,"parent":0,"menu_order":0,"comment_status":"closed","ping_status":"closed","template":"","meta":{"footnotes":""},"class_list":["post-107","page","type-page","status-publish","hentry"],"_links":{"self":[{"href":"https:\/\/grupo.us.es\/sepeco\/wp-json\/wp\/v2\/pages\/107","targetHints":{"allow":["GET"]}}],"collection":[{"href":"https:\/\/grupo.us.es\/sepeco\/wp-json\/wp\/v2\/pages"}],"about":[{"href":"https:\/\/grupo.us.es\/sepeco\/wp-json\/wp\/v2\/types\/page"}],"author":[{"embeddable":true,"href":"https:\/\/grupo.us.es\/sepeco\/wp-json\/wp\/v2\/users\/1"}],"replies":[{"embeddable":true,"href":"https:\/\/grupo.us.es\/sepeco\/wp-json\/wp\/v2\/comments?post=107"}],"version-history":[{"count":43,"href":"https:\/\/grupo.us.es\/sepeco\/wp-json\/wp\/v2\/pages\/107\/revisions"}],"predecessor-version":[{"id":612,"href":"https:\/\/grupo.us.es\/sepeco\/wp-json\/wp\/v2\/pages\/107\/revisions\/612"}],"wp:attachment":[{"href":"https:\/\/grupo.us.es\/sepeco\/wp-json\/wp\/v2\/media?parent=107"}],"curies":[{"name":"wp","href":"https:\/\/api.w.org\/{rel}","templated":true}]}}