{"id":275,"date":"2023-06-29T10:15:23","date_gmt":"2023-06-29T08:15:23","guid":{"rendered":"https:\/\/grupo.us.es\/sanevec\/?page_id=275"},"modified":"2024-06-17T19:12:31","modified_gmt":"2024-06-17T17:12:31","slug":"sanevec-project-team","status":"publish","type":"page","link":"https:\/\/grupo.us.es\/sanevec\/en\/sanevec-project-team\/","title":{"rendered":"Team"},"content":{"rendered":"\n<p class=\"has-ast-global-color-2-color has-text-color\"><strong>PRINCIPAL INVESTIGATORS:<\/strong><\/p>\n\n\n\n<p><a href=\"https:\/\/personal.us.es\/jlguisado\/\">Jos\u00e9 Luis Guisado Lizar<\/a> (Computer Architecture and Technology Department, University of Seville)<\/p>\n\n\n\n<p><a href=\"https:\/\/investigacion.us.es\/sisius\/sis_showpub.php?idpers=4060\">Gabriel Jim\u00e9nez Moreno<\/a> (Computer Architecture and Technology Department, University of Seville)<\/p>\n\n\n\n<p class=\"has-ast-global-color-2-color has-text-color\"><strong>RESEARCH TEAM:<\/strong><\/p>\n\n\n\n<p><a href=\"https:\/\/investigacion.us.es\/sisius\/sis_showpub.php?idpers=2960\">Jos\u00e9 Luis Sevillano Ramos<\/a> (Computer Architecture and Technology Department, University of Seville)<\/p>\n\n\n\n<p><a href=\"https:\/\/personal.us.es\/dcagigas\/\">Daniel Cagigas Mu\u00f1iz<\/a> (Computer Architecture and Technology Department, University of Seville)<\/p>\n\n\n\n<p><a href=\"https:\/\/investigacion.us.es\/sisius\/sis_showpub.php?idpers=19298\">Mar\u00eda Jos\u00e9 Mor\u00f3n Fern\u00e1ndez<\/a> (Computer Architecture and Technology Department, University of Seville)<\/p>\n\n\n\n<p><a href=\"https:\/\/investigacion.us.es\/sisius\/sis_showpub.php?idpers=4064\">Daniel Cascado Caballero<\/a> (Computer Architecture and Technology Department, University of Seville)<\/p>\n\n\n\n<p><a href=\"https:\/\/investigacion.us.es\/sisius\/sis_showpub.php?idpers=4061\">Fernando D\u00edaz del R\u00edo<\/a> (Computer Architecture and Technology Department, University of Seville)<\/p>\n\n\n\n<p><a href=\"https:\/\/investigacion.us.es\/sisius\/sis_showpub.php?idpers=917\">Francisco de Paula Jim\u00e9nez Morales<\/a> (Condensed Matter Physics Department, University of Seville)<\/p>\n\n\n\n<p><a href=\"https:\/\/www.researchgate.net\/profile\/Miguel-Cardenas-Montes\">Miguel C\u00e1rdenas Montes<\/a> (Centro de Investigaciones Energ\u00e9ticas, Medioambientales y Tecnol\u00f3gicas CIEMAT, Madrid)<\/p>\n\n\n\n<p class=\"has-ast-global-color-2-color has-text-color\"><strong>WORK TEAM:<\/strong><\/p>\n\n\n\n<p><a href=\"https:\/\/www.sce.carleton.ca\/faculty\/wainer\/doku.php\">Gabriel Wainer<\/a> (Advanced Real-Time Simulation Laboratory, Department of Systems and Computer Engineering, Carleton University, Canada)<\/p>\n\n\n\n<p><a href=\"https:\/\/www.researchgate.net\/profile\/Jesus-Rodriguez-Leal\">Jes\u00fas Mar\u00eda Rodr\u00edguez Leal<\/a> (Computer Architecture and Technology Department, University of Seville)<\/p>\n\n\n\n<p><a href=\"https:\/\/prisma.us.es\/investigador\/8926\">David Ragel D\u00edaz-Jara<\/a> (Computer Architecture and Technology Department, University of Seville)<\/p>\n\n\n\n<p><a href=\"https:\/\/investigacion.us.es\/sisius\/sis_showpub.php?idpers=18159\">Elena Cerezuela Escudero<\/a> (Computer Architecture and Technology Department, University of Seville)<\/p>\n\n\n\n<p><a href=\"https:\/\/investigacion.us.es\/sisius\/sis_showpub.php?idpers=31049\">Juan Manuel Montes S\u00e1nchez<\/a> (Computer Architecture and Technology Department, University of Seville)<\/p>\n\n\n\n<p><a href=\"https:\/\/www.researchgate.net\/profile\/Daniel-Casanueva-Morato\">Daniel Casanueva Morato<\/a> (Computer Architecture and Technology Department, University of Seville)<\/p>\n\n\n\n<p><a href=\"https:\/\/www.researchgate.net\/profile\/Alvaro-Ayuso-Martinez\">\u00c1lvaro Ayuso Mart\u00ednez<\/a> (Computer Architecture and Technology Department, University of Seville)<\/p>\n\n\n\n<p><a href=\"https:\/\/orcid.org\/0009-0005-4179-7452\">Antonio Navas Orozco<\/a> (Computer Architecture and Technology Department, University of Seville)<\/p>\n\n\n\n<p><a href=\"https:\/\/orcid.org\/0009-0008-9970-7167\">Jos\u00e9 Morera Figueroa<\/a> (Computer Architecture and Technology Department, University of Seville)<\/p>\n","protected":false},"excerpt":{"rendered":"<p>PRINCIPAL INVESTIGATORS: Jos\u00e9 Luis Guisado Lizar (Computer Architecture and Technology Department, University of Seville) Gabriel Jim\u00e9nez Moreno (Computer Architecture and Technology Department, University of Seville) RESEARCH TEAM: Jos\u00e9 Luis Sevillano Ramos (Computer Architecture and Technology Department, University of Seville) Daniel Cagigas Mu\u00f1iz (Computer Architecture and Technology Department, University of Seville) Mar\u00eda Jos\u00e9 Mor\u00f3n Fern\u00e1ndez (Computer [&hellip;]<\/p>\n","protected":false},"author":1,"featured_media":0,"parent":0,"menu_order":5,"comment_status":"closed","ping_status":"closed","template":"","meta":{"site-sidebar-layout":"default","site-content-layout":"","ast-site-content-layout":"default","site-content-style":"default","site-sidebar-style":"default","ast-global-header-display":"","ast-banner-title-visibility":"","ast-main-header-display":"","ast-hfb-above-header-display":"","ast-hfb-below-header-display":"","ast-hfb-mobile-header-display":"","site-post-title":"","ast-breadcrumbs-content":"","ast-featured-img":"","footer-sml-layout":"","theme-transparent-header-meta":"","adv-header-id-meta":"","stick-header-meta":"","header-above-stick-meta":"","header-main-stick-meta":"","header-below-stick-meta":"","astra-migrate-meta-layouts":"set","ast-page-background-enabled":"default","ast-page-background-meta":{"desktop":{"background-color":"","background-image":"","background-repeat":"repeat","background-position":"center center","background-size":"auto","background-attachment":"scroll","background-type":"","background-media":"","overlay-type":"","overlay-color":"","overlay-opacity":"","overlay-gradient":""},"tablet":{"background-color":"","background-image":"","background-repeat":"repeat","background-position":"center center","background-size":"auto","background-attachment":"scroll","background-type":"","background-media":"","overlay-type":"","overlay-color":"","overlay-opacity":"","overlay-gradient":""},"mobile":{"background-color":"","background-image":"","background-repeat":"repeat","background-position":"center center","background-size":"auto","background-attachment":"scroll","background-type":"","background-media":"","overlay-type":"","overlay-color":"","overlay-opacity":"","overlay-gradient":""}},"ast-content-background-meta":{"desktop":{"background-color":"var(--ast-global-color-5)","background-image":"","background-repeat":"repeat","background-position":"center center","background-size":"auto","background-attachment":"scroll","background-type":"","background-media":"","overlay-type":"","overlay-color":"","overlay-opacity":"","overlay-gradient":""},"tablet":{"background-color":"var(--ast-global-color-5)","background-image":"","background-repeat":"repeat","background-position":"center center","background-size":"auto","background-attachment":"scroll","background-type":"","background-media":"","overlay-type":"","overlay-color":"","overlay-opacity":"","overlay-gradient":""},"mobile":{"background-color":"var(--ast-global-color-5)","background-image":"","background-repeat":"repeat","background-position":"center center","background-size":"auto","background-attachment":"scroll","background-type":"","background-media":"","overlay-type":"","overlay-color":"","overlay-opacity":"","overlay-gradient":""}}},"_links":{"self":[{"href":"https:\/\/grupo.us.es\/sanevec\/wp-json\/wp\/v2\/pages\/275"}],"collection":[{"href":"https:\/\/grupo.us.es\/sanevec\/wp-json\/wp\/v2\/pages"}],"about":[{"href":"https:\/\/grupo.us.es\/sanevec\/wp-json\/wp\/v2\/types\/page"}],"author":[{"embeddable":true,"href":"https:\/\/grupo.us.es\/sanevec\/wp-json\/wp\/v2\/users\/1"}],"replies":[{"embeddable":true,"href":"https:\/\/grupo.us.es\/sanevec\/wp-json\/wp\/v2\/comments?post=275"}],"version-history":[{"count":7,"href":"https:\/\/grupo.us.es\/sanevec\/wp-json\/wp\/v2\/pages\/275\/revisions"}],"predecessor-version":[{"id":570,"href":"https:\/\/grupo.us.es\/sanevec\/wp-json\/wp\/v2\/pages\/275\/revisions\/570"}],"wp:attachment":[{"href":"https:\/\/grupo.us.es\/sanevec\/wp-json\/wp\/v2\/media?parent=275"}],"curies":[{"name":"wp","href":"https:\/\/api.w.org\/{rel}","templated":true}]}}