{"id":184,"date":"2023-02-27T17:12:42","date_gmt":"2023-02-27T16:12:42","guid":{"rendered":"https:\/\/grupo.us.es\/sanevec\/?page_id=184"},"modified":"2023-06-29T17:26:46","modified_gmt":"2023-06-29T15:26:46","slug":"contacto","status":"publish","type":"page","link":"https:\/\/grupo.us.es\/sanevec\/contacto\/","title":{"rendered":"Contacto"},"content":{"rendered":"\n<p>Contacto<\/p>\n\n\n\n<p>Si tiene alguna cuesti\u00f3n o sugerencia para este sitio web, dir\u00edjase al Administrador del sitio web.<\/p>\n\n\n\n<p>Si tiene alguna cuesti\u00f3n relativa al proyecto de investigaci\u00f3n dir\u00edjase a los investigadores principales:<\/p>\n\n\n\n<div class=\"is-layout-flex wp-container-2 wp-block-columns\">\n<div class=\"is-layout-flow wp-block-column\" style=\"flex-basis:100%\">\n<p><a href=\"mailto:jlguisado@us.es\" data-type=\"mailto\" data-id=\"mailto:jlguisado@us.es\">Jos\u00e9 Luis Guisado Lizar<\/a> (Departamento de Arquitectura y Tecnolog\u00eda de Computadores, Universidad de Sevilla)<\/p>\n<\/div>\n<\/div>\n\n\n\n<div class=\"is-layout-flex wp-container-4 wp-block-columns\">\n<div class=\"is-layout-flow wp-block-column\" style=\"flex-basis:100%\">\n<p><a href=\"mailto:gaji@us.es\" data-type=\"mailto\" data-id=\"mailto:gaji@us.es\">Gabriel Jim\u00e9nez Moreno<\/a> (Departamento de Arquitectura y Tecnolog\u00eda de Computadores, Universidad de Sevilla)<\/p>\n<\/div>\n<\/div>\n","protected":false},"excerpt":{"rendered":"<p>Contacto Si tiene alguna cuesti\u00f3n o sugerencia para este sitio web, dir\u00edjase al Administrador del sitio web. Si tiene alguna cuesti\u00f3n relativa al proyecto de investigaci\u00f3n dir\u00edjase a los investigadores principales: Jos\u00e9 Luis Guisado Lizar (Departamento de Arquitectura y Tecnolog\u00eda de Computadores, Universidad de Sevilla) Gabriel Jim\u00e9nez Moreno (Departamento de Arquitectura y Tecnolog\u00eda de Computadores, [&hellip;]<\/p>\n","protected":false},"author":1,"featured_media":0,"parent":0,"menu_order":10,"comment_status":"closed","ping_status":"closed","template":"","meta":{"site-sidebar-layout":"default","site-content-layout":"","ast-site-content-layout":"","site-content-style":"default","site-sidebar-style":"default","ast-global-header-display":"","ast-banner-title-visibility":"","ast-main-header-display":"","ast-hfb-above-header-display":"","ast-hfb-below-header-display":"","ast-hfb-mobile-header-display":"","site-post-title":"","ast-breadcrumbs-content":"","ast-featured-img":"","footer-sml-layout":"","theme-transparent-header-meta":"","adv-header-id-meta":"","stick-header-meta":"","header-above-stick-meta":"","header-main-stick-meta":"","header-below-stick-meta":"","astra-migrate-meta-layouts":"default","ast-page-background-enabled":"default","ast-page-background-meta":{"desktop":{"background-color":"","background-image":"","background-repeat":"repeat","background-position":"center center","background-size":"auto","background-attachment":"scroll","background-type":"","background-media":"","overlay-type":"","overlay-color":"","overlay-opacity":"","overlay-gradient":""},"tablet":{"background-color":"","background-image":"","background-repeat":"repeat","background-position":"center center","background-size":"auto","background-attachment":"scroll","background-type":"","background-media":"","overlay-type":"","overlay-color":"","overlay-opacity":"","overlay-gradient":""},"mobile":{"background-color":"","background-image":"","background-repeat":"repeat","background-position":"center center","background-size":"auto","background-attachment":"scroll","background-type":"","background-media":"","overlay-type":"","overlay-color":"","overlay-opacity":"","overlay-gradient":""}},"ast-content-background-meta":{"desktop":{"background-color":"var(--ast-global-color-5)","background-image":"","background-repeat":"repeat","background-position":"center center","background-size":"auto","background-attachment":"scroll","background-type":"","background-media":"","overlay-type":"","overlay-color":"","overlay-opacity":"","overlay-gradient":""},"tablet":{"background-color":"var(--ast-global-color-5)","background-image":"","background-repeat":"repeat","background-position":"center center","background-size":"auto","background-attachment":"scroll","background-type":"","background-media":"","overlay-type":"","overlay-color":"","overlay-opacity":"","overlay-gradient":""},"mobile":{"background-color":"var(--ast-global-color-5)","background-image":"","background-repeat":"repeat","background-position":"center center","background-size":"auto","background-attachment":"scroll","background-type":"","background-media":"","overlay-type":"","overlay-color":"","overlay-opacity":"","overlay-gradient":""}}},"_links":{"self":[{"href":"https:\/\/grupo.us.es\/sanevec\/wp-json\/wp\/v2\/pages\/184"}],"collection":[{"href":"https:\/\/grupo.us.es\/sanevec\/wp-json\/wp\/v2\/pages"}],"about":[{"href":"https:\/\/grupo.us.es\/sanevec\/wp-json\/wp\/v2\/types\/page"}],"author":[{"embeddable":true,"href":"https:\/\/grupo.us.es\/sanevec\/wp-json\/wp\/v2\/users\/1"}],"replies":[{"embeddable":true,"href":"https:\/\/grupo.us.es\/sanevec\/wp-json\/wp\/v2\/comments?post=184"}],"version-history":[{"count":1,"href":"https:\/\/grupo.us.es\/sanevec\/wp-json\/wp\/v2\/pages\/184\/revisions"}],"predecessor-version":[{"id":185,"href":"https:\/\/grupo.us.es\/sanevec\/wp-json\/wp\/v2\/pages\/184\/revisions\/185"}],"wp:attachment":[{"href":"https:\/\/grupo.us.es\/sanevec\/wp-json\/wp\/v2\/media?parent=184"}],"curies":[{"name":"wp","href":"https:\/\/api.w.org\/{rel}","templated":true}]}}