{"id":158,"date":"2023-02-27T16:15:19","date_gmt":"2023-02-27T15:15:19","guid":{"rendered":"https:\/\/grupo.us.es\/sanevec\/?page_id=158"},"modified":"2025-06-13T14:00:48","modified_gmt":"2025-06-13T12:00:48","slug":"epos","status":"publish","type":"page","link":"https:\/\/grupo.us.es\/sanevec\/epos\/","title":{"rendered":"Entes Promotores Observadores"},"content":{"rendered":"\n<p>Hemos establecido relaciones con cuatro organizaciones que han comunicado formalmente su inter\u00e9s en los resultados del proyecto SANEVEC mediante cartas de inter\u00e9s para participar como Entes Promotores Observadores (EPOs):<\/p>\n\n\n\n<h4>Ayuntamiento de Sevilla<\/h4>\n\n\n\n<div class=\"is-layout-flex wp-container-2 wp-block-columns\">\n<div class=\"is-layout-flow wp-block-column\" style=\"flex-basis:100%\">\n<p>Sevilla es la ciudad m\u00e1s poblada del sur de Espa\u00f1a y la cuarta m\u00e1s poblada de Espa\u00f1a (cerca de 700.000 habitantes en 2020). El Ayuntamiento de Sevilla, a trav\u00e9s de su Coordinador General de An\u00e1lisis, Datos y Planificaci\u00f3n Estrat\u00e9gica, ha comunicado formalmente su inter\u00e9s en el proyecto SANEVEC, \u00abteniendo en cuenta sus prometedores resultados esperados\u00bb.<\/p>\n<\/div>\n<\/div>\n\n\n\n<h4>Cable Energ\u00eda<\/h4>\n\n\n\n<div class=\"is-layout-flex wp-container-4 wp-block-columns\">\n<div class=\"is-layout-flow wp-block-column\" style=\"flex-basis:100%\">\n<p>Empresa con sede en Sevilla (Espa\u00f1a). Su actividad principal es el dise\u00f1o, desarrollo y construcci\u00f3n de una red de estaciones de recarga de veh\u00edculos el\u00e9ctricos (CSs) por Espa\u00f1a y Portugal, donde ha construido y opera CSs en muchas ciudades importantes. Su objetivo es desplegar una red de 5.000 puntos de recarga en Espa\u00f1a y Portugal antes de finales de 2026. En su carta de apoyo al proyecto SANEVEC, el Consejero Delegado de Cable Energ\u00eda indic\u00f3: \u00abLa propuesta presentada es habilitante para contribuir a una movilidad no contaminante y descarbonizada, contribuyendo a aumentar significativamente el acceso a la tecnolog\u00eda de la informaci\u00f3n y las comunicaciones. En este sentido, vemos que la implantaci\u00f3n, desarrollo y pruebas de las tecnolog\u00edas que favorecen la electro movilidad as\u00ed como su integraci\u00f3n en redes inteligentes con edificios y flotas, permitir\u00e1 la diseminaci\u00f3n y demostraci\u00f3n de nuevos modelos de movilidad sostenible. Por lo tanto, apoyamos la visi\u00f3n hol\u00edstica del proyecto SANEVEC de demostraci\u00f3n de tecnolog\u00edas innovadoras aplicadas en un entorno urbano.\u00bb<\/p>\n<\/div>\n<\/div>\n\n\n\n<h4>EFIMOB &#8211; Movilidad Eficiente<\/h4>\n\n\n\n<div class=\"is-layout-flex wp-container-6 wp-block-columns\">\n<div class=\"is-layout-flow wp-block-column\" style=\"flex-basis:100%\">\n<p>Efimob es una empresa de ingenier\u00eda con sede en Pontevedra (Espa\u00f1a), especializada en el desarrollo y comercializaci\u00f3n de sistemas de recarga para veh\u00edculos el\u00e9ctricos, as\u00ed como software de gesti\u00f3n y monitorizaci\u00f3n de estaciones de recarga. Ofrece servicios de ingenier\u00eda para el desarrollo e implantaci\u00f3n de proyectos llave en mano de puntos de recarga de veh\u00edculos el\u00e9ctricos, incluyendo proyecto, cargadores, instalaci\u00f3n y desarrollo del software de control. Tambi\u00e9n ofrece desarrollo de software e instalaciones sobre movilidad sostenible. EFIMOB ha comunicado formalmente su apoyo al Proyecto SANEVEC a trav\u00e9s de su CEO.<\/p>\n<\/div>\n<\/div>\n","protected":false},"excerpt":{"rendered":"<p>Hemos establecido relaciones con cuatro organizaciones que han comunicado formalmente su inter\u00e9s en los resultados del proyecto SANEVEC mediante cartas de inter\u00e9s para participar como Entes Promotores Observadores (EPOs): Ayuntamiento de Sevilla Sevilla es la ciudad m\u00e1s poblada del sur de Espa\u00f1a y la cuarta m\u00e1s poblada de Espa\u00f1a (cerca de 700.000 habitantes en 2020). [&hellip;]<\/p>\n","protected":false},"author":1,"featured_media":0,"parent":0,"menu_order":4,"comment_status":"closed","ping_status":"closed","template":"","meta":{"site-sidebar-layout":"default","site-content-layout":"","ast-site-content-layout":"default","site-content-style":"default","site-sidebar-style":"default","ast-global-header-display":"","ast-banner-title-visibility":"","ast-main-header-display":"","ast-hfb-above-header-display":"","ast-hfb-below-header-display":"","ast-hfb-mobile-header-display":"","site-post-title":"disabled","ast-breadcrumbs-content":"","ast-featured-img":"","footer-sml-layout":"","theme-transparent-header-meta":"","adv-header-id-meta":"","stick-header-meta":"","header-above-stick-meta":"","header-main-stick-meta":"","header-below-stick-meta":"","astra-migrate-meta-layouts":"set","ast-page-background-enabled":"default","ast-page-background-meta":{"desktop":{"background-color":"","background-image":"","background-repeat":"repeat","background-position":"center center","background-size":"auto","background-attachment":"scroll","background-type":"","background-media":"","overlay-type":"","overlay-color":"","overlay-opacity":"","overlay-gradient":""},"tablet":{"background-color":"","background-image":"","background-repeat":"repeat","background-position":"center center","background-size":"auto","background-attachment":"scroll","background-type":"","background-media":"","overlay-type":"","overlay-color":"","overlay-opacity":"","overlay-gradient":""},"mobile":{"background-color":"","background-image":"","background-repeat":"repeat","background-position":"center center","background-size":"auto","background-attachment":"scroll","background-type":"","background-media":"","overlay-type":"","overlay-color":"","overlay-opacity":"","overlay-gradient":""}},"ast-content-background-meta":{"desktop":{"background-color":"var(--ast-global-color-5)","background-image":"","background-repeat":"repeat","background-position":"center center","background-size":"auto","background-attachment":"scroll","background-type":"","background-media":"","overlay-type":"","overlay-color":"","overlay-opacity":"","overlay-gradient":""},"tablet":{"background-color":"var(--ast-global-color-5)","background-image":"","background-repeat":"repeat","background-position":"center center","background-size":"auto","background-attachment":"scroll","background-type":"","background-media":"","overlay-type":"","overlay-color":"","overlay-opacity":"","overlay-gradient":""},"mobile":{"background-color":"var(--ast-global-color-5)","background-image":"","background-repeat":"repeat","background-position":"center center","background-size":"auto","background-attachment":"scroll","background-type":"","background-media":"","overlay-type":"","overlay-color":"","overlay-opacity":"","overlay-gradient":""}}},"_links":{"self":[{"href":"https:\/\/grupo.us.es\/sanevec\/wp-json\/wp\/v2\/pages\/158"}],"collection":[{"href":"https:\/\/grupo.us.es\/sanevec\/wp-json\/wp\/v2\/pages"}],"about":[{"href":"https:\/\/grupo.us.es\/sanevec\/wp-json\/wp\/v2\/types\/page"}],"author":[{"embeddable":true,"href":"https:\/\/grupo.us.es\/sanevec\/wp-json\/wp\/v2\/users\/1"}],"replies":[{"embeddable":true,"href":"https:\/\/grupo.us.es\/sanevec\/wp-json\/wp\/v2\/comments?post=158"}],"version-history":[{"count":3,"href":"https:\/\/grupo.us.es\/sanevec\/wp-json\/wp\/v2\/pages\/158\/revisions"}],"predecessor-version":[{"id":591,"href":"https:\/\/grupo.us.es\/sanevec\/wp-json\/wp\/v2\/pages\/158\/revisions\/591"}],"wp:attachment":[{"href":"https:\/\/grupo.us.es\/sanevec\/wp-json\/wp\/v2\/media?parent=158"}],"curies":[{"name":"wp","href":"https:\/\/api.w.org\/{rel}","templated":true}]}}