{"id":89,"date":"2024-09-20T10:31:18","date_gmt":"2024-09-20T08:31:18","guid":{"rendered":"http:\/\/grupo.us.es\/rethinking\/?page_id=89"},"modified":"2025-01-28T09:05:53","modified_gmt":"2025-01-28T08:05:53","slug":"89-2","status":"publish","type":"page","link":"http:\/\/grupo.us.es\/rethinking\/?page_id=89","title":{"rendered":"Equipo"},"content":{"rendered":"\n<h2 class=\"wp-block-heading\"><strong>Equipo de Investigaci\u00f3n<\/strong><\/h2>\n\n\n\n<p>(*pulse <strong><i class=\"fa-solid fa-arrow-up-right-from-square\"><\/i> <\/strong> para ir al los datos y publicaciones de cada investigador)<\/p>\n\n\n\n<hr class=\"wp-block-separator has-alpha-channel-opacity\"\/>\n\n\n\n<p><img loading=\"lazy\" decoding=\"async\" width=\"300\" height=\"169\" class=\"wp-image-102\" style=\"width: 300px;\" src=\"http:\/\/grupo.us.es\/rethinking\/wp-content\/uploads\/2024\/09\/Limon-2.jpg\" alt=\"\" srcset=\"http:\/\/grupo.us.es\/rethinking\/wp-content\/uploads\/2024\/09\/Limon-2.jpg 876w, http:\/\/grupo.us.es\/rethinking\/wp-content\/uploads\/2024\/09\/Limon-2-300x169.jpg 300w, http:\/\/grupo.us.es\/rethinking\/wp-content\/uploads\/2024\/09\/Limon-2-768x432.jpg 768w\" sizes=\"auto, (max-width: 300px) 100vw, 300px\" \/><\/p>\n\n\n\n<p><a href=\"https:\/\/investigacion.us.es\/sisius\/sis_showpub.php?idpers=14343\"><i class=\"fa-duotone fa-solid fa-arrow-up-right-from-square\"><\/i><\/a> <strong><a href=\"https:\/\/investigacion.us.es\/sisius\/sis_showpub.php?idpers=14343\">Dra. Mar\u00eda Lim\u00f3n Bel\u00e9n<\/a> <\/strong>(Investigadora Principal)<br><br>Profesora Titular de Filolog\u00eda Latina. Universidad de Sevilla<\/p>\n\n\n\n<hr class=\"wp-block-separator has-alpha-channel-opacity is-style-wide\"\/>\n\n\n\n<p><img loading=\"lazy\" decoding=\"async\" width=\"300\" height=\"200\" class=\"wp-image-112\" style=\"width: 300px;\" src=\"http:\/\/grupo.us.es\/rethinking\/wp-content\/uploads\/2024\/09\/concha-nueva.jpeg\" alt=\"\" srcset=\"http:\/\/grupo.us.es\/rethinking\/wp-content\/uploads\/2024\/09\/concha-nueva.jpeg 1079w, http:\/\/grupo.us.es\/rethinking\/wp-content\/uploads\/2024\/09\/concha-nueva-300x200.jpeg 300w, http:\/\/grupo.us.es\/rethinking\/wp-content\/uploads\/2024\/09\/concha-nueva-1024x683.jpeg 1024w, http:\/\/grupo.us.es\/rethinking\/wp-content\/uploads\/2024\/09\/concha-nueva-768x512.jpeg 768w\" sizes=\"auto, (max-width: 300px) 100vw, 300px\" \/><\/p>\n\n\n\n<p><a href=\"https:\/\/investigacion.us.es\/sisius\/sis_showpub.php?idpers=1353\"><i class=\"fa-solid fa-arrow-up-right-from-square\"><\/i>   <strong>Dra. Concepci\u00f3n Fern\u00e1ndez Mart\u00ednez<\/strong><\/a><\/p>\n\n\n\n<p> Catedr\u00e1tica de Filolog\u00eda Latina. Universidad de Sevilla<\/p>\n\n\n\n<hr class=\"wp-block-separator has-alpha-channel-opacity is-style-wide\"\/>\n\n\n\n<p><img loading=\"lazy\" decoding=\"async\" width=\"300\" height=\"236\" class=\"wp-image-372\" style=\"width: 300px;\" src=\"http:\/\/grupo.us.es\/rethinking\/wp-content\/uploads\/2024\/09\/s200_javier.del_hoyo.jpg\" alt=\"\"><\/p>\n\n\n\n<p><a href=\"https:\/\/portalcientifico.uam.es\/es\/ipublic\/researcher\/259898\"><i class=\"fa-solid fa-arrow-up-right-from-square\"><\/i><\/a>   <strong><a href=\"https:\/\/portalcientifico.uam.es\/es\/ipublic\/researcher\/259898\">Dr. Javier del Hoyo Calleja<\/a><\/strong><\/p>\n\n\n\n<p> Catedr\u00e1tico de Filolog\u00eda Latina. Universidad Aut\u00f3noma de Madrid<\/p>\n\n\n\n<hr class=\"wp-block-separator has-alpha-channel-opacity is-style-wide\"\/>\n\n\n\n<p><img loading=\"lazy\" decoding=\"async\" width=\"300\" height=\"169\" class=\"wp-image-90\" style=\"width: 300px;\" src=\"http:\/\/grupo.us.es\/rethinking\/wp-content\/uploads\/2024\/09\/Maite.jpg\" alt=\"\" srcset=\"http:\/\/grupo.us.es\/rethinking\/wp-content\/uploads\/2024\/09\/Maite.jpg 876w, http:\/\/grupo.us.es\/rethinking\/wp-content\/uploads\/2024\/09\/Maite-300x169.jpg 300w, http:\/\/grupo.us.es\/rethinking\/wp-content\/uploads\/2024\/09\/Maite-768x432.jpg 768w\" sizes=\"auto, (max-width: 300px) 100vw, 300px\" \/><\/p>\n\n\n\n<p><a href=\"https:\/\/www.ehu.eus\/es\/web\/doktoregoa\/doctorado-ciencias-antiguedad\/profesorado?p_redirect=fichaPDI&amp;p_idp=4140\"><i class=\"fa-solid fa-arrow-up-right-from-square\"><\/i><\/a> <a href=\"https:\/\/www.ehu.eus\/es\/web\/doktoregoa\/doctorado-ciencias-antiguedad\/profesorado?p_redirect=fichaPDI&amp;p_idp=4140\" target=\"_blank\" rel=\"noreferrer noopener\"><strong>Dra. Mar\u00eda Teresa Mu\u00f1oz Garc\u00eda de Iturrospe<\/strong><\/a><\/p>\n\n\n\n<p> Catedr\u00e1tica de Filolog\u00eda Latina. Universidad del Pa\u00eds Vasco<\/p>\n\n\n\n<hr class=\"wp-block-separator has-alpha-channel-opacity is-style-wide\"\/>\n\n\n\n<p><img loading=\"lazy\" decoding=\"async\" width=\"300\" height=\"211\" class=\"wp-image-451\" style=\"width: 300px;\" src=\"http:\/\/grupo.us.es\/rethinking\/wp-content\/uploads\/2024\/09\/Captura-de-pantalla-2024-09-24-102455.png\" alt=\"\" srcset=\"http:\/\/grupo.us.es\/rethinking\/wp-content\/uploads\/2024\/09\/Captura-de-pantalla-2024-09-24-102455.png 411w, http:\/\/grupo.us.es\/rethinking\/wp-content\/uploads\/2024\/09\/Captura-de-pantalla-2024-09-24-102455-300x211.png 300w\" sizes=\"auto, (max-width: 300px) 100vw, 300px\" \/><\/p>\n\n\n\n<p><a href=\"https:\/\/investigacion.us.es\/sisius\/sis_showpub.php?idpers=19007\"><i class=\"fa-solid fa-arrow-up-right-from-square\"><\/i><\/a>   <a href=\"https:\/\/investigacion.us.es\/sisius\/sis_showpub.php?idpers=19007\"><strong>Dr. Anthony \u00c1lvarez Melero<\/strong><\/a><\/p>\n\n\n\n<p>Profesor titular de Historia Antigua. Universidad de Sevilla<\/p>\n\n\n\n<hr class=\"wp-block-separator has-alpha-channel-opacity is-style-wide\"\/>\n\n\n\n<p><img loading=\"lazy\" decoding=\"async\" width=\"300\" height=\"208\" class=\"wp-image-502\" style=\"width: 300px;\" src=\"http:\/\/grupo.us.es\/rethinking\/wp-content\/uploads\/2024\/09\/20240920_110715-03-1-scaled.jpeg\" alt=\"\" srcset=\"http:\/\/grupo.us.es\/rethinking\/wp-content\/uploads\/2024\/09\/20240920_110715-03-1-scaled.jpeg 2560w, http:\/\/grupo.us.es\/rethinking\/wp-content\/uploads\/2024\/09\/20240920_110715-03-1-300x208.jpeg 300w, http:\/\/grupo.us.es\/rethinking\/wp-content\/uploads\/2024\/09\/20240920_110715-03-1-1024x710.jpeg 1024w, http:\/\/grupo.us.es\/rethinking\/wp-content\/uploads\/2024\/09\/20240920_110715-03-1-768x533.jpeg 768w, http:\/\/grupo.us.es\/rethinking\/wp-content\/uploads\/2024\/09\/20240920_110715-03-1-1536x1066.jpeg 1536w, http:\/\/grupo.us.es\/rethinking\/wp-content\/uploads\/2024\/09\/20240920_110715-03-1-2048x1421.jpeg 2048w, http:\/\/grupo.us.es\/rethinking\/wp-content\/uploads\/2024\/09\/20240920_110715-03-1-600x416.jpeg 600w\" sizes=\"auto, (max-width: 300px) 100vw, 300px\" \/><\/p>\n\n\n\n<p><a href=\"https:\/\/alojawebapps.us.es\/centrosdptos\/pdi\/investigapdi.php?pdi=13108\"><i class=\"fa-solid fa-arrow-up-right-from-square\"><\/i><\/a>   <strong><a href=\"https:\/\/alojawebapps.us.es\/centrosdptos\/pdi\/investigapdi.php?pdi=13108\">Dra. Victoria Gonz\u00e1lez Berd\u00fas<\/a><\/strong><\/p>\n\n\n\n<p>Profesora Ayudante Doctor. Universidad de Sevilla<\/p>\n\n\n\n<hr class=\"wp-block-separator has-alpha-channel-opacity is-style-dots\"\/>\n\n\n\n<h2 class=\"wp-block-heading\"><strong>Equipo de trabajo<\/strong><\/h2>\n\n\n\n<p><img loading=\"lazy\" decoding=\"async\" width=\"150\" height=\"198\" class=\"wp-image-460\" style=\"width: 150px;\" src=\"http:\/\/grupo.us.es\/rethinking\/wp-content\/uploads\/2024\/09\/mini_magick20190309-19138-1qr1niq.png\" alt=\"\" srcset=\"http:\/\/grupo.us.es\/rethinking\/wp-content\/uploads\/2024\/09\/mini_magick20190309-19138-1qr1niq.png 267w, http:\/\/grupo.us.es\/rethinking\/wp-content\/uploads\/2024\/09\/mini_magick20190309-19138-1qr1niq-228x300.png 228w\" sizes=\"auto, (max-width: 150px) 100vw, 150px\" \/><\/p>\n\n\n\n<p><a href=\"https:\/\/dialnet.unirioja.es\/servlet\/autor?codigo=28926\"><i class=\"fa-solid fa-arrow-up-right-from-square\"><\/i><\/a>   <strong><a href=\"https:\/\/dialnet.unirioja.es\/servlet\/autor?codigo=28926\">Dr. Jos\u00e9 Antonio Correa Rodr\u00edguez<\/a><\/strong><\/p>\n\n\n\n<p>Catedr\u00e1tico de Filolog\u00eda Latina. Universidad de Sevilla<\/p>\n\n\n\n<hr class=\"wp-block-separator has-alpha-channel-opacity is-style-wide\"\/>\n\n\n\n<p><img loading=\"lazy\" decoding=\"async\" width=\"300\" height=\"200\" class=\"wp-image-459\" style=\"width: 300px;\" src=\"http:\/\/grupo.us.es\/rethinking\/wp-content\/uploads\/2024\/09\/DaAzBxIX4AArgOf.jpg\" alt=\"\" srcset=\"http:\/\/grupo.us.es\/rethinking\/wp-content\/uploads\/2024\/09\/DaAzBxIX4AArgOf.jpg 680w, http:\/\/grupo.us.es\/rethinking\/wp-content\/uploads\/2024\/09\/DaAzBxIX4AArgOf-300x200.jpg 300w, http:\/\/grupo.us.es\/rethinking\/wp-content\/uploads\/2024\/09\/DaAzBxIX4AArgOf-600x400.jpg 600w\" sizes=\"auto, (max-width: 300px) 100vw, 300px\" \/><\/p>\n\n\n\n<p><a href=\"https:\/\/independent.academia.edu\/MiguelRodr%C3%ADguezPantojaM%C3%A1rquez\"><i class=\"fa-solid fa-arrow-up-right-from-square\"><\/i><\/a>   <strong><a href=\"https:\/\/independent.academia.edu\/MiguelRodr%C3%ADguezPantojaM%C3%A1rquez\">Dr. Miguel Rodr\u00edguez-Pantoja M\u00e1rquez<\/a><\/strong><\/p>\n\n\n\n<p>Catedr\u00e1tico de Filolog\u00eda Latina. Universidad de C\u00f3rdoba<\/p>\n\n\n\n<hr class=\"wp-block-separator has-alpha-channel-opacity is-style-wide\"\/>\n\n\n\n<p><img loading=\"lazy\" decoding=\"async\" width=\"300\" height=\"169\" class=\"wp-image-92\" style=\"width: 300px;\" src=\"http:\/\/grupo.us.es\/rethinking\/wp-content\/uploads\/2024\/09\/Gregori.jpg\" alt=\"\" srcset=\"http:\/\/grupo.us.es\/rethinking\/wp-content\/uploads\/2024\/09\/Gregori.jpg 876w, http:\/\/grupo.us.es\/rethinking\/wp-content\/uploads\/2024\/09\/Gregori-300x169.jpg 300w, http:\/\/grupo.us.es\/rethinking\/wp-content\/uploads\/2024\/09\/Gregori-768x432.jpg 768w\" sizes=\"auto, (max-width: 300px) 100vw, 300px\" \/><\/p>\n\n\n\n<p><a href=\"https:\/\/www.lettere.uniroma1.it\/users\/gianluca-gregori\"><i class=\"fa-solid fa-arrow-up-right-from-square\"><\/i><\/a>   <a href=\"https:\/\/www.lettere.uniroma1.it\/users\/gianluca-gregori\" target=\"_blank\" rel=\"noreferrer noopener\"><strong>Dr. Gian Luca Gregori<\/strong><\/a><\/p>\n\n\n\n<p>Catedr\u00e1tico de Historia Antigua. <em>Sapienza Universit\u00e0 di Roma<\/em><\/p>\n\n\n\n<hr class=\"wp-block-separator has-alpha-channel-opacity is-style-wide\"\/>\n\n\n\n<p class=\"has-text-align-left\"><img loading=\"lazy\" decoding=\"async\" width=\"300\" height=\"201\" class=\"wp-image-113\" style=\"width: 300px;\" src=\"http:\/\/grupo.us.es\/rethinking\/wp-content\/uploads\/2024\/09\/WhatsApp-Image-2024-09-12-at-09.23.18-1.jpeg\" alt=\"\" srcset=\"http:\/\/grupo.us.es\/rethinking\/wp-content\/uploads\/2024\/09\/WhatsApp-Image-2024-09-12-at-09.23.18-1.jpeg 945w, http:\/\/grupo.us.es\/rethinking\/wp-content\/uploads\/2024\/09\/WhatsApp-Image-2024-09-12-at-09.23.18-1-300x201.jpeg 300w, http:\/\/grupo.us.es\/rethinking\/wp-content\/uploads\/2024\/09\/WhatsApp-Image-2024-09-12-at-09.23.18-1-768x514.jpeg 768w\" sizes=\"auto, (max-width: 300px) 100vw, 300px\" \/><\/p>\n\n\n\n<p class=\"has-text-align-left\"><a href=\"https:\/\/www.ucm.es\/arqueologiaafricana\/sergio-espana-chamorro\"><i class=\"fa-solid fa-arrow-up-right-from-square\"><\/i><\/a>   <a style=\"font-weight: bold;\" href=\"https:\/\/www.ucm.es\/arqueologiaafricana\/sergio-espana-chamorro\">Dr. Sergio Espa\u00f1a Chamorro<\/a><\/p>\n\n\n\n<p>Contratado Ram\u00f3n y Cajal. Universidad Complutense <\/p>\n\n\n\n<hr class=\"wp-block-separator has-alpha-channel-opacity is-style-wide\"\/>\n\n\n\n<hr class=\"wp-block-separator has-alpha-channel-opacity is-style-wide\"\/>\n\n\n\n<p><img loading=\"lazy\" decoding=\"async\" width=\"300\" height=\"169\" class=\"wp-image-94\" style=\"width: 300px;\" src=\"http:\/\/grupo.us.es\/rethinking\/wp-content\/uploads\/2024\/09\/Tecca.jpg\" alt=\"\" srcset=\"http:\/\/grupo.us.es\/rethinking\/wp-content\/uploads\/2024\/09\/Tecca.jpg 876w, http:\/\/grupo.us.es\/rethinking\/wp-content\/uploads\/2024\/09\/Tecca-300x169.jpg 300w, http:\/\/grupo.us.es\/rethinking\/wp-content\/uploads\/2024\/09\/Tecca-768x432.jpg 768w\" sizes=\"auto, (max-width: 300px) 100vw, 300px\" \/><\/p>\n\n\n\n<p><a href=\"https:\/\/us.academia.edu\/FrancescoTecca\"><i class=\"fa-solid fa-arrow-up-right-from-square\"><\/i><\/a>   <strong><a href=\"https:\/\/us.academia.edu\/FrancescoTecca\">Dr. Francesco Tecca<\/a><\/strong><\/p>\n\n\n\n<hr class=\"wp-block-separator has-alpha-channel-opacity is-style-wide\"\/>\n\n\n\n<p><img loading=\"lazy\" decoding=\"async\" width=\"300\" height=\"169\" class=\"wp-image-95\" style=\"width: 300px;\" src=\"http:\/\/grupo.us.es\/rethinking\/wp-content\/uploads\/2024\/09\/butini.jpg\" alt=\"\" srcset=\"http:\/\/grupo.us.es\/rethinking\/wp-content\/uploads\/2024\/09\/butini.jpg 876w, http:\/\/grupo.us.es\/rethinking\/wp-content\/uploads\/2024\/09\/butini-300x169.jpg 300w, http:\/\/grupo.us.es\/rethinking\/wp-content\/uploads\/2024\/09\/butini-768x432.jpg 768w\" sizes=\"auto, (max-width: 300px) 100vw, 300px\" \/><\/p>\n\n\n\n<p><a href=\"https:\/\/us.academia.edu\/MicheleButini\"><i class=\"fa-solid fa-arrow-up-right-from-square\"><\/i><\/a>   <strong><a href=\"https:\/\/us.academia.edu\/MicheleButini\">Dr. Michele Butini<\/a><\/strong><\/p>\n\n\n\n<p>Contratado posdoctoral. <em>Sapienza Universit\u00e0 di Roma<\/em><\/p>\n\n\n\n<hr class=\"wp-block-separator has-alpha-channel-opacity is-style-wide\"\/>\n\n\n\n<p><img loading=\"lazy\" decoding=\"async\" width=\"300\" height=\"203\" class=\"wp-image-453\" style=\"width: 300px;\" src=\"http:\/\/grupo.us.es\/rethinking\/wp-content\/uploads\/2024\/09\/WhatsApp-Image-2024-09-21-at-10.11.53.jpeg\" alt=\"\" srcset=\"http:\/\/grupo.us.es\/rethinking\/wp-content\/uploads\/2024\/09\/WhatsApp-Image-2024-09-21-at-10.11.53.jpeg 2030w, http:\/\/grupo.us.es\/rethinking\/wp-content\/uploads\/2024\/09\/WhatsApp-Image-2024-09-21-at-10.11.53-300x203.jpeg 300w, http:\/\/grupo.us.es\/rethinking\/wp-content\/uploads\/2024\/09\/WhatsApp-Image-2024-09-21-at-10.11.53-1024x695.jpeg 1024w, http:\/\/grupo.us.es\/rethinking\/wp-content\/uploads\/2024\/09\/WhatsApp-Image-2024-09-21-at-10.11.53-768x521.jpeg 768w, http:\/\/grupo.us.es\/rethinking\/wp-content\/uploads\/2024\/09\/WhatsApp-Image-2024-09-21-at-10.11.53-1536x1042.jpeg 1536w, http:\/\/grupo.us.es\/rethinking\/wp-content\/uploads\/2024\/09\/WhatsApp-Image-2024-09-21-at-10.11.53-600x407.jpeg 600w\" sizes=\"auto, (max-width: 300px) 100vw, 300px\" \/><\/p>\n\n\n\n<p><a href=\"https:\/\/prisma.us.es\/investigador\/7443\"><i class=\"fa-solid fa-arrow-up-right-from-square\"><\/i><\/a> <strong><a href=\"https:\/\/prisma.us.es\/investigador\/7443\">Dra. Yolanda L\u00f3pez S\u00e1nchez<\/a><\/strong><\/p>\n\n\n\n<p>Personal Investigador en formaci\u00f3n. Universidad de Sevilla<\/p>\n\n\n\n<hr class=\"wp-block-separator has-alpha-channel-opacity is-style-wide\"\/>\n\n\n\n<p><img loading=\"lazy\" decoding=\"async\" width=\"300\" height=\"199\" class=\"wp-image-514\" style=\"width: 300px;\" src=\"http:\/\/grupo.us.es\/rethinking\/wp-content\/uploads\/2024\/10\/Ff5e8DwXgAEacIq.jpg\" alt=\"\" srcset=\"http:\/\/grupo.us.es\/rethinking\/wp-content\/uploads\/2024\/10\/Ff5e8DwXgAEacIq.jpg 724w, http:\/\/grupo.us.es\/rethinking\/wp-content\/uploads\/2024\/10\/Ff5e8DwXgAEacIq-300x199.jpg 300w\" sizes=\"auto, (max-width: 300px) 100vw, 300px\" \/><\/p>\n\n\n\n<p><a href=\"https:\/\/us.academia.edu\/ChristianG%C3%B3mezSalas\"> <i class=\"fa-solid fa-arrow-up-right-from-square\"><\/i><strong>   Christian G\u00f3mez Salas<\/strong><\/a><\/p>\n\n\n\n<p>Personal Investigador en formaci\u00f3n. Universidad de Sevilla<\/p>\n\n\n\n<hr class=\"wp-block-separator has-alpha-channel-opacity is-style-wide\"\/>\n\n\n\n<p>.<img loading=\"lazy\" decoding=\"async\" width=\"300\" height=\"184\" class=\"wp-image-506\" style=\"width: 300px;\" src=\"http:\/\/grupo.us.es\/rethinking\/wp-content\/uploads\/2024\/09\/foto-aog.jpg\" alt=\"\" srcset=\"http:\/\/grupo.us.es\/rethinking\/wp-content\/uploads\/2024\/09\/foto-aog.jpg 1254w, http:\/\/grupo.us.es\/rethinking\/wp-content\/uploads\/2024\/09\/foto-aog-300x184.jpg 300w, http:\/\/grupo.us.es\/rethinking\/wp-content\/uploads\/2024\/09\/foto-aog-1024x627.jpg 1024w, http:\/\/grupo.us.es\/rethinking\/wp-content\/uploads\/2024\/09\/foto-aog-768x470.jpg 768w\" sizes=\"auto, (max-width: 300px) 100vw, 300px\" \/><\/p>\n\n\n\n<p><a href=\"https:\/\/investigacion.us.es\/sisius\/sis_showpub.php?ct=1&amp;cs=&amp;idpers=26657\"><i class=\"fa-solid fa-arrow-up-right-from-square\"><\/i><\/a>   <strong><a href=\"https:\/\/investigacion.us.es\/sisius\/sis_showpub.php?ct=1&amp;cs=&amp;idpers=26657\">Alicia Ortiz G\u00f3mez<\/a><\/strong><\/p>\n\n\n\n<p>Personal Investigador en formaci\u00f3n. Universidad de Sevilla<\/p>\n\n\n\n<hr class=\"wp-block-separator has-alpha-channel-opacity is-style-wide\"\/>\n\n\n\n<p><img loading=\"lazy\" decoding=\"async\" width=\"300\" height=\"189\" class=\"wp-image-511\" style=\"width: 300px;\" src=\"http:\/\/grupo.us.es\/rethinking\/wp-content\/uploads\/2024\/10\/Foto-Sonia-Casto.png\" alt=\"\" srcset=\"http:\/\/grupo.us.es\/rethinking\/wp-content\/uploads\/2024\/10\/Foto-Sonia-Casto.png 2578w, http:\/\/grupo.us.es\/rethinking\/wp-content\/uploads\/2024\/10\/Foto-Sonia-Casto-300x189.png 300w, http:\/\/grupo.us.es\/rethinking\/wp-content\/uploads\/2024\/10\/Foto-Sonia-Casto-1024x645.png 1024w, http:\/\/grupo.us.es\/rethinking\/wp-content\/uploads\/2024\/10\/Foto-Sonia-Casto-768x484.png 768w, http:\/\/grupo.us.es\/rethinking\/wp-content\/uploads\/2024\/10\/Foto-Sonia-Casto-1536x967.png 1536w, http:\/\/grupo.us.es\/rethinking\/wp-content\/uploads\/2024\/10\/Foto-Sonia-Casto-2048x1289.png 2048w\" sizes=\"auto, (max-width: 300px) 100vw, 300px\" \/><\/p>\n\n\n\n<p><a href=\"https:\/\/investigacion.us.es\/sisius\/sis_showpub.php?ct=1&amp;cs=&amp;idpers=25404\"><i class=\"fa-solid fa-arrow-up-right-from-square\"><\/i><\/a> <strong><a href=\"https:\/\/investigacion.us.es\/sisius\/sis_showpub.php?ct=1&amp;cs=&amp;idpers=25404\">Dra. Sonia Casto Ruiz<\/a><\/strong><\/p>\n\n\n\n<p>Universidad de Sevilla<\/p>\n\n\n\n<hr class=\"wp-block-separator has-alpha-channel-opacity is-style-wide\"\/>\n\n\n\n<p><i class=\"fa-solid fa-arrow-up-right-from-square\"><\/i><strong><img loading=\"lazy\" decoding=\"async\" width=\"300\" height=\"192\" class=\"wp-image-524\" style=\"width: 300px;\" src=\"http:\/\/grupo.us.es\/rethinking\/wp-content\/uploads\/2025\/01\/JOrge-scaled.jpg\" alt=\"\" srcset=\"http:\/\/grupo.us.es\/rethinking\/wp-content\/uploads\/2025\/01\/JOrge-scaled.jpg 2560w, http:\/\/grupo.us.es\/rethinking\/wp-content\/uploads\/2025\/01\/JOrge-300x192.jpg 300w, http:\/\/grupo.us.es\/rethinking\/wp-content\/uploads\/2025\/01\/JOrge-1024x656.jpg 1024w, http:\/\/grupo.us.es\/rethinking\/wp-content\/uploads\/2025\/01\/JOrge-768x492.jpg 768w, http:\/\/grupo.us.es\/rethinking\/wp-content\/uploads\/2025\/01\/JOrge-1536x984.jpg 1536w, http:\/\/grupo.us.es\/rethinking\/wp-content\/uploads\/2025\/01\/JOrge-2048x1312.jpg 2048w\" sizes=\"auto, (max-width: 300px) 100vw, 300px\" \/><\/strong><\/p>\n\n\n\n<p><strong>Jorge Ponce Bejarano<\/strong><\/p>\n\n\n\n<p>Universidad de Sevilla<\/p>\n\n\n\n<p><\/p>\n","protected":false},"excerpt":{"rendered":"<p>Equipo de Investigaci\u00f3n (*pulse para ir al los datos y publicaciones de cada investigador) Dra. Mar\u00eda Lim\u00f3n Bel\u00e9n (Investigadora Principal) Profesora Titular de Filolog\u00eda Latina. Universidad de Sevilla Dra. Concepci\u00f3n Fern\u00e1ndez Mart\u00ednez Catedr\u00e1tica de Filolog\u00eda Latina. Universidad de Sevilla Dr.<\/p>\n","protected":false},"author":1,"featured_media":0,"parent":0,"menu_order":0,"comment_status":"closed","ping_status":"closed","template":"","meta":{"footnotes":""},"class_list":["post-89","page","type-page","status-publish","hentry"],"_links":{"self":[{"href":"http:\/\/grupo.us.es\/rethinking\/index.php?rest_route=\/wp\/v2\/pages\/89","targetHints":{"allow":["GET"]}}],"collection":[{"href":"http:\/\/grupo.us.es\/rethinking\/index.php?rest_route=\/wp\/v2\/pages"}],"about":[{"href":"http:\/\/grupo.us.es\/rethinking\/index.php?rest_route=\/wp\/v2\/types\/page"}],"author":[{"embeddable":true,"href":"http:\/\/grupo.us.es\/rethinking\/index.php?rest_route=\/wp\/v2\/users\/1"}],"replies":[{"embeddable":true,"href":"http:\/\/grupo.us.es\/rethinking\/index.php?rest_route=%2Fwp%2Fv2%2Fcomments&post=89"}],"version-history":[{"count":45,"href":"http:\/\/grupo.us.es\/rethinking\/index.php?rest_route=\/wp\/v2\/pages\/89\/revisions"}],"predecessor-version":[{"id":528,"href":"http:\/\/grupo.us.es\/rethinking\/index.php?rest_route=\/wp\/v2\/pages\/89\/revisions\/528"}],"wp:attachment":[{"href":"http:\/\/grupo.us.es\/rethinking\/index.php?rest_route=%2Fwp%2Fv2%2Fmedia&parent=89"}],"curies":[{"name":"wp","href":"https:\/\/api.w.org\/{rel}","templated":true}]}}