{"id":365,"date":"2024-09-23T19:26:45","date_gmt":"2024-09-23T17:26:45","guid":{"rendered":"http:\/\/grupo.us.es\/rethinking\/?page_id=365"},"modified":"2024-09-24T18:52:50","modified_gmt":"2024-09-24T16:52:50","slug":"metodologia","status":"publish","type":"page","link":"http:\/\/grupo.us.es\/rethinking\/?page_id=365","title":{"rendered":"Metodolog\u00eda"},"content":{"rendered":"\n<p>La base del proyecto son los estudios epigr\u00e1ficos y las t\u00e9cnicas de edici\u00f3n textuales, que se combinan con teor\u00edas y an\u00e1lisis ling\u00fc\u00edsticos, literarios, hist\u00f3ricos y cr\u00edticos de las fuentes. Para ello, aplicamos una metodolog\u00eda compleja e integrada, basada en la aplicaci\u00f3n de las mejores pr\u00e1cticas en las disciplinas implicadas en nuestra investigaci\u00f3n (filolog\u00eda, ling\u00fc\u00edstica, historia, epigraf\u00eda, humanidades digitales y arqueolog\u00eda). El equipo, dada su dilatada experiencia en proyectos similares en a\u00f1os anteriores, posee ya una din\u00e1mica de trabajo que hoy por hoy le permite abordar los distintos hitos del proyecto.<\/p>\n\n\n\n<p>De esta forma, nuestra investigaci\u00f3n se basa en tres pilares fundamentales: la investigaci\u00f3n individual para la elaboraci\u00f3n de art\u00edculos sustanciales de autor\u00eda \u00fanica, el intercambio de ideas en colaboraci\u00f3n y de actividades y publicaciones coordinadas y la difusi\u00f3n y transferencia de los resultados de nuestra investigaci\u00f3n.<\/p>\n","protected":false},"excerpt":{"rendered":"<p>La base del proyecto son los estudios epigr\u00e1ficos y las t\u00e9cnicas de edici\u00f3n textuales, que se combinan con teor\u00edas y an\u00e1lisis ling\u00fc\u00edsticos, literarios, hist\u00f3ricos y cr\u00edticos de las fuentes. Para ello, aplicamos una metodolog\u00eda compleja e integrada, basada en la<\/p>\n","protected":false},"author":1,"featured_media":0,"parent":0,"menu_order":0,"comment_status":"closed","ping_status":"closed","template":"","meta":{"footnotes":""},"class_list":["post-365","page","type-page","status-publish","hentry"],"_links":{"self":[{"href":"http:\/\/grupo.us.es\/rethinking\/index.php?rest_route=\/wp\/v2\/pages\/365","targetHints":{"allow":["GET"]}}],"collection":[{"href":"http:\/\/grupo.us.es\/rethinking\/index.php?rest_route=\/wp\/v2\/pages"}],"about":[{"href":"http:\/\/grupo.us.es\/rethinking\/index.php?rest_route=\/wp\/v2\/types\/page"}],"author":[{"embeddable":true,"href":"http:\/\/grupo.us.es\/rethinking\/index.php?rest_route=\/wp\/v2\/users\/1"}],"replies":[{"embeddable":true,"href":"http:\/\/grupo.us.es\/rethinking\/index.php?rest_route=%2Fwp%2Fv2%2Fcomments&post=365"}],"version-history":[{"count":2,"href":"http:\/\/grupo.us.es\/rethinking\/index.php?rest_route=\/wp\/v2\/pages\/365\/revisions"}],"predecessor-version":[{"id":477,"href":"http:\/\/grupo.us.es\/rethinking\/index.php?rest_route=\/wp\/v2\/pages\/365\/revisions\/477"}],"wp:attachment":[{"href":"http:\/\/grupo.us.es\/rethinking\/index.php?rest_route=%2Fwp%2Fv2%2Fmedia&parent=365"}],"curies":[{"name":"wp","href":"https:\/\/api.w.org\/{rel}","templated":true}]}}

Metodología

<p>La base del proyecto son los estudios epigráficos y las técnicas de edición textuales, que se combinan con teorías y análisis lingüísticos, literarios, históricos y críticos de las fuentes. Para ello, aplicamos una metodología compleja e integrada, basada en la aplicación de las mejores prácticas en las disciplinas implicadas en nuestra investigación (filología, lingüística, historia, epigrafía, humanidades digitales y arqueología). El equipo, dada su dilatada experiencia en proyectos similares en años anteriores, posee ya una dinámica de trabajo que hoy por hoy le permite abordar los distintos hitos del proyecto.</p>



<p>De esta forma, nuestra investigación se basa en tres pilares fundamentales: la investigación individual para la elaboración de artículos sustanciales de autoría única, el intercambio de ideas en colaboración y de actividades y publicaciones coordinadas y la difusión y transferencia de los resultados de nuestra investigación.</p>

<p>La base del proyecto son los estudios epigráficos y las técnicas de edición textuales, que se combinan con teorías y análisis lingüísticos, literarios, históricos y críticos de las fuentes. Para ello, aplicamos una metodología compleja e integrada, basada en la</p>
