{"id":2485,"date":"2021-04-12T22:38:24","date_gmt":"2021-04-12T22:38:24","guid":{"rendered":"http:\/\/grupo.us.es\/psycoms\/?page_id=2485"},"modified":"2021-04-12T22:38:54","modified_gmt":"2021-04-12T22:38:54","slug":"proteccion-de-datos","status":"publish","type":"page","link":"https:\/\/grupo.us.es\/psycoms\/proteccion-de-datos\/","title":{"rendered":"Protecci\u00f3n de Datos"},"content":{"rendered":"<section class=\"kc-elm kc-css-658686 kc_row\"><div class=\"kc-row-container  kc-container\"><div class=\"kc-wrap-columns\"><div class=\"kc-elm kc-css-913110 kc_col-sm-12 kc_column kc_col-sm-12\"><div class=\"kc-col-container\"><div class=\"kc-elm kc-css-617603\" style=\"height: 50px; clear: both; width:100%;\"><\/div><div class=\"kc-elm kc-css-450620 kc_text_block\"><\/p>\n<p>El nuevo Reglamento (UE)2016\/679 del parlamento Europeo y del Consejo, relativo a la protecci\u00f3n de las personas f\u00edsicas en lo que respecta al tratamiento de datos personales y a la libre circulaci\u00f3n de estos datos (RGPD)\u00a0 entr\u00f3 en vigor en mayo de 2016 . El\u00a0art\u00edculo\u00a037.1.a) de la citada normativa establece que cuando el\u00a0<strong>tratamiento de datos personales<\/strong>\u00a0sea llevado a cabo por una autoridad u\u00a0<strong>organismo p\u00fablico<\/strong>, como es el caso de la Universidad de Sevilla, el responsable del tratamiento deber\u00e1 designar un\u00a0<strong>Delegado de Protecci\u00f3n de Datos.<\/strong><\/p>\n<p>De este modo y en cumplimiento de dicho art\u00edculo, la US cre\u00f3 la figura Delegado\u00a0de Protecci\u00f3n\u00a0\u00a0de Datos, encargado en supervisar y ayudar al responsable en todo lo concerniente al cumplimiento del RGPD, mediante labores de informaci\u00f3n,\u00a0asesoramiento y cooperaci\u00f3n con la autoridad de control.<\/p>\n<p>La Universidad de Sevilla, como responsable de los tratamientos de datos personales que en ella se realizan, est\u00e1 comprometida con la protecci\u00f3n de los datos personales incluidos en sus distintos tratamientos, como manifestaci\u00f3n de la protecci\u00f3n del derecho fundamental a la autodeterminaci\u00f3n informativa de los interesados.<\/p>\n<p><strong>Informaci\u00f3n sobre el\u00a0tratamiento de datos personales en comunicaci\u00f3n institucional<\/strong><\/p>\n<p>En aplicaci\u00f3n del principio de transparencia y lealtad regulado en el Reglamento General de Protecci\u00f3n de datos RGPD UE 2016\/679 se le informa que la Universidad de Sevilla es responsable del presente tratamiento,\u00a0<strong>\u201cComunicaci\u00f3n Institucional\u201d<\/strong>\u00a0que tiene como finalidad Comunicaci\u00f3n institucional interna y externa, para la promoci\u00f3n y divulgaci\u00f3n de la realidad acad\u00e9mica e investigadora de la US. El tratamiento se realiza para el cumplimiento de una misi\u00f3n realizada en inter\u00e9s p\u00fablico o en el ejercicio de poderes p\u00fablicos conferidos al responsable del tratamiento, y en su caso se basar\u00e1 en el consentimiento del interesado. Tiene derecho a acceder, rectificar y suprimir sus datos personales, as\u00ed como a otros derechos que puede consultar, junto a una informaci\u00f3n adicional m\u00e1s detallada, en el\u00a0<a href=\"https:\/\/sic.us.es\/sites\/default\/files\/pd\/clausuladeinformaciondefcomunicaciondef.pdf\" target=\"_blank\" rel=\"noopener\">siguiente\u00a0enlace<\/a>.<\/p>\n<p class=\"text-align-center\"><a class=\"enlace-flecha\" href=\"https:\/\/sic.us.es\/proteccion-de-datos-personales\" target=\"_blank\" rel=\"noopener\">Ir al Pol\u00edtica\u00a0de Protecci\u00f3n de datos<\/a><\/p>\n<p>\n<\/div><div class=\"kc-elm kc-css-812068\" style=\"height: 50px; clear: both; width:100%;\"><\/div><\/div><\/div><\/div><\/div><\/section>\n","protected":false},"excerpt":{"rendered":"","protected":false},"author":1,"featured_media":0,"parent":0,"menu_order":0,"comment_status":"closed","ping_status":"closed","template":"","meta":{"footnotes":""},"class_list":["post-2485","page","type-page","status-publish","hentry"],"yoast_head":"<!-- This site is optimized with the Yoast SEO plugin v27.5 - https:\/\/yoast.com\/product\/yoast-seo-wordpress\/ -->\n<title>Protecci\u00f3n de Datos - Grupo de Investigaci\u00f3n<\/title>\n<meta name=\"robots\" content=\"index, follow, max-snippet:-1, max-image-preview:large, max-video-preview:-1\" \/>\n<link rel=\"canonical\" href=\"https:\/\/grupo.us.es\/psycoms\/proteccion-de-datos\/\" \/>\n<meta property=\"og:locale\" content=\"es_ES\" \/>\n<meta property=\"og:type\" content=\"article\" \/>\n<meta property=\"og:title\" content=\"Protecci\u00f3n de Datos - Grupo de Investigaci\u00f3n\" \/>\n<meta property=\"og:description\" content=\"El nuevo Reglamento (UE)2016\/679 del parlamento Europeo y del Consejo, relativo a la protecci\u00f3n de las personas f\u00edsicas en lo que respecta al tratamiento de datos personales y a la libre circulaci\u00f3n de estos datos (RGPD)\u00a0 entr\u00f3 en vigor en mayo de 2016 . El\u00a0art\u00edculo\u00a037.1.a) de la citada normativa establece que cuando el\u00a0tratamiento de datos [&hellip;]\" \/>\n<meta property=\"og:url\" content=\"https:\/\/grupo.us.es\/psycoms\/proteccion-de-datos\/\" \/>\n<meta property=\"og:site_name\" content=\"Grupo de Investigaci\u00f3n\" \/>\n<meta property=\"article:modified_time\" content=\"2021-04-12T22:38:54+00:00\" \/>\n<meta name=\"twitter:card\" content=\"summary_large_image\" \/>\n<meta name=\"twitter:label1\" content=\"Tiempo de lectura\" \/>\n\t<meta name=\"twitter:data1\" content=\"2 minutos\" \/>\n<script type=\"application\/ld+json\" class=\"yoast-schema-graph\">{\"@context\":\"https:\\\/\\\/schema.org\",\"@graph\":[{\"@type\":\"WebPage\",\"@id\":\"https:\\\/\\\/grupo.us.es\\\/psycoms\\\/proteccion-de-datos\\\/\",\"url\":\"https:\\\/\\\/grupo.us.es\\\/psycoms\\\/proteccion-de-datos\\\/\",\"name\":\"Protecci\u00f3n de Datos - Grupo de Investigaci\u00f3n\",\"isPartOf\":{\"@id\":\"https:\\\/\\\/grupo.us.es\\\/psycoms\\\/#website\"},\"datePublished\":\"2021-04-12T22:38:24+00:00\",\"dateModified\":\"2021-04-12T22:38:54+00:00\",\"breadcrumb\":{\"@id\":\"https:\\\/\\\/grupo.us.es\\\/psycoms\\\/proteccion-de-datos\\\/#breadcrumb\"},\"inLanguage\":\"es\",\"potentialAction\":[{\"@type\":\"ReadAction\",\"target\":[\"https:\\\/\\\/grupo.us.es\\\/psycoms\\\/proteccion-de-datos\\\/\"]}]},{\"@type\":\"BreadcrumbList\",\"@id\":\"https:\\\/\\\/grupo.us.es\\\/psycoms\\\/proteccion-de-datos\\\/#breadcrumb\",\"itemListElement\":[{\"@type\":\"ListItem\",\"position\":1,\"name\":\"Inicio\",\"item\":\"https:\\\/\\\/grupo.us.es\\\/psycoms\\\/\"},{\"@type\":\"ListItem\",\"position\":2,\"name\":\"Protecci\u00f3n de Datos\"}]},{\"@type\":\"WebSite\",\"@id\":\"https:\\\/\\\/grupo.us.es\\\/psycoms\\\/#website\",\"url\":\"https:\\\/\\\/grupo.us.es\\\/psycoms\\\/\",\"name\":\"Grupo de Investigaci\u00f3n\",\"description\":\"Departamento de Psicolog\u00eda Social de la Universidad de Sevilla\",\"potentialAction\":[{\"@type\":\"SearchAction\",\"target\":{\"@type\":\"EntryPoint\",\"urlTemplate\":\"https:\\\/\\\/grupo.us.es\\\/psycoms\\\/?s={search_term_string}\"},\"query-input\":{\"@type\":\"PropertyValueSpecification\",\"valueRequired\":true,\"valueName\":\"search_term_string\"}}],\"inLanguage\":\"es\"}]}<\/script>\n<!-- \/ Yoast SEO plugin. -->","yoast_head_json":{"title":"Protecci\u00f3n de Datos - Grupo de Investigaci\u00f3n","robots":{"index":"index","follow":"follow","max-snippet":"max-snippet:-1","max-image-preview":"max-image-preview:large","max-video-preview":"max-video-preview:-1"},"canonical":"https:\/\/grupo.us.es\/psycoms\/proteccion-de-datos\/","og_locale":"es_ES","og_type":"article","og_title":"Protecci\u00f3n de Datos - Grupo de Investigaci\u00f3n","og_description":"El nuevo Reglamento (UE)2016\/679 del parlamento Europeo y del Consejo, relativo a la protecci\u00f3n de las personas f\u00edsicas en lo que respecta al tratamiento de datos personales y a la libre circulaci\u00f3n de estos datos (RGPD)\u00a0 entr\u00f3 en vigor en mayo de 2016 . El\u00a0art\u00edculo\u00a037.1.a) de la citada normativa establece que cuando el\u00a0tratamiento de datos [&hellip;]","og_url":"https:\/\/grupo.us.es\/psycoms\/proteccion-de-datos\/","og_site_name":"Grupo de Investigaci\u00f3n","article_modified_time":"2021-04-12T22:38:54+00:00","twitter_card":"summary_large_image","twitter_misc":{"Tiempo de lectura":"2 minutos"},"schema":{"@context":"https:\/\/schema.org","@graph":[{"@type":"WebPage","@id":"https:\/\/grupo.us.es\/psycoms\/proteccion-de-datos\/","url":"https:\/\/grupo.us.es\/psycoms\/proteccion-de-datos\/","name":"Protecci\u00f3n de Datos - Grupo de Investigaci\u00f3n","isPartOf":{"@id":"https:\/\/grupo.us.es\/psycoms\/#website"},"datePublished":"2021-04-12T22:38:24+00:00","dateModified":"2021-04-12T22:38:54+00:00","breadcrumb":{"@id":"https:\/\/grupo.us.es\/psycoms\/proteccion-de-datos\/#breadcrumb"},"inLanguage":"es","potentialAction":[{"@type":"ReadAction","target":["https:\/\/grupo.us.es\/psycoms\/proteccion-de-datos\/"]}]},{"@type":"BreadcrumbList","@id":"https:\/\/grupo.us.es\/psycoms\/proteccion-de-datos\/#breadcrumb","itemListElement":[{"@type":"ListItem","position":1,"name":"Inicio","item":"https:\/\/grupo.us.es\/psycoms\/"},{"@type":"ListItem","position":2,"name":"Protecci\u00f3n de Datos"}]},{"@type":"WebSite","@id":"https:\/\/grupo.us.es\/psycoms\/#website","url":"https:\/\/grupo.us.es\/psycoms\/","name":"Grupo de Investigaci\u00f3n","description":"Departamento de Psicolog\u00eda Social de la Universidad de Sevilla","potentialAction":[{"@type":"SearchAction","target":{"@type":"EntryPoint","urlTemplate":"https:\/\/grupo.us.es\/psycoms\/?s={search_term_string}"},"query-input":{"@type":"PropertyValueSpecification","valueRequired":true,"valueName":"search_term_string"}}],"inLanguage":"es"}]}},"_links":{"self":[{"href":"https:\/\/grupo.us.es\/psycoms\/wp-json\/wp\/v2\/pages\/2485","targetHints":{"allow":["GET"]}}],"collection":[{"href":"https:\/\/grupo.us.es\/psycoms\/wp-json\/wp\/v2\/pages"}],"about":[{"href":"https:\/\/grupo.us.es\/psycoms\/wp-json\/wp\/v2\/types\/page"}],"author":[{"embeddable":true,"href":"https:\/\/grupo.us.es\/psycoms\/wp-json\/wp\/v2\/users\/1"}],"replies":[{"embeddable":true,"href":"https:\/\/grupo.us.es\/psycoms\/wp-json\/wp\/v2\/comments?post=2485"}],"version-history":[{"count":0,"href":"https:\/\/grupo.us.es\/psycoms\/wp-json\/wp\/v2\/pages\/2485\/revisions"}],"wp:attachment":[{"href":"https:\/\/grupo.us.es\/psycoms\/wp-json\/wp\/v2\/media?parent=2485"}],"curies":[{"name":"wp","href":"https:\/\/api.w.org\/{rel}","templated":true}]}}

Protección de Datos

<section class="kc-elm kc-css-658686 kc_row"><div class="kc-row-container  kc-container"><div class="kc-wrap-columns"><div class="kc-elm kc-css-913110 kc_col-sm-12 kc_column kc_col-sm-12"><div class="kc-col-container"><div class="kc-elm kc-css-617603" style="height: 50px; clear: both; width:100%;"></div><div class="kc-elm kc-css-450620 kc_text_block"></p>
<p>El nuevo Reglamento (UE)2016/679 del parlamento Europeo y del Consejo, relativo a la protección de las personas físicas en lo que respecta al tratamiento de datos personales y a la libre circulación de estos datos (RGPD)  entró en vigor en mayo de 2016 . El artículo 37.1.a) de la citada normativa establece que cuando el <strong>tratamiento de datos personales</strong> sea llevado a cabo por una autoridad u <strong>organismo público</strong>, como es el caso de la Universidad de Sevilla, el responsable del tratamiento deberá designar un <strong>Delegado de Protección de Datos.</strong></p>
<p>De este modo y en cumplimiento de dicho artículo, la US creó la figura Delegado de Protección  de Datos, encargado en supervisar y ayudar al responsable en todo lo concerniente al cumplimiento del RGPD, mediante labores de información, asesoramiento y cooperación con la autoridad de control.</p>
<p>La Universidad de Sevilla, como responsable de los tratamientos de datos personales que en ella se realizan, está comprometida con la protección de los datos personales incluidos en sus distintos tratamientos, como manifestación de la protección del derecho fundamental a la autodeterminación informativa de los interesados.</p>
<p><strong>Información sobre el tratamiento de datos personales en comunicación institucional</strong></p>
<p>En aplicación del principio de transparencia y lealtad regulado en el Reglamento General de Protección de datos RGPD UE 2016/679 se le informa que la Universidad de Sevilla es responsable del presente tratamiento, <strong>“Comunicación Institucional”</strong> que tiene como finalidad Comunicación institucional interna y externa, para la promoción y divulgación de la realidad académica e investigadora de la US. El tratamiento se realiza para el cumplimiento de una misión realizada en interés público o en el ejercicio de poderes públicos conferidos al responsable del tratamiento, y en su caso se basará en el consentimiento del interesado. Tiene derecho a acceder, rectificar y suprimir sus datos personales, así como a otros derechos que puede consultar, junto a una información adicional más detallada, en el <a href="https://sic.us.es/sites/default/files/pd/clausuladeinformaciondefcomunicaciondef.pdf" target="_blank" rel="noopener">siguiente enlace</a>.</p>
<p class="text-align-center"><a class="enlace-flecha" href="https://sic.us.es/proteccion-de-datos-personales" target="_blank" rel="noopener">Ir al Política de Protección de datos</a></p>
<p>
</div><div class="kc-elm kc-css-812068" style="height: 50px; clear: both; width:100%;"></div></div></div></div></div></section>

<!-- This site is optimized with the Yoast SEO plugin v27.5 - https://yoast.com/product/yoast-seo-wordpress/ -->
<title>Protección de Datos - Grupo de Investigación</title>
<meta name="robots" content="index, follow, max-snippet:-1, max-image-preview:large, max-video-preview:-1" />
<link rel="canonical" href="https://grupo.us.es/psycoms/proteccion-de-datos/" />
<meta property="og:locale" content="es_ES" />
<meta property="og:type" content="article" />
<meta property="og:title" content="Protección de Datos - Grupo de Investigación" />
<meta property="og:description" content="El nuevo Reglamento (UE)2016/679 del parlamento Europeo y del Consejo, relativo a la protección de las personas físicas en lo que respecta al tratamiento de datos personales y a la libre circulación de estos datos (RGPD)  entró en vigor en mayo de 2016 . El artículo 37.1.a) de la citada normativa establece que cuando el tratamiento de datos [&hellip;]" />
<meta property="og:url" content="https://grupo.us.es/psycoms/proteccion-de-datos/" />
<meta property="og:site_name" content="Grupo de Investigación" />
<meta property="article:modified_time" content="2021-04-12T22:38:54+00:00" />
<meta name="twitter:card" content="summary_large_image" />
<meta name="twitter:label1" content="Tiempo de lectura" />
	<meta name="twitter:data1" content="2 minutos" />
<script type="application/ld+json" class="yoast-schema-graph">{"@context":"https:\/\/schema.org","@graph":[{"@type":"WebPage","@id":"https:\/\/grupo.us.es\/psycoms\/proteccion-de-datos\/","url":"https:\/\/grupo.us.es\/psycoms\/proteccion-de-datos\/","name":"Protección de Datos - Grupo de Investigación","isPartOf":{"@id":"https:\/\/grupo.us.es\/psycoms\/#website"},"datePublished":"2021-04-12T22:38:24+00:00","dateModified":"2021-04-12T22:38:54+00:00","breadcrumb":{"@id":"https:\/\/grupo.us.es\/psycoms\/proteccion-de-datos\/#breadcrumb"},"inLanguage":"es","potentialAction":[{"@type":"ReadAction","target":["https:\/\/grupo.us.es\/psycoms\/proteccion-de-datos\/"]}]},{"@type":"BreadcrumbList","@id":"https:\/\/grupo.us.es\/psycoms\/proteccion-de-datos\/#breadcrumb","itemListElement":[{"@type":"ListItem","position":1,"name":"Inicio","item":"https:\/\/grupo.us.es\/psycoms\/"},{"@type":"ListItem","position":2,"name":"Protección de Datos"}]},{"@type":"WebSite","@id":"https:\/\/grupo.us.es\/psycoms\/#website","url":"https:\/\/grupo.us.es\/psycoms\/","name":"Grupo de Investigación","description":"Departamento de Psicología Social de la Universidad de Sevilla","potentialAction":[{"@type":"SearchAction","target":{"@type":"EntryPoint","urlTemplate":"https:\/\/grupo.us.es\/psycoms\/?s={search_term_string}"},"query-input":{"@type":"PropertyValueSpecification","valueRequired":true,"valueName":"search_term_string"}}],"inLanguage":"es"}]}</script>
<!-- / Yoast SEO plugin. -->

Protección de Datos - Grupo de Investigación

El nuevo Reglamento (UE)2016/679 del parlamento Europeo y del Consejo, relativo a la protección de las personas físicas en lo que respecta al tratamiento de datos personales y a la libre circulación de estos datos (RGPD)  entró en vigor en mayo de 2016 . El artículo 37.1.a) de la citada normativa establece que cuando el tratamiento de datos [&hellip;]

Grupo de Investigación

Departamento de Psicología Social de la Universidad de Sevilla
