{"id":2477,"date":"2021-04-12T22:33:35","date_gmt":"2021-04-12T22:33:35","guid":{"rendered":"http:\/\/grupo.us.es\/psycoms\/?page_id=2477"},"modified":"2021-04-12T22:34:48","modified_gmt":"2021-04-12T22:34:48","slug":"aviso-legal","status":"publish","type":"page","link":"https:\/\/grupo.us.es\/psycoms\/aviso-legal\/","title":{"rendered":"Aviso Legal"},"content":{"rendered":"<section class=\"kc-elm kc-css-408448 kc_row\"><div class=\"kc-row-container  kc-container\"><div class=\"kc-wrap-columns\"><div class=\"kc-elm kc-css-368938 kc_col-sm-12 kc_column kc_col-sm-12\"><div class=\"kc-col-container\"><div class=\"kc-elm kc-css-744679\" style=\"height: 50px; clear: both; width:100%;\"><\/div><div class=\"kc-elm kc-css-435326 kc_text_block\"><\/p>\n<div class=\"field field--name-node-title field--type-ds field--label-hidden field__item\" style=\"box-sizing: border-box; color: #666666; font-family: &#039;Open Sans&#039;, sans-serif; font-size: 15px;\">\n<h3 style=\"box-sizing: border-box; font-family: inherit; font-weight: 400; line-height: 1.25; color: #343434; margin-top: 0px; margin-bottom: 9px; font-size: 21px; letter-spacing: 0px;\">Informaci\u00f3n general<\/h3>\n<p style=\"box-sizing: border-box; margin: 0px;\">En cumplimiento de lo previsto en la Ley 34\/2002, de 11 de julio, de Servicios de la Sociedad de la Informaci\u00f3n y de Comercio Electr\u00f3nico, as\u00ed como en otras normas de legal aplicaci\u00f3n, se pone en conocimiento de los usuarios del Portal de Internet www.us.es los siguientes datos de informaci\u00f3n general:<\/p>\n<\/div>\n<div class=\"clearfix text-formatted field field--name-body field--type-text-with-summary field--label-hidden field__item\" style=\"box-sizing: border-box; margin-bottom: 0px; color: #666666; font-family: &#039;Open Sans&#039;, sans-serif; font-size: 15px;\">\n<ol style=\"box-sizing: border-box; margin-top: 0px; margin-bottom: 9px;\">\n<li style=\"box-sizing: border-box;\">El presente portal constituye el Sitio Oficial en Internet del GRUPO DE INVESTIGACI\u00d3N DEL DEPARTAMENTO DE TRABAJO SOCIAL DE LA FACULTAD DE PSICOLOG\u00cdA DE LA UNIVERSIDAD DE SEVILLA. Ha sido creado y es mantenido a instancias del \u201cGRUPO DE INVESTIGACI\u00d3N DEL DEPARTAMENTO DE TRABAJO SOCIAL DE LA FACULTAD DE PSICOLOG\u00cdA DE LA UNIVERSIDAD DE SEVILLA\u201d, quien es su propietaria, as\u00ed como de aquellos nombres de dominio que a \u00e9l conducen<\/li>\n<li style=\"box-sizing: border-box;\">EL GRUPO DE INVESTIGACI\u00d3N DEL DEPARTAMENTO DE TRABAJO SOCIAL DE LA FACULTAD DE PSICOLOG\u00cdA DE LA UNIVERSIDAD DE SEVILLA\u00a0es una instituci\u00f3n p\u00fablica educativa.<\/li>\n<li style=\"box-sizing: border-box;\">EL GRUPO DE INVESTIGACI\u00d3N DEL DEPARTAMENTO DE TRABAJO SOCIAL DE LA FACULTAD DE PSICOLOG\u00cdA DE LA UNIVERSIDAD DE SEVILLA\u00a0est\u00e1 provisto de C.I.F. n\u00ba Q-4118001-I<\/li>\n<li style=\"box-sizing: border-box;\">La sede del GRUPO DE INVESTIGACI\u00d3N DEL DEPARTAMENTO DE TRABAJO SOCIAL DE LA FACULTAD DE PSICOLOG\u00cdA DE LA UNIVERSIDAD DE SEVILLA\u00a0se encuentra en:C\/ Camilo Jos\u00e9 Cela S\/N (C.P. 41018) SEVILLA<br style=\"box-sizing: border-box; margin-bottom: 0px;\" \/>ESPA\u00d1A<\/li>\n<li style=\"box-sizing: border-box; margin-bottom: 0px;\">Los usuarios del presente portal podr\u00e1n establecer una comunicaci\u00f3n directa y efectiva con el GRUPO DE INVESTIGACI\u00d3N DEL DEPARTAMENTO DE TRABAJO SOCIAL DE LA FACULTAD DE PSICOLOG\u00cdA DE LA UNIVERSIDAD DE SEVILLA\u00a0mediante comunicaci\u00f3n escrita remitida a su domicilio social, indicado en el punto 4 de los que componen esta Informaci\u00f3n General.<\/li>\n<\/ol>\n<h3 style=\"box-sizing: border-box; font-family: inherit; font-weight: 400; line-height: 1.25; color: #343434; margin-top: 0px; margin-bottom: 9px; font-size: 21px; letter-spacing: 0px;\">Pol\u00edtica de cookies<\/h3>\n<p style=\"box-sizing: border-box; margin: 0px 0px 9px;\">La presente pol\u00edtica de cookies tiene por finalidad informarle de manera clara y precisa sobre las cookies que se utilizan en el portal web del Grupo de Investigaci\u00f3n del Departamento de Trabajo Social de la facultad de Psicolog\u00eda de la Universidad de Sevilla.<\/p>\n<p style=\"box-sizing: border-box; margin: 0px 0px 9px;\"><strong style=\"box-sizing: border-box; margin-bottom: 0px;\">\u00bfQu\u00e9 son las cookies?<\/strong><\/p>\n<p style=\"box-sizing: border-box; margin: 0px 0px 9px;\">Una cookie es un fragmento de texto que los sitios web que visita env\u00edan al navegador y que permite que el sitio web recuerde informaci\u00f3n sobre su visita, como su idioma preferido y otras opciones, con el fin de facilitar su pr\u00f3xima visita y hacer que el sitio le resulte m\u00e1s \u00fatil. Las cookies desempe\u00f1an un papel muy importante y contribuyen a tener una mejor experiencia de navegaci\u00f3n para el usuario.<\/p>\n<p style=\"box-sizing: border-box; margin: 0px 0px 9px;\"><strong style=\"box-sizing: border-box; margin-bottom: 0px;\">Tipos de cookies<\/strong><\/p>\n<p style=\"box-sizing: border-box; margin: 0px 0px 9px;\">Seg\u00fan qui\u00e9n sea la entidad que gestione el dominio desde donde se env\u00edan las cookies y se traten los datos que se obtengan, se pueden distinguir dos tipos: cookies propias y cookies de terceros.<\/p>\n<p style=\"box-sizing: border-box; margin: 0px 0px 9px;\">Existe tambi\u00e9n una segunda clasificaci\u00f3n seg\u00fan el plazo de tiempo que permanecen almacenadas en el navegador del cliente, pudiendo tratarse de cookies de sesi\u00f3n o cookies persistentes.<\/p>\n<p style=\"box-sizing: border-box; margin: 0px 0px 9px;\">Por \u00faltimo, existe otra clasificaci\u00f3n con cinco tipos de cookies seg\u00fan la finalidad para la que se traten los datos obtenidos: cookies t\u00e9cnicas, cookies de personalizaci\u00f3n, cookies de an\u00e1lisis, cookies publicitarias y cookies de publicidad comportamental.<\/p>\n<p style=\"box-sizing: border-box; margin: 0px 0px 9px;\">Para m\u00e1s informaci\u00f3n a este respecto puede consultar la\u00a0<a style=\"box-sizing: border-box; background: transparent; color: #343434; text-decoration-line: none; transition: color 0.2s ease 0s; margin-bottom: 0px;\" href=\"https:\/\/www.aepd.es\/sites\/default\/files\/2019-12\/guia-cookies_1.pdf\" target=\"_blank\" rel=\"noopener\">Gu\u00eda sobre el uso de las cookies de la Agencia Espa\u00f1ola de Protecci\u00f3n de Datos<\/a>.<\/p>\n<p style=\"box-sizing: border-box; margin: 0px 0px 9px;\"><strong style=\"box-sizing: border-box; margin-bottom: 0px;\">Cookies utilizadas en el portal web del\u00a0<\/strong><strong>Grupo de Investigaci\u00f3n del Departamento de Trabajo Social de la facultad de Psicolog\u00eda de la Universidad de Sevilla<\/strong><\/p>\n<p style=\"box-sizing: border-box; margin: 0px 0px 9px;\">A continuaci\u00f3n se identifican las cookies que est\u00e1n siendo utilizadas en este portal, as\u00ed como su tipolog\u00eda y funci\u00f3n:<\/p>\n<p style=\"box-sizing: border-box; margin: 0px 0px 9px;\">El sitio web del Grupo de Investigaci\u00f3n del Departamento de Trabajo Social de la facultad de Psicolog\u00eda de la Universidad de Sevilla\u00a0utiliza Google Analytics, un servicio de anal\u00edtica web desarrollada por Google, que permite la medici\u00f3n y an\u00e1lisis de la navegaci\u00f3n en las p\u00e1ginas web. En su navegador podr\u00e1 observar cookies de este servicio. Seg\u00fan la tipolog\u00eda anterior se trata de cookies propias, de sesi\u00f3n y de an\u00e1lisis.<\/p>\n<p style=\"box-sizing: border-box; margin: 0px 0px 9px;\">A trav\u00e9s de la anal\u00edtica web se obtiene informaci\u00f3n relativa al n\u00famero de usuarios que acceden a la web, el n\u00famero de p\u00e1ginas vistas, la frecuencia y repetici\u00f3n de las visitas, su duraci\u00f3n, el navegador utilizado, el operador que presta el servicio, el idioma, el terminal que utiliza y la ciudad a la que est\u00e1 asignada su direcci\u00f3n IP. Informaci\u00f3n que posibilita un mejor y m\u00e1s apropiado servicio por parte de este portal.<\/p>\n<p style=\"box-sizing: border-box; margin: 0px 0px 9px;\">Para garantizar el anonimato, Google convertir\u00e1 su informaci\u00f3n en an\u00f3nima truncando la direcci\u00f3n IP antes de almacenarla, de forma que Google Analytics no se usa para localizar o recabar informaci\u00f3n personal identificable de los visitantes del sitio. Google solo podr\u00e1 enviar la informaci\u00f3n recabada por Google Analytics a terceros cuanto est\u00e9 legalmente obligado a ello. Con arreglo a las condiciones de prestaci\u00f3n del servicio de Google Analytics, Google no asociar\u00e1 su direcci\u00f3n IP a ning\u00fan otro dato conservado por Google.<\/p>\n<p style=\"box-sizing: border-box; margin: 0px 0px 9px;\">Por \u00faltimo, se descarga una cookie denominada cookie_agreed, propia, de tipo t\u00e9cnico y de sesi\u00f3n. Gestiona el consentimiento del usuario para el uso de las cookies en la p\u00e1gina web. El objetivo es recordar aquellos usuarios que las han aceptado y aquellos que no, de modo que a los primeros no se les muestre informaci\u00f3n en la parte inferior de la p\u00e1gina al respecto.<\/p>\n<p style=\"box-sizing: border-box; margin: 0px 0px 9px;\"><strong style=\"box-sizing: border-box; margin-bottom: 0px;\">Aceptaci\u00f3n de la pol\u00edtica de cookies<\/strong><\/p>\n<p style=\"box-sizing: border-box; margin: 0px 0px 9px;\">Pulsando el bot\u00f3n \u00abHe le\u00eddo la pol\u00edtica de cookies\u00bb se asume que usted acepta el uso de cookies.<\/p>\n<p style=\"box-sizing: border-box; margin: 0px 0px 9px;\"><strong style=\"box-sizing: border-box; margin-bottom: 0px;\">C\u00f3mo modificar la configuraci\u00f3n de las cookies<\/strong><\/p>\n<p style=\"box-sizing: border-box; margin: 0px 0px 9px;\">Usted puede restringir, bloquear o borrar las cookies del Grupo de Investigaci\u00f3n del Departamento de Trabajo Social de la facultad de Psicolog\u00eda de la Universidad de Sevilla\u00a0o cualquier otra p\u00e1gina web, utilizando su navegador. En cada navegador la operativa es diferente, la funci\u00f3n de \u2018Ayuda\u00bb le mostrar\u00e1 c\u00f3mo hacerlo.<\/p>\n<p style=\"box-sizing: border-box; margin: 0px 0px 9px;\">A continuaci\u00f3n se muestran los enlaces de cada una de las gu\u00edas de ayuda seg\u00fan el navegador utilizado:<\/p>\n<ul style=\"box-sizing: border-box; margin-top: 0px; margin-bottom: 0px;\">\n<li style=\"box-sizing: border-box;\"><a style=\"box-sizing: border-box; background: transparent; color: #343434; text-decoration-line: none; transition: color 0.2s ease 0s; margin-bottom: 0px;\" href=\"https:\/\/support.microsoft.com\/es-es\/help\/17442\/windows-internet-explorer-delete-manage-cookies#ie=%22ie-10%22\" target=\"_blank\" rel=\"noopener\">Internet Explorer<\/a>.<\/li>\n<li style=\"box-sizing: border-box;\"><a style=\"box-sizing: border-box; background: transparent; color: #343434; text-decoration-line: none; transition: color 0.2s ease 0s; margin-bottom: 0px;\" href=\"https:\/\/support.mozilla.org\/es\/kb\/Borrar%20cookies\" target=\"_blank\" rel=\"noopener\">Firefox<\/a>.<\/li>\n<li style=\"box-sizing: border-box;\"><a style=\"box-sizing: border-box; background: transparent; color: #343434; text-decoration-line: none; transition: color 0.2s ease 0s; margin-bottom: 0px;\" href=\"https:\/\/support.google.com\/chrome\/answer\/95647?hl=%22es%22\" target=\"_blank\" rel=\"noopener\">Chrome<\/a>.<\/li>\n<li style=\"box-sizing: border-box; margin-bottom: 0px;\"><a style=\"box-sizing: border-box; background: transparent; color: #343434; text-decoration-line: none; transition: color 0.2s ease 0s; margin-bottom: 0px;\" href=\"https:\/\/www.apple.com\/legal\/privacy\/es\/cookies\/\" target=\"_blank\" rel=\"noopener\">Safari<\/a>.<\/li>\n<\/ul>\n<\/div>\n<p>\n<\/div><div class=\"kc-elm kc-css-237459\" style=\"height: 50px; clear: both; width:100%;\"><\/div><\/div><\/div><\/div><\/div><\/section>\n","protected":false},"excerpt":{"rendered":"","protected":false},"author":1,"featured_media":0,"parent":0,"menu_order":0,"comment_status":"closed","ping_status":"closed","template":"","meta":{"footnotes":""},"class_list":["post-2477","page","type-page","status-publish","hentry"],"yoast_head":"<!-- This site is optimized with the Yoast SEO plugin v27.5 - https:\/\/yoast.com\/product\/yoast-seo-wordpress\/ -->\n<title>Aviso Legal - Grupo de Investigaci\u00f3n<\/title>\n<meta name=\"robots\" content=\"index, follow, max-snippet:-1, max-image-preview:large, max-video-preview:-1\" \/>\n<link rel=\"canonical\" href=\"https:\/\/grupo.us.es\/psycoms\/aviso-legal\/\" \/>\n<meta property=\"og:locale\" content=\"es_ES\" \/>\n<meta property=\"og:type\" content=\"article\" \/>\n<meta property=\"og:title\" content=\"Aviso Legal - Grupo de Investigaci\u00f3n\" \/>\n<meta property=\"og:description\" content=\"Informaci\u00f3n general En cumplimiento de lo previsto en la Ley 34\/2002, de 11 de julio, de Servicios de la Sociedad de la Informaci\u00f3n y de Comercio Electr\u00f3nico, as\u00ed como en otras normas de legal aplicaci\u00f3n, se pone en conocimiento de los usuarios del Portal de Internet www.us.es los siguientes datos de informaci\u00f3n general: El presente [&hellip;]\" \/>\n<meta property=\"og:url\" content=\"https:\/\/grupo.us.es\/psycoms\/aviso-legal\/\" \/>\n<meta property=\"og:site_name\" content=\"Grupo de Investigaci\u00f3n\" \/>\n<meta property=\"article:modified_time\" content=\"2021-04-12T22:34:48+00:00\" \/>\n<meta name=\"twitter:card\" content=\"summary_large_image\" \/>\n<meta name=\"twitter:label1\" content=\"Tiempo de lectura\" \/>\n\t<meta name=\"twitter:data1\" content=\"5 minutos\" \/>\n<script type=\"application\/ld+json\" class=\"yoast-schema-graph\">{\"@context\":\"https:\\\/\\\/schema.org\",\"@graph\":[{\"@type\":\"WebPage\",\"@id\":\"https:\\\/\\\/grupo.us.es\\\/psycoms\\\/aviso-legal\\\/\",\"url\":\"https:\\\/\\\/grupo.us.es\\\/psycoms\\\/aviso-legal\\\/\",\"name\":\"Aviso Legal - Grupo de Investigaci\u00f3n\",\"isPartOf\":{\"@id\":\"https:\\\/\\\/grupo.us.es\\\/psycoms\\\/#website\"},\"datePublished\":\"2021-04-12T22:33:35+00:00\",\"dateModified\":\"2021-04-12T22:34:48+00:00\",\"breadcrumb\":{\"@id\":\"https:\\\/\\\/grupo.us.es\\\/psycoms\\\/aviso-legal\\\/#breadcrumb\"},\"inLanguage\":\"es\",\"potentialAction\":[{\"@type\":\"ReadAction\",\"target\":[\"https:\\\/\\\/grupo.us.es\\\/psycoms\\\/aviso-legal\\\/\"]}]},{\"@type\":\"BreadcrumbList\",\"@id\":\"https:\\\/\\\/grupo.us.es\\\/psycoms\\\/aviso-legal\\\/#breadcrumb\",\"itemListElement\":[{\"@type\":\"ListItem\",\"position\":1,\"name\":\"Inicio\",\"item\":\"https:\\\/\\\/grupo.us.es\\\/psycoms\\\/\"},{\"@type\":\"ListItem\",\"position\":2,\"name\":\"Aviso Legal\"}]},{\"@type\":\"WebSite\",\"@id\":\"https:\\\/\\\/grupo.us.es\\\/psycoms\\\/#website\",\"url\":\"https:\\\/\\\/grupo.us.es\\\/psycoms\\\/\",\"name\":\"Grupo de Investigaci\u00f3n\",\"description\":\"Departamento de Psicolog\u00eda Social de la Universidad de Sevilla\",\"potentialAction\":[{\"@type\":\"SearchAction\",\"target\":{\"@type\":\"EntryPoint\",\"urlTemplate\":\"https:\\\/\\\/grupo.us.es\\\/psycoms\\\/?s={search_term_string}\"},\"query-input\":{\"@type\":\"PropertyValueSpecification\",\"valueRequired\":true,\"valueName\":\"search_term_string\"}}],\"inLanguage\":\"es\"}]}<\/script>\n<!-- \/ Yoast SEO plugin. -->","yoast_head_json":{"title":"Aviso Legal - Grupo de Investigaci\u00f3n","robots":{"index":"index","follow":"follow","max-snippet":"max-snippet:-1","max-image-preview":"max-image-preview:large","max-video-preview":"max-video-preview:-1"},"canonical":"https:\/\/grupo.us.es\/psycoms\/aviso-legal\/","og_locale":"es_ES","og_type":"article","og_title":"Aviso Legal - Grupo de Investigaci\u00f3n","og_description":"Informaci\u00f3n general En cumplimiento de lo previsto en la Ley 34\/2002, de 11 de julio, de Servicios de la Sociedad de la Informaci\u00f3n y de Comercio Electr\u00f3nico, as\u00ed como en otras normas de legal aplicaci\u00f3n, se pone en conocimiento de los usuarios del Portal de Internet www.us.es los siguientes datos de informaci\u00f3n general: El presente [&hellip;]","og_url":"https:\/\/grupo.us.es\/psycoms\/aviso-legal\/","og_site_name":"Grupo de Investigaci\u00f3n","article_modified_time":"2021-04-12T22:34:48+00:00","twitter_card":"summary_large_image","twitter_misc":{"Tiempo de lectura":"5 minutos"},"schema":{"@context":"https:\/\/schema.org","@graph":[{"@type":"WebPage","@id":"https:\/\/grupo.us.es\/psycoms\/aviso-legal\/","url":"https:\/\/grupo.us.es\/psycoms\/aviso-legal\/","name":"Aviso Legal - Grupo de Investigaci\u00f3n","isPartOf":{"@id":"https:\/\/grupo.us.es\/psycoms\/#website"},"datePublished":"2021-04-12T22:33:35+00:00","dateModified":"2021-04-12T22:34:48+00:00","breadcrumb":{"@id":"https:\/\/grupo.us.es\/psycoms\/aviso-legal\/#breadcrumb"},"inLanguage":"es","potentialAction":[{"@type":"ReadAction","target":["https:\/\/grupo.us.es\/psycoms\/aviso-legal\/"]}]},{"@type":"BreadcrumbList","@id":"https:\/\/grupo.us.es\/psycoms\/aviso-legal\/#breadcrumb","itemListElement":[{"@type":"ListItem","position":1,"name":"Inicio","item":"https:\/\/grupo.us.es\/psycoms\/"},{"@type":"ListItem","position":2,"name":"Aviso Legal"}]},{"@type":"WebSite","@id":"https:\/\/grupo.us.es\/psycoms\/#website","url":"https:\/\/grupo.us.es\/psycoms\/","name":"Grupo de Investigaci\u00f3n","description":"Departamento de Psicolog\u00eda Social de la Universidad de Sevilla","potentialAction":[{"@type":"SearchAction","target":{"@type":"EntryPoint","urlTemplate":"https:\/\/grupo.us.es\/psycoms\/?s={search_term_string}"},"query-input":{"@type":"PropertyValueSpecification","valueRequired":true,"valueName":"search_term_string"}}],"inLanguage":"es"}]}},"_links":{"self":[{"href":"https:\/\/grupo.us.es\/psycoms\/wp-json\/wp\/v2\/pages\/2477","targetHints":{"allow":["GET"]}}],"collection":[{"href":"https:\/\/grupo.us.es\/psycoms\/wp-json\/wp\/v2\/pages"}],"about":[{"href":"https:\/\/grupo.us.es\/psycoms\/wp-json\/wp\/v2\/types\/page"}],"author":[{"embeddable":true,"href":"https:\/\/grupo.us.es\/psycoms\/wp-json\/wp\/v2\/users\/1"}],"replies":[{"embeddable":true,"href":"https:\/\/grupo.us.es\/psycoms\/wp-json\/wp\/v2\/comments?post=2477"}],"version-history":[{"count":0,"href":"https:\/\/grupo.us.es\/psycoms\/wp-json\/wp\/v2\/pages\/2477\/revisions"}],"wp:attachment":[{"href":"https:\/\/grupo.us.es\/psycoms\/wp-json\/wp\/v2\/media?parent=2477"}],"curies":[{"name":"wp","href":"https:\/\/api.w.org\/{rel}","templated":true}]}}