{"id":43,"date":"2020-11-11T08:36:27","date_gmt":"2020-11-11T08:36:27","guid":{"rendered":"http:\/\/grupo.us.es\/psicosej547\/?page_id=43"},"modified":"2020-11-16T10:15:03","modified_gmt":"2020-11-16T10:15:03","slug":"lineas-de-investigacion","status":"publish","type":"page","link":"https:\/\/grupo.us.es\/psicosej547\/lineas-de-investigacion\/","title":{"rendered":"L\u00edneas de investigaci\u00f3n"},"content":{"rendered":"\n<ul><li>Procesos de Educaci\u00f3n y Desarrollo en el Contexto Familiar y Escolar en la Infancia y Adolescencia<\/li><li>Desarrollo y recuperaci\u00f3n tras la adversidad temprana: investigaci\u00f3n e intervenci\u00f3n<\/li><li>Intervenci\u00f3n en Distintos Contextos Familiares<\/li><li>Envejecimientos, relaciones intergeneracionales y cuidados<\/li><\/ul>\n","protected":false},"excerpt":{"rendered":"<p>Procesos de Educaci\u00f3n y Desarrollo en el Contexto Familiar y Escolar en la Infancia y Adolescencia Desarrollo y recuperaci\u00f3n tras la adversidad temprana: investigaci\u00f3n e intervenci\u00f3n Intervenci\u00f3n en Distintos Contextos <a class=\"more-link\" href=\"https:\/\/grupo.us.es\/psicosej547\/lineas-de-investigacion\/\">Leer m\u00e1s&#8230;<\/a><\/p>\n","protected":false},"author":1,"featured_media":0,"parent":0,"menu_order":3,"comment_status":"closed","ping_status":"closed","template":"","meta":[],"_links":{"self":[{"href":"https:\/\/grupo.us.es\/psicosej547\/wp-json\/wp\/v2\/pages\/43"}],"collection":[{"href":"https:\/\/grupo.us.es\/psicosej547\/wp-json\/wp\/v2\/pages"}],"about":[{"href":"https:\/\/grupo.us.es\/psicosej547\/wp-json\/wp\/v2\/types\/page"}],"author":[{"embeddable":true,"href":"https:\/\/grupo.us.es\/psicosej547\/wp-json\/wp\/v2\/users\/1"}],"replies":[{"embeddable":true,"href":"https:\/\/grupo.us.es\/psicosej547\/wp-json\/wp\/v2\/comments?post=43"}],"version-history":[{"count":9,"href":"https:\/\/grupo.us.es\/psicosej547\/wp-json\/wp\/v2\/pages\/43\/revisions"}],"predecessor-version":[{"id":200,"href":"https:\/\/grupo.us.es\/psicosej547\/wp-json\/wp\/v2\/pages\/43\/revisions\/200"}],"wp:attachment":[{"href":"https:\/\/grupo.us.es\/psicosej547\/wp-json\/wp\/v2\/media?parent=43"}],"curies":[{"name":"wp","href":"https:\/\/api.w.org\/{rel}","templated":true}]}}