{"id":114,"date":"2024-05-22T22:01:29","date_gmt":"2024-05-22T20:01:29","guid":{"rendered":"https:\/\/grupo.us.es\/proyectomemories\/?page_id=114"},"modified":"2024-06-04T23:00:42","modified_gmt":"2024-06-04T21:00:42","slug":"el-proyecto","status":"publish","type":"page","link":"https:\/\/grupo.us.es\/proyectomemories\/el-proyecto\/","title":{"rendered":"EL PROYECTO"},"content":{"rendered":"\t\t<div data-elementor-type=\"wp-page\" data-elementor-id=\"114\" class=\"elementor elementor-114\">\n\t\t\t\t<div class=\"elementor-element elementor-element-4f249505 e-flex e-con-boxed e-con e-parent\" data-id=\"4f249505\" data-element_type=\"container\">\n\t\t\t\t\t<div class=\"e-con-inner\">\n\t\t<div class=\"elementor-element elementor-element-49285b7 e-flex e-con-boxed e-con e-child\" data-id=\"49285b7\" data-element_type=\"container\">\n\t\t\t\t\t<div class=\"e-con-inner\">\n\t\t\t\t<div class=\"elementor-element elementor-element-050bb11 elementor-widget elementor-widget-heading\" data-id=\"050bb11\" data-element_type=\"widget\" data-widget_type=\"heading.default\">\n\t\t\t\t<div class=\"elementor-widget-container\">\n\t\t\t<style>\/*! elementor - v3.21.0 - 26-05-2024 *\/\n.elementor-heading-title{padding:0;margin:0;line-height:1}.elementor-widget-heading .elementor-heading-title[class*=elementor-size-]>a{color:inherit;font-size:inherit;line-height:inherit}.elementor-widget-heading .elementor-heading-title.elementor-size-small{font-size:15px}.elementor-widget-heading .elementor-heading-title.elementor-size-medium{font-size:19px}.elementor-widget-heading .elementor-heading-title.elementor-size-large{font-size:29px}.elementor-widget-heading .elementor-heading-title.elementor-size-xl{font-size:39px}.elementor-widget-heading .elementor-heading-title.elementor-size-xxl{font-size:59px}<\/style><h3 class=\"elementor-heading-title elementor-size-default\">\u2022\tPRESENTACI\u00d3N:<\/h3>\t\t<\/div>\n\t\t\t\t<\/div>\n\t\t\t\t\t<\/div>\n\t\t\t\t<\/div>\n\t\t<div class=\"elementor-element elementor-element-369b3db e-flex e-con-boxed e-con e-child\" data-id=\"369b3db\" data-element_type=\"container\">\n\t\t\t\t\t<div class=\"e-con-inner\">\n\t\t\t\t<div class=\"elementor-element elementor-element-906d21d elementor-widget elementor-widget-text-editor\" data-id=\"906d21d\" data-element_type=\"widget\" data-widget_type=\"text-editor.default\">\n\t\t\t\t<div class=\"elementor-widget-container\">\n\t\t\t<style>\/*! elementor - v3.21.0 - 26-05-2024 *\/\n.elementor-widget-text-editor.elementor-drop-cap-view-stacked .elementor-drop-cap{background-color:#69727d;color:#fff}.elementor-widget-text-editor.elementor-drop-cap-view-framed .elementor-drop-cap{color:#69727d;border:3px solid;background-color:transparent}.elementor-widget-text-editor:not(.elementor-drop-cap-view-default) .elementor-drop-cap{margin-top:8px}.elementor-widget-text-editor:not(.elementor-drop-cap-view-default) .elementor-drop-cap-letter{width:1em;height:1em}.elementor-widget-text-editor .elementor-drop-cap{float:left;text-align:center;line-height:1;font-size:50px}.elementor-widget-text-editor .elementor-drop-cap-letter{display:inline-block}<\/style>\t\t\t\t<p>El proyecto \u2018MEMORIES. Memoria de Mujeres. Recuperando Identidades Singulares en la Prehistoria.\u2019 tiene como objetivo principal abordar la relaci\u00f3n entre las mujeres y el poder durante la Prehistoria Reciente de la pen\u00ednsula ib\u00e9rica. Concretamente, la finalidad es responder a la pregunta de si existieron mujeres l\u00edderes cuya posici\u00f3n social pueda ser identificada arqueol\u00f3gicamente.<\/p><p>El proyecto pretende contribuir a reconstruir una historia colectiva perdida, recuperando no s\u00f3lo historias individuales como la de la mujer enterrada en La Molina, sino tambi\u00e9n la de la comunidad de la que formaba parte.<\/p><p>La hip\u00f3tesis de partida es que las sociedades calcol\u00edticas del sur peninsular ten\u00edan una organizaci\u00f3n social igualitaria en t\u00e9rminos de g\u00e9nero en la que algunas mujeres ostentaron un papel destacado.<\/p><p>En este proyecto se realiza un estudio multidisciplinar del registro material recuperado en La Cueva artificial de La Molina (CE17), en Lora de Estepa (Sevilla), en el que interviene un equipo internacional. Mediante las \u00faltimas t\u00e9cnicas anal\u00edticas y arqueo m\u00e9tricas, un enfoque hol\u00edstico y desde la perspectiva de g\u00e9nero, Memories aportar\u00e1 nuevos datos cient\u00edficos que ayuden a la interpretaci\u00f3n de nuestro pasado m\u00e1s remoto.<\/p>\t\t\t\t\t\t<\/div>\n\t\t\t\t<\/div>\n\t\t\t\t\t<\/div>\n\t\t\t\t<\/div>\n\t\t\t\t\t<\/div>\n\t\t\t\t<\/div>\n\t\t<div class=\"elementor-element elementor-element-faeb1ac e-flex e-con-boxed e-con e-parent\" data-id=\"faeb1ac\" data-element_type=\"container\">\n\t\t\t\t\t<div class=\"e-con-inner\">\n\t\t<div class=\"elementor-element elementor-element-d008507 e-flex e-con-boxed e-con e-child\" data-id=\"d008507\" data-element_type=\"container\">\n\t\t\t\t\t<div class=\"e-con-inner\">\n\t\t\t\t<div class=\"elementor-element elementor-element-ffcec1a elementor-widget elementor-widget-heading\" data-id=\"ffcec1a\" data-element_type=\"widget\" data-widget_type=\"heading.default\">\n\t\t\t\t<div class=\"elementor-widget-container\">\n\t\t\t<h3 class=\"elementor-heading-title elementor-size-default\">\u2022\tEL SITIO: LA CUEVA ARTIFICIAL DE LA MOLINA<\/h3>\t\t<\/div>\n\t\t\t\t<\/div>\n\t\t\t\t\t<\/div>\n\t\t\t\t<\/div>\n\t\t<div class=\"elementor-element elementor-element-98e8156 e-flex e-con-boxed e-con e-child\" data-id=\"98e8156\" data-element_type=\"container\">\n\t\t\t\t\t<div class=\"e-con-inner\">\n\t\t\t\t<div class=\"elementor-element elementor-element-3acb34b elementor-widget elementor-widget-text-editor\" data-id=\"3acb34b\" data-element_type=\"widget\" data-widget_type=\"text-editor.default\">\n\t\t\t\t<div class=\"elementor-widget-container\">\n\t\t\t\t\t\t\t<p>La conocida como \u201cCueva artificial de La Molina\u201d es en realidad una estructura m\u00e1s de un conjunto de estructuras prehist\u00f3ricas halladas en Lora de Estepa (Sevilla). Entre 2003 y 2004 se llev\u00f3 a cabo una intervenci\u00f3n arqueol\u00f3gica de urgencia en los terrenos conocidos desde antiguo como La Molina, y ocupados actualmente por la Cooperativa Olivarera \u201cSan Jos\u00e9\u201d. Esta intervenci\u00f3n arqueol\u00f3gica inici\u00f3 cuando ya parte del registro arqueol\u00f3gico hab\u00eda sido por desgracia destruido.<\/p><p>Solo algunas estructuras estaban a\u00fan inalteradas cuando iniciaron los trabajos arqueol\u00f3gicos, entre ellas la CE17, o \u201cCueva artificial de La Molina\u201d. Tambi\u00e9n se documentaron silos y otras estructuras simples, excavadas someramente en el subsuelo, casi todas de planta m\u00e1s o menos redondeada. Algunas de estas estructuras fueron interpretadas como agujeros de poste.<\/p><p>La Cueva artificial de La Molina (CE17) es una c\u00e1mara funeraria subterr\u00e1nea con un di\u00e1metro m\u00e1ximo de 3,5 m excavada por el ser humano con el fin de servir de lugar de enterramiento. En ella, a lo largo de un periodo de tiempo a\u00fan desconocido, se fueron depositando cuerpos y ajuares. All\u00ed fueron inhumadas un total de 10 personas, destacando sobre el resto una mujer (individuo E1 \u2018probable femenino\u2019, seg\u00fan el estudio antropol\u00f3gico).<\/p><p>La mujer (E1) fue colocada en posici\u00f3n primaria y acompa\u00f1ada de varios objetos de marfil. Entre ellos hab\u00eda un colmillo de elefante similar en forma al que se encuentra en el nivel superior de la Estructura 10.049 en Valencina, un mango de marfil para una hoja de s\u00edlex (\u00bfo empu\u00f1adura? ) decorado, dos recipientes, un colgante en forma de media luna y varios fragmentos. De hecho, la mujer E1 fue la \u00fanica persona en esta tumba que apareci\u00f3 con bienes funerarios claramente identificables como propios.<\/p><p>Entre los objetos de ajuar asociados a ella sobresalen los artefactos de marfil y, especialmente, el colmillo decorado que apareci\u00f3 muy cerca de su cabeza. Esta disposici\u00f3n tan clara y pautada, en torno a la cabeza, recuerda claramente a la conocida como \u201cSe\u00f1ora del Marfil&#8217;\u2019 de Valencina de la Concepci\u00f3n (Sevilla). Estas piezas excepcionales, de un material ex\u00f3tico y lejano, ponen de relieve la capacidad de algunas personas de atraer materias primas valiosas desde lugares remotos en un momento en el que a\u00fan no podemos hablar de comercio sino, en todo caso, de redes de distribuci\u00f3n.<\/p>\t\t\t\t\t\t<\/div>\n\t\t\t\t<\/div>\n\t\t\t\t\t<\/div>\n\t\t\t\t<\/div>\n\t\t<div class=\"elementor-element elementor-element-69cb0ed e-con-full e-flex e-con e-child\" data-id=\"69cb0ed\" data-element_type=\"container\">\n\t\t<div class=\"elementor-element elementor-element-49cc474 e-con-full e-flex e-con e-child\" data-id=\"49cc474\" data-element_type=\"container\">\n\t\t\t\t<div class=\"elementor-element elementor-element-a255d2d elementor-widget elementor-widget-image\" data-id=\"a255d2d\" data-element_type=\"widget\" data-widget_type=\"image.default\">\n\t\t\t\t<div class=\"elementor-widget-container\">\n\t\t\t<style>\/*! elementor - v3.21.0 - 26-05-2024 *\/\n.elementor-widget-image{text-align:center}.elementor-widget-image a{display:inline-block}.elementor-widget-image a img[src$=\".svg\"]{width:48px}.elementor-widget-image img{vertical-align:middle;display:inline-block}<\/style>\t\t\t\t\t\t\t<figure class=\"wp-caption\">\n\t\t\t\t\t\t\t\t\t\t\t<a href=\"http:\/\/grupo.us.es\/proyectomemories\/wp-content\/uploads\/2024\/05\/5-colmillos-decorados-scaled-e1717534478398.jpg\" data-elementor-open-lightbox=\"yes\" data-e-action-hash=\"#elementor-action%3Aaction%3Dlightbox%26settings%3DeyJpZCI6MTE3LCJ1cmwiOiJodHRwczpcL1wvZ3J1cG8udXMuZXNcL3Byb3llY3RvbWVtb3JpZXNcL3dwLWNvbnRlbnRcL3VwbG9hZHNcLzIwMjRcLzA1XC81LWNvbG1pbGxvcy1kZWNvcmFkb3Mtc2NhbGVkLWUxNzE3NTM0NDc4Mzk4LmpwZyJ9\">\n\t\t\t\t\t\t\t<img fetchpriority=\"high\" decoding=\"async\" width=\"768\" height=\"513\" src=\"https:\/\/grupo.us.es\/proyectomemories\/wp-content\/uploads\/2024\/05\/5-colmillos-decorados-scaled-e1717534478398-768x513.jpg\" class=\"attachment-medium_large size-medium_large wp-image-117\" alt=\"\" srcset=\"https:\/\/grupo.us.es\/proyectomemories\/wp-content\/uploads\/2024\/05\/5-colmillos-decorados-scaled-e1717534478398-768x513.jpg 768w, https:\/\/grupo.us.es\/proyectomemories\/wp-content\/uploads\/2024\/05\/5-colmillos-decorados-scaled-e1717534478398-300x200.jpg 300w, https:\/\/grupo.us.es\/proyectomemories\/wp-content\/uploads\/2024\/05\/5-colmillos-decorados-scaled-e1717534478398-1024x684.jpg 1024w, https:\/\/grupo.us.es\/proyectomemories\/wp-content\/uploads\/2024\/05\/5-colmillos-decorados-scaled-e1717534478398-1536x1025.jpg 1536w, https:\/\/grupo.us.es\/proyectomemories\/wp-content\/uploads\/2024\/05\/5-colmillos-decorados-scaled-e1717534478398-2048x1367.jpg 2048w\" sizes=\"(max-width: 768px) 100vw, 768px\" \/>\t\t\t\t\t\t\t\t<\/a>\n\t\t\t\t\t\t\t\t\t\t\t<figcaption class=\"widget-image-caption wp-caption-text\">(Imagen: Miriam Lucia\u00f1ez-Trivi\u00f1o)<\/figcaption>\n\t\t\t\t\t\t\t\t\t\t<\/figure>\n\t\t\t\t\t\t\t<\/div>\n\t\t\t\t<\/div>\n\t\t\t\t<\/div>\n\t\t<div class=\"elementor-element elementor-element-07bdecd e-con-full e-flex e-con e-child\" data-id=\"07bdecd\" data-element_type=\"container\">\n\t\t\t\t<div class=\"elementor-element elementor-element-06a4c68 elementor-widget elementor-widget-heading\" data-id=\"06a4c68\" data-element_type=\"widget\" data-widget_type=\"heading.default\">\n\t\t\t\t<div class=\"elementor-widget-container\">\n\t\t\t<span class=\"elementor-heading-title elementor-size-default\">A la izquierda el colmillo de elefante decorado de La Molina; a la derecha el colmillo decorado de Valencina de la Concepci\u00f3n, estructura 10.049 (Se\u00f1ora del Marfil). Tanto la mujer asociada a los objetos de marfil como el propio conjunto de ajuar estaba profusamente impregnado por pigmento rojo (posiblemente cinabrio). Las similitudes entre la cultura material asociada a esta posible mujer y los objetos hallados en la tumba de la \u2018Se\u00f1ora del marfil\u2019, as\u00ed como la disposici\u00f3n de los mismos, son evidentes, y tanto los objetos como el rito funerario sit\u00faan con claridad este contexto en una cronolog\u00eda similar (principios del III milenio a.C.).<\/span>\t\t<\/div>\n\t\t\t\t<\/div>\n\t\t\t\t<\/div>\n\t\t\t\t<\/div>\n\t\t\t\t\t<\/div>\n\t\t\t\t<\/div>\n\t\t<div class=\"elementor-element elementor-element-f62b152 e-flex e-con-boxed e-con e-parent\" data-id=\"f62b152\" data-element_type=\"container\">\n\t\t\t\t\t<div class=\"e-con-inner\">\n\t\t<div class=\"elementor-element elementor-element-a3b3201 e-flex e-con-boxed e-con e-child\" data-id=\"a3b3201\" data-element_type=\"container\">\n\t\t\t\t\t<div class=\"e-con-inner\">\n\t\t\t\t<div class=\"elementor-element elementor-element-fb09815 elementor-widget elementor-widget-heading\" data-id=\"fb09815\" data-element_type=\"widget\" data-widget_type=\"heading.default\">\n\t\t\t\t<div class=\"elementor-widget-container\">\n\t\t\t<h3 class=\"elementor-heading-title elementor-size-default\">\u2022\tLOCALIZACI\u00d3N GEOGR\u00c1FICA<\/h3>\t\t<\/div>\n\t\t\t\t<\/div>\n\t\t\t\t\t<\/div>\n\t\t\t\t<\/div>\n\t\t<div class=\"elementor-element elementor-element-86629db e-flex e-con-boxed e-con e-child\" data-id=\"86629db\" data-element_type=\"container\">\n\t\t\t\t\t<div class=\"e-con-inner\">\n\t\t\t\t<div class=\"elementor-element elementor-element-6df7ae1 elementor-widget elementor-widget-google_maps\" data-id=\"6df7ae1\" data-element_type=\"widget\" data-widget_type=\"google_maps.default\">\n\t\t\t\t<div class=\"elementor-widget-container\">\n\t\t\t<style>\/*! elementor - v3.21.0 - 26-05-2024 *\/\n.elementor-widget-google_maps .elementor-widget-container{overflow:hidden}.elementor-widget-google_maps .elementor-custom-embed{line-height:0}.elementor-widget-google_maps iframe{height:300px}<\/style>\t\t<div class=\"elementor-custom-embed\">\n\t\t\t<iframe loading=\"lazy\"\n\t\t\t\t\tsrc=\"https:\/\/maps.google.com\/maps?q=Olivarera%20San%20Jos%C3%A9%20de%20Lora%20de%20Estepa%20Sca%20Coop&#038;t=m&#038;z=12&#038;output=embed&#038;iwloc=near\"\n\t\t\t\t\ttitle=\"Olivarera San Jos\u00e9 de Lora de Estepa Sca Coop\"\n\t\t\t\t\taria-label=\"Olivarera San Jos\u00e9 de Lora de Estepa Sca Coop\"\n\t\t\t><\/iframe>\n\t\t<\/div>\n\t\t\t\t<\/div>\n\t\t\t\t<\/div>\n\t\t\t\t\t<\/div>\n\t\t\t\t<\/div>\n\t\t\t\t\t<\/div>\n\t\t\t\t<\/div>\n\t\t<div class=\"elementor-element elementor-element-9752f27 e-flex e-con-boxed e-con e-parent\" data-id=\"9752f27\" data-element_type=\"container\">\n\t\t\t\t\t<div class=\"e-con-inner\">\n\t\t<div class=\"elementor-element elementor-element-5a542df e-flex e-con-boxed e-con e-child\" data-id=\"5a542df\" data-element_type=\"container\">\n\t\t\t\t\t<div class=\"e-con-inner\">\n\t\t\t\t<div class=\"elementor-element elementor-element-6584855 elementor-widget elementor-widget-heading\" data-id=\"6584855\" data-element_type=\"widget\" data-widget_type=\"heading.default\">\n\t\t\t\t<div class=\"elementor-widget-container\">\n\t\t\t<h3 class=\"elementor-heading-title elementor-size-default\">\u2022\tOBJETIVOS Y METODOLOG\u00cdA<\/h3>\t\t<\/div>\n\t\t\t\t<\/div>\n\t\t\t\t\t<\/div>\n\t\t\t\t<\/div>\n\t\t<div class=\"elementor-element elementor-element-2421783 e-flex e-con-boxed e-con e-child\" data-id=\"2421783\" data-element_type=\"container\">\n\t\t\t\t\t<div class=\"e-con-inner\">\n\t\t\t\t<div class=\"elementor-element elementor-element-29f1eed elementor-widget elementor-widget-text-editor\" data-id=\"29f1eed\" data-element_type=\"widget\" data-widget_type=\"text-editor.default\">\n\t\t\t\t<div class=\"elementor-widget-container\">\n\t\t\t\t\t\t\t<p>El proyecto se estructura entorno a 5 objetivos espec\u00edficos:<\/p><p><strong>Objetivo espec\u00edfico 1: estudiar en profundidad el registro \u00f3seo.<\/strong> Este objetivo implica i) confirmar el sexo biol\u00f3gico de la mujer de La Molina, as\u00ed como del resto de individuos inhumados, mediante an\u00e1lisis de p\u00e9ptidos, ii) identificar posibles diferencias de movilidad o dieta a partir del an\u00e1lisis de is\u00f3topos de estroncio, carbono y nitr\u00f3geno, y iii) obtener una cronolog\u00eda precisa a partir de dataciones radiocarb\u00f3nicas y modelado bayesiano.<strong>\u00a0<\/strong><\/p><p><strong>Objetivo espec\u00edfico 2: estudiar en profundidad el registro material<\/strong>. Este objetivo incluye i) la realizaci\u00f3n de un an\u00e1lisis tecno-tipol\u00f3gico de los objetos de marfil, ii) la caracterizaci\u00f3n del pigmento rojo, y iii) la valoraci\u00f3n espacial de la distribuci\u00f3n de los objetos, su asociaci\u00f3n con los individuos inhumados y su funci\u00f3n como elemento asociado al poder.<\/p><p><strong>Objetivo espec\u00edfico 3: valorar el papel del marfil y el cinabrio como elementos de poder<\/strong> asociados a las mujeres, considerando, en primer lugar, el caso de la mujer de La Molina y, posteriormente, el de las mujeres del tholos de Montelirio y la Se\u00f1ora del Marfil&#8217; del yacimiento de Valencina.<\/p><p><strong>Objetivo espec\u00edfico 4: vinculaci\u00f3n entre las mujeres y el poder. <\/strong>Revelar la existencia de ejemplos pasados arqueol\u00f3gicos y etnogr\u00e1ficos en los que las mujeres han ocupado posiciones de poder, integrando los resultados obtenidos en una narrativa m\u00e1s amplia y discutir la vinculaci\u00f3n existente entre la desigualdad de g\u00e9nero y la desigualdad social.<\/p><p><strong>Objetivo espec\u00edfico 5: divulgaci\u00f3n y transferencia de los resultados de investigaci\u00f3n.<\/strong> Es un objetivo principal la publicaci\u00f3n de los resultados y la realizaci\u00f3n de actividades destinadas tanto a un p\u00fablico especializado como a una audiencia general.<\/p>\t\t\t\t\t\t<\/div>\n\t\t\t\t<\/div>\n\t\t\t\t\t<\/div>\n\t\t\t\t<\/div>\n\t\t\t\t\t<\/div>\n\t\t\t\t<\/div>\n\t\t\t\t<\/div>\n\t\t","protected":false},"excerpt":{"rendered":"<p>\u2022 PRESENTACI\u00d3N: El proyecto \u2018MEMORIES. Memoria de Mujeres. Recuperando Identidades Singulares en la Prehistoria.\u2019 tiene como objetivo principal abordar la relaci\u00f3n entre las mujeres y el poder durante la Prehistoria Reciente de la pen\u00ednsula ib\u00e9rica. Concretamente, la finalidad es responder a la pregunta de si existieron mujeres l\u00edderes cuya posici\u00f3n social pueda ser identificada arqueol\u00f3gicamente. [&hellip;]<\/p>\n","protected":false},"author":1,"featured_media":0,"parent":0,"menu_order":2,"comment_status":"closed","ping_status":"closed","template":"","meta":{"footnotes":""},"_links":{"self":[{"href":"https:\/\/grupo.us.es\/proyectomemories\/wp-json\/wp\/v2\/pages\/114"}],"collection":[{"href":"https:\/\/grupo.us.es\/proyectomemories\/wp-json\/wp\/v2\/pages"}],"about":[{"href":"https:\/\/grupo.us.es\/proyectomemories\/wp-json\/wp\/v2\/types\/page"}],"author":[{"embeddable":true,"href":"https:\/\/grupo.us.es\/proyectomemories\/wp-json\/wp\/v2\/users\/1"}],"replies":[{"embeddable":true,"href":"https:\/\/grupo.us.es\/proyectomemories\/wp-json\/wp\/v2\/comments?post=114"}],"version-history":[{"count":37,"href":"https:\/\/grupo.us.es\/proyectomemories\/wp-json\/wp\/v2\/pages\/114\/revisions"}],"predecessor-version":[{"id":308,"href":"https:\/\/grupo.us.es\/proyectomemories\/wp-json\/wp\/v2\/pages\/114\/revisions\/308"}],"wp:attachment":[{"href":"https:\/\/grupo.us.es\/proyectomemories\/wp-json\/wp\/v2\/media?parent=114"}],"curies":[{"name":"wp","href":"https:\/\/api.w.org\/{rel}","templated":true}]}}