{"id":29,"date":"2026-03-16T10:21:12","date_gmt":"2026-03-16T09:21:12","guid":{"rendered":"https:\/\/grupo.us.es\/proteo\/?page_id=29"},"modified":"2026-03-16T10:21:12","modified_gmt":"2026-03-16T09:21:12","slug":"que-hacemos","status":"publish","type":"page","link":"https:\/\/grupo.us.es\/proteo\/?page_id=29","title":{"rendered":"\u00bfQu\u00e9 hacemos?"},"content":{"rendered":"\n<p>El Grupo de Investigaci\u00f3n Proteo de Innovaci\u00f3n Docente est\u00e1 constituido por ocho profesores del Departamento de Historia del Arte de la Universidad de Sevilla. Es un grupo de investigaci\u00f3n ya consolidado, con varios a\u00f1os de experiencia en el dise\u00f1o, gesti\u00f3n y evaluaci\u00f3n de proyectos de innovaci\u00f3n docente vinculados a asignaturas impartidas en el Grado en Historia del Arte. Nuestro objetivo principal, a trav\u00e9s de trabajos pr\u00e1cticos que capacitan al alumnado para afrontar su futuro profesional, es la mejora de los procesos de ense\u00f1anza-aprendizaje en el \u00e1mbito de nuestra disciplina.<\/p>\n\n\n\n<p>En 2002, varios profesores preocupados por la metodolog\u00eda de la ense\u00f1anza universitaria en Historia de Arte, ante los retos que planteaban los acuerdos de Bolonia y el Espacio Europeo de Formaci\u00f3n Superior, decidimos unirnos para trabajar en la mejora de nuestra docencia universitaria. Con posterioridad, se fueron incorporando otros profesores, algunos espor\u00e1dicamente y otros con car\u00e1cter permanente, hasta constituir, en 2009, el Grupo de Investigaci\u00f3n Proteo de Innovaci\u00f3n Docente.<\/p>\n\n\n\n<p>Las innovaciones formativas que promovemos desarrollan metodolog\u00edas de aprendizaje activo que pretenden incrementar las estrategias procedimentales y las destrezas cognitivas del estudiantado participante. Tanto la interdisciplinariedad como el autoaprendizaje, como hemos podido constatar en las diferentes acciones desarrolladas, facilitan la construcci\u00f3n de un aprendizaje m\u00e1s significativo que favorece el razonamiento cr\u00edtico y la resoluci\u00f3n de problemas. De esta manera, el alumnado universitario, al establecer conexiones entre contextos aparentemente dis\u00edmiles, adquiere nuevas habilidades, toma conciencia de la importancia del autoaprendizaje en la educaci\u00f3n superior y desarrolla h\u00e1bitos intelectuales y de pensamiento m\u00e1s profundos.<\/p>\n\n\n\n<p>En conclusi\u00f3n, intentamos habituar al estudiantado en el uso de una metodolog\u00eda de trabajo que le servir\u00e1 en su futuro laboral, independientemente de la actividad a la que se dedique, tenga o no que ver con las salidas tradicionales de la titulaci\u00f3n en Historia del Arte.&nbsp;<\/p>\n","protected":false},"excerpt":{"rendered":"<p>El Grupo de Investigaci\u00f3n Proteo de Innovaci\u00f3n Docente est\u00e1 constituido por ocho profesores del Departamento de Historia del Arte de la Universidad de Sevilla. Es un grupo de investigaci\u00f3n ya consolidado, con varios a\u00f1os de experiencia en el dise\u00f1o, gesti\u00f3n y evaluaci\u00f3n de proyectos de innovaci\u00f3n docente vinculados a asignaturas impartidas en el Grado en [&hellip;]<\/p>\n","protected":false},"author":1,"featured_media":0,"parent":0,"menu_order":0,"comment_status":"closed","ping_status":"closed","template":"","meta":{"footnotes":""},"class_list":["post-29","page","type-page","status-publish","hentry"],"_links":{"self":[{"href":"https:\/\/grupo.us.es\/proteo\/index.php?rest_route=\/wp\/v2\/pages\/29","targetHints":{"allow":["GET"]}}],"collection":[{"href":"https:\/\/grupo.us.es\/proteo\/index.php?rest_route=\/wp\/v2\/pages"}],"about":[{"href":"https:\/\/grupo.us.es\/proteo\/index.php?rest_route=\/wp\/v2\/types\/page"}],"author":[{"embeddable":true,"href":"https:\/\/grupo.us.es\/proteo\/index.php?rest_route=\/wp\/v2\/users\/1"}],"replies":[{"embeddable":true,"href":"https:\/\/grupo.us.es\/proteo\/index.php?rest_route=%2Fwp%2Fv2%2Fcomments&post=29"}],"version-history":[{"count":1,"href":"https:\/\/grupo.us.es\/proteo\/index.php?rest_route=\/wp\/v2\/pages\/29\/revisions"}],"predecessor-version":[{"id":30,"href":"https:\/\/grupo.us.es\/proteo\/index.php?rest_route=\/wp\/v2\/pages\/29\/revisions\/30"}],"wp:attachment":[{"href":"https:\/\/grupo.us.es\/proteo\/index.php?rest_route=%2Fwp%2Fv2%2Fmedia&parent=29"}],"curies":[{"name":"wp","href":"https:\/\/api.w.org\/{rel}","templated":true}]}}