{"id":49,"date":"2022-03-09T10:22:06","date_gmt":"2022-03-09T10:22:06","guid":{"rendered":"http:\/\/grupo.us.es\/osunarecuerda\/?page_id=49"},"modified":"2023-02-21T10:28:30","modified_gmt":"2023-02-21T10:28:30","slug":"adn","status":"publish","type":"page","link":"https:\/\/grupo.us.es\/osunarecuerda\/adn\/","title":{"rendered":"ADN"},"content":{"rendered":"\n<p>Dado que el objetivo \u00faltimo de los trabajos de exhumaci\u00f3n es la identificaci\u00f3n de las v\u00edctimas, la obtenci\u00f3n de perfiles de ADN es una v\u00eda fundamental, aunque no la \u00fanica, para alcanzarlo. Para ello es necesario obtener muestras gen\u00e9ticas tanto de los restos \u00f3seos\/dentales recuperados en las exhumaciones como de los familiares, de acuerdo a unos protocolos espec\u00edficos que garanticen su viabilidad y resultados compatibles. Deben ser los m\u00e1s id\u00f3neos de acuerdo con los diferentes tipos establecidos de herencia: marcadores de ADN en cromosomas autos\u00f3micos, cromosomas XY o en ADN mitocondrial. El trabajo especializado, en campo, de la antropolog\u00eda forense es b\u00e1sico para identificar la selecci\u00f3n m\u00e1s id\u00f3nea de muestras para proceder a su an\u00e1lisis gen\u00e9tico. Tambi\u00e9n son estos especialistas los mejores conocedores de los protocolos de manipulaci\u00f3n y medidas de protecci\u00f3n que garanticen su integridad y eviten su contaminaci\u00f3n.<\/p>\n\n\n<div class=\"wp-block-image\">\n<figure class=\"aligncenter size-full\"><img loading=\"lazy\" decoding=\"async\" width=\"960\" height=\"491\" src=\"http:\/\/grupo.us.es\/osunarecuerda\/wp-content\/uploads\/2022\/03\/Cuadro_Muestra_Familiares.jpg\" alt=\"\" class=\"wp-image-147\" srcset=\"https:\/\/grupo.us.es\/osunarecuerda\/wp-content\/uploads\/2022\/03\/Cuadro_Muestra_Familiares.jpg 960w, https:\/\/grupo.us.es\/osunarecuerda\/wp-content\/uploads\/2022\/03\/Cuadro_Muestra_Familiares-300x153.jpg 300w, https:\/\/grupo.us.es\/osunarecuerda\/wp-content\/uploads\/2022\/03\/Cuadro_Muestra_Familiares-768x393.jpg 768w\" sizes=\"(max-width: 960px) 100vw, 960px\" \/><\/figure><\/div>\n\n\n<p><\/p>\n\n\n\n<p>En la medida en la que resulta imprescindible la elaboraci\u00f3n de bases de datos de referencia centralizadas, la Junta de Andaluc\u00eda ha firmado un convenio para que todas las muestras y an\u00e1lisis gen\u00e9ticos sean llevados a cabo en el Laboratorio de Medicina Forense de la Universidad de Granada. De esta forma, con el avance de las exhumaciones, se contar\u00e1, de forma progresiva, con una m\u00e1s completa colecci\u00f3n de referencia de datos gen\u00e9ticos. El propio Gobierno de Espa\u00f1a ha dado directrices encaminadas a la creaci\u00f3n de una base de datos nacional de ADN en el marco de los trabajos en materia de memoria hist\u00f3rica.<\/p>\n\n\n\n<p>Algo muy relevante en todo este delicado proceso en lo que se denomina la \u201ccadena de custodia\u201d, encargada de preservar las muestras tanto desde el punto de vista de su integridad f\u00edsica, como de la informaci\u00f3n asociada. Si en el caso de las obtenidas de los restos exhumados ello tendr\u00e1 que ver con el registro arqueol\u00f3gico-antropol\u00f3gico a trav\u00e9s del que se ha llevado a cabo su recuperaci\u00f3n, en el de los familiares se refiere a sus datos personales, de parentesco con las v\u00edctimas y los aspectos relativos al consentimiento para el manejo de los datos.<\/p>\n","protected":false},"excerpt":{"rendered":"<p>Dado que el objetivo \u00faltimo de los trabajos de exhumaci\u00f3n es la identificaci\u00f3n de las v\u00edctimas, la obtenci\u00f3n de perfiles de ADN es una v\u00eda fundamental, aunque no la \u00fanica, para alcanzarlo. Para ello es necesario obtener muestras gen\u00e9ticas tanto de los restos \u00f3seos\/dentales recuperados en las exhumaciones como de los familiares, de acuerdo a [&hellip;]<\/p>\n","protected":false},"author":1,"featured_media":0,"parent":0,"menu_order":0,"comment_status":"closed","ping_status":"closed","template":"","meta":{"ngg_post_thumbnail":0,"footnotes":""},"_links":{"self":[{"href":"https:\/\/grupo.us.es\/osunarecuerda\/wp-json\/wp\/v2\/pages\/49"}],"collection":[{"href":"https:\/\/grupo.us.es\/osunarecuerda\/wp-json\/wp\/v2\/pages"}],"about":[{"href":"https:\/\/grupo.us.es\/osunarecuerda\/wp-json\/wp\/v2\/types\/page"}],"author":[{"embeddable":true,"href":"https:\/\/grupo.us.es\/osunarecuerda\/wp-json\/wp\/v2\/users\/1"}],"replies":[{"embeddable":true,"href":"https:\/\/grupo.us.es\/osunarecuerda\/wp-json\/wp\/v2\/comments?post=49"}],"version-history":[{"count":5,"href":"https:\/\/grupo.us.es\/osunarecuerda\/wp-json\/wp\/v2\/pages\/49\/revisions"}],"predecessor-version":[{"id":494,"href":"https:\/\/grupo.us.es\/osunarecuerda\/wp-json\/wp\/v2\/pages\/49\/revisions\/494"}],"wp:attachment":[{"href":"https:\/\/grupo.us.es\/osunarecuerda\/wp-json\/wp\/v2\/media?parent=49"}],"curies":[{"name":"wp","href":"https:\/\/api.w.org\/{rel}","templated":true}]}}