{"id":47,"date":"2022-03-09T10:21:51","date_gmt":"2022-03-09T10:21:51","guid":{"rendered":"http:\/\/grupo.us.es\/osunarecuerda\/?page_id=47"},"modified":"2023-02-23T09:28:53","modified_gmt":"2023-02-23T09:28:53","slug":"antropologia-forense","status":"publish","type":"page","link":"https:\/\/grupo.us.es\/osunarecuerda\/antropologia-forense\/","title":{"rendered":"ANTROPOLOG\u00cdA FORENSE"},"content":{"rendered":"\n<p>La metodolog\u00eda arqueol\u00f3gica permite recuperar los restos materiales siguiendo par\u00e1metros de posici\u00f3n y temporalidad, de acuerdo con la documentaci\u00f3n del registro estratigr\u00e1fico, hoy plenamente consolidado en la disciplina. Cuando las evidencias documentadas corresponden a restos \u00f3seos humanos, entonces es necesaria la comparecencia de la antropolog\u00eda f\u00edsica. De hecho, la suma de ambas es lo que se conoce como arqueolog\u00eda forense.<\/p>\n\n\n\n<p>Las formas de an\u00e1lisis y protocolos de estudio de la antropolog\u00eda forense se llevan a cabo tanto en campo, durante el propio proceso de excavaci\u00f3n de los restos, como de forma paralela y posterior en laboratorio. Del mismo modo, puede haber diferente informaci\u00f3n susceptible de ser obtenida de los huesos, que precisa de aproximaciones anal\u00edticas m\u00e1s espec\u00edficas y especializadas; es el caso del an\u00e1lisis de ADN.<\/p>\n\n\n\n<p>Los trabajos de antropolog\u00eda forense que se realizan <em>in situ<\/em> pueden proporcionar informaci\u00f3n muy valiosa sobre la naturaleza de las deposiciones, por ejemplo, si se trata de dep\u00f3sitos rituales, intencionados o fortuitos. En el caso de las fosas comunes no se identifican signos que impliquen fines funerarios o de recuerdo, lo que, ya constituye, en s\u00ed mismo, un acto de violencia. Se obtienen datos que, adem\u00e1s, pueden ser combinados con otras fuentes de informaci\u00f3n, como la documental y de archivo, al poder indicar si se trata de deposiciones colectivas, simult\u00e1neas, primarias, todas ellas caracter\u00edsticas propias de las fosas de personas fusiladas o represaliadas.<\/p>\n\n\n\n<p>No ser\u00e1 menos importante tener en cuenta todos aquellos factores que, eventualmente, han podido determinar el grado de preservaci\u00f3n y conservaci\u00f3n de los restos y que podr\u00e1 condicionar las identificaciones. El an\u00e1lisis de los huesos permite identificar rasgos propios del desarrollo esquel\u00e9tico m\u00e1s convencionales como la edad, la altura o el sexo o mucho m\u00e1s particulares, como malformaciones o patolog\u00edas sufridas en diferentes momentos de la vida; son tambi\u00e9n de enorme inter\u00e9s los denominados marcadores musculoesquel\u00e9ticos o rasgos funcionales, que son aquellos que, plasmados en el esqueleto, hablan de pr\u00e1cticas, posturas y actividades cotidianas repetitivas. A su vez, por supuesto, pueden identificarse huellas directas y traumatismos dejados por episodios de tortura y\/o muerte violenta. Para la valoraci\u00f3n de estas \u00faltimas es preciso remitir a las pautas establecidas por la Medicina Legal. En el proceso de exhumaci\u00f3n las labores de antropolog\u00eda forense son tambi\u00e9n fundamentales para identificar, con las mayores garant\u00edas de integridad, las muestras m\u00e1s id\u00f3neas para la obtenci\u00f3n de perfiles gen\u00e9ticos, b\u00e1sicos en los procesos de identificaci\u00f3n de v\u00edctimas.<\/p>\n\n\n\n<div class=\"wp-block-columns is-layout-flex wp-container-core-columns-layout-1 wp-block-columns-is-layout-flex\">\n<div class=\"wp-block-column is-layout-flow wp-block-column-is-layout-flow\">\n<figure class=\"wp-block-gallery has-nested-images columns-default is-cropped wp-block-gallery-1 is-layout-flex wp-block-gallery-is-layout-flex\">\n<figure class=\"wp-block-image size-full\"><img loading=\"lazy\" decoding=\"async\" width=\"306\" height=\"350\" src=\"http:\/\/grupo.us.es\/osunarecuerda\/wp-content\/uploads\/2023\/02\/33.fw_.png\" alt=\"\" class=\"wp-image-559\" srcset=\"https:\/\/grupo.us.es\/osunarecuerda\/wp-content\/uploads\/2023\/02\/33.fw_.png 306w, https:\/\/grupo.us.es\/osunarecuerda\/wp-content\/uploads\/2023\/02\/33.fw_-262x300.png 262w\" sizes=\"(max-width: 306px) 100vw, 306px\" \/><figcaption class=\"wp-element-caption\">Trabajos de excavaci\u00f3n y documentaci\u00f3n antropol\u00f3gica in situ<\/figcaption><\/figure>\n<\/figure>\n<\/div>\n\n\n\n<div class=\"wp-block-column is-layout-flow wp-block-column-is-layout-flow\">\n<figure class=\"wp-block-gallery has-nested-images columns-default is-cropped wp-block-gallery-2 is-layout-flex wp-block-gallery-is-layout-flex\">\n<figure class=\"wp-block-image size-large\"><img loading=\"lazy\" decoding=\"async\" width=\"306\" height=\"350\" src=\"https:\/\/grupo.us.es\/osunarecuerda\/wp-content\/uploads\/2023\/02\/34.fw_.png\" alt=\"\" class=\"wp-image-560\" srcset=\"https:\/\/grupo.us.es\/osunarecuerda\/wp-content\/uploads\/2023\/02\/34.fw_.png 306w, https:\/\/grupo.us.es\/osunarecuerda\/wp-content\/uploads\/2023\/02\/34.fw_-262x300.png 262w\" sizes=\"(max-width: 306px) 100vw, 306px\" \/><figcaption class=\"wp-element-caption\">Registro de los datos antropol\u00f3gicos en fichas espec\u00edficas<\/figcaption><\/figure>\n<\/figure>\n<\/div>\n\n\n\n<div class=\"wp-block-column is-layout-flow wp-block-column-is-layout-flow\">\n<figure class=\"wp-block-gallery has-nested-images columns-default is-cropped wp-block-gallery-3 is-layout-flex wp-block-gallery-is-layout-flex\">\n<figure class=\"wp-block-image size-large\"><img loading=\"lazy\" decoding=\"async\" width=\"306\" height=\"350\" src=\"https:\/\/grupo.us.es\/osunarecuerda\/wp-content\/uploads\/2023\/02\/35.fw_.png\" alt=\"\" class=\"wp-image-558\" srcset=\"https:\/\/grupo.us.es\/osunarecuerda\/wp-content\/uploads\/2023\/02\/35.fw_.png 306w, https:\/\/grupo.us.es\/osunarecuerda\/wp-content\/uploads\/2023\/02\/35.fw_-262x300.png 262w\" sizes=\"(max-width: 306px) 100vw, 306px\" \/><figcaption class=\"wp-element-caption\">Fotografiado in situ de detalles antropol\u00f3gicos relevantes<\/figcaption><\/figure>\n<\/figure>\n<\/div>\n<\/div>\n\n\n\n<p><strong>Las v\u00edctimas de Osuna a trav\u00e9s de la antropolog\u00eda<\/strong><\/p>\n\n\n\n<p>Los trabajos antropol\u00f3gicos que se est\u00e1n llevando a cabo dentro del proyecto Osuna Recuerda tienen dos vertientes principales. La primera de ellas se realiza a pie de campo, por parte de personal especializado que, una vez identificados los restos humanos como de personas represaliadas, procede a la excavaci\u00f3n minuciosa del conjunto de individuos. Esta parte es muy delicada, ya que los cuerpos suelen estar entrelazados y exige un dominio absoluto de la anatom\u00eda humana, con el fin de poder individualizar cada uno de ellos. Durante la excavaci\u00f3n, todos aquellos objetos personales asociados a los individuos, tambi\u00e9n son identificados y mantenidos <em>in situ<\/em> para su registro gr\u00e1fico y descriptivo.<\/p>\n\n\n\n<p>El registro de campo antropol\u00f3gico, se hace de manera conjunta al arqueol\u00f3gico, contrastando los datos de uno y otro para poder llegar a tener una visi\u00f3n completa y exhaustiva de la posici\u00f3n, disposici\u00f3n y orden de los individuos identificados, antes de proceder a su levantamiento.<\/p>\n\n\n\n<p>Tras este registro, se inicia la extracci\u00f3n ordenada, utilizando los medios y herramientas m\u00e1s correctas para su preservaci\u00f3n, conservaci\u00f3n y traslado al laboratorio.<\/p>\n\n\n\n<p>Una vez en el laboratorio, comienza la segunda fase del estudio de los restos que se inicia con la limpieza y restauraci\u00f3n, tanto de los huesos humanos como de los materiales asociados a ellos.<\/p>\n\n\n\n<p>En relaci\u00f3n a los restos \u00f3seos, el objetivo principal es conseguir el perfil biol\u00f3gico m\u00e1s completo que podamos extraer: sexo, edad, estatura, y rasgos de distinto tipo. Con ello, conseguimos conocer aspectos de la vida del individuo, que pueden contrastarse con otras fuentes de informaci\u00f3n (como archivos o entrevistas personales a familiares) recabadas por compa\u00f1eros del equipo.<\/p>\n\n\n\n<p>Adem\u00e1s, de cada uno de los individuos estudiados se extrae una muestra (generalmente un diente), para su an\u00e1lisis gen\u00e9tico y contrastaci\u00f3n con las extra\u00eddas a los familiares de los represaliados. Estos familiares son convocados por el equipo para que puedan donar tanto la muestra gen\u00e9tica m\u00e1s id\u00f3nea, como la posible informaci\u00f3n que a\u00fan conserven de su familiar desaparecido.<\/p>\n\n\n\n<p>Con el perfil biol\u00f3gico completado de cada individuo, podemos orientar al Laboratorio de Gen\u00e9tica de la Universidad de Granada (laboratorio asignado por convenio con la Junta de Andaluc\u00eda), cu\u00e1les pueden tener m\u00e1s probabilidad de \u00e9xito, facilitando y agilizando los plazos de entrega de los resultados.<\/p>\n\n\n\n<p>Hasta el momento, hemos documentado un dep\u00f3sito de 20 individuos represaliados adultos (2 mujeres y 18 hombres) cuyo estudio se ha completado entre los meses de noviembre de 2022 y enero de 2023. De todos ellos, tenemos en la actualidad una ficha completa donde reflejamos de manera descriptiva y fotogr\u00e1fica todos los par\u00e1metros comentados anteriormente: edades de muerte, sexo, estaturas aproximadas, h\u00e1bitos como el consumo de tabaco, posturas y movimientos habituales (por ejemplo, por trabajo), rasgos hereditarios (como perduraci\u00f3n de dientes de leche), enfermedades (patolog\u00edas articulares como artrosis, dentales como caries o infecciones, traum\u00e1ticas como fracturas o hernias), entre otros muchos aspectos que pueden verse reflejados en el soporte \u00f3seo de nuestro cuerpo.<\/p>\n\n\n\n<p>Bajo este dep\u00f3sito y en la misma fosa, hemos encontrado otro dep\u00f3sito de 5 individuos que se encuentra actualmente (febrero de 2023) en proceso de excavaci\u00f3n, documentaci\u00f3n de campo y extracci\u00f3n.<\/p>\n\n\n\n<p>En las \u00faltimas semanas, el equipo de intervenci\u00f3n arqueol\u00f3gica ha localizado otra fosa con restos de, al menos, 4 individuos con evidentes signos de violencia. Esta se ha protegido hasta poder acondicionar el espacio para intervenir con todas las garant\u00edas cient\u00edficas.<\/p>\n\n\n\n<div class=\"wp-block-columns is-layout-flex wp-container-core-columns-layout-2 wp-block-columns-is-layout-flex\">\n<div class=\"wp-block-column is-layout-flow wp-block-column-is-layout-flow\" style=\"flex-basis:33.33%\">\n<figure class=\"wp-block-gallery has-nested-images columns-default is-cropped wp-block-gallery-4 is-layout-flex wp-block-gallery-is-layout-flex\">\n<figure class=\"wp-block-image size-large\"><img loading=\"lazy\" decoding=\"async\" width=\"306\" height=\"350\" src=\"https:\/\/grupo.us.es\/osunarecuerda\/wp-content\/uploads\/2023\/02\/36.fw_.png\" alt=\"\" class=\"wp-image-561\" srcset=\"https:\/\/grupo.us.es\/osunarecuerda\/wp-content\/uploads\/2023\/02\/36.fw_.png 306w, https:\/\/grupo.us.es\/osunarecuerda\/wp-content\/uploads\/2023\/02\/36.fw_-262x300.png 262w\" sizes=\"(max-width: 306px) 100vw, 306px\" \/><figcaption class=\"wp-element-caption\">Documentaci\u00f3n antropol\u00f3gica de restos de v\u00edctimas in situ<\/figcaption><\/figure>\n<\/figure>\n<\/div>\n\n\n\n<div class=\"wp-block-column is-layout-flow wp-block-column-is-layout-flow\" style=\"flex-basis:66.66%\">\n<figure class=\"wp-block-gallery has-nested-images columns-default is-cropped wp-block-gallery-5 is-layout-flex wp-block-gallery-is-layout-flex\">\n<figure class=\"wp-block-image size-large\"><img loading=\"lazy\" decoding=\"async\" width=\"621\" height=\"350\" src=\"https:\/\/grupo.us.es\/osunarecuerda\/wp-content\/uploads\/2023\/02\/37.fw_.png\" alt=\"\" class=\"wp-image-562\" srcset=\"https:\/\/grupo.us.es\/osunarecuerda\/wp-content\/uploads\/2023\/02\/37.fw_.png 621w, https:\/\/grupo.us.es\/osunarecuerda\/wp-content\/uploads\/2023\/02\/37.fw_-300x169.png 300w\" sizes=\"(max-width: 621px) 100vw, 621px\" \/><figcaption class=\"wp-element-caption\">Cinco de las v\u00edctimas enterradas formando parte de una misma saca de 20 personas\u00a0 en una de las fosas.<\/figcaption><\/figure>\n<\/figure>\n<\/div>\n<\/div>\n\n\n\n<div class=\"wp-block-columns is-layout-flex wp-container-core-columns-layout-3 wp-block-columns-is-layout-flex\">\n<div class=\"wp-block-column is-layout-flow wp-block-column-is-layout-flow\">\n<figure class=\"wp-block-gallery has-nested-images columns-default is-cropped wp-block-gallery-6 is-layout-flex wp-block-gallery-is-layout-flex\">\n<figure class=\"wp-block-image size-large\"><img loading=\"lazy\" decoding=\"async\" width=\"306\" height=\"350\" src=\"https:\/\/grupo.us.es\/osunarecuerda\/wp-content\/uploads\/2023\/02\/38.fw_.png\" alt=\"\" class=\"wp-image-565\" srcset=\"https:\/\/grupo.us.es\/osunarecuerda\/wp-content\/uploads\/2023\/02\/38.fw_.png 306w, https:\/\/grupo.us.es\/osunarecuerda\/wp-content\/uploads\/2023\/02\/38.fw_-262x300.png 262w\" sizes=\"(max-width: 306px) 100vw, 306px\" \/><figcaption class=\"wp-element-caption\">Proceso de exhumaci\u00f3n de restos una vez documentados para su posterior traslado y estudio en laboratorio<\/figcaption><\/figure>\n<\/figure>\n<\/div>\n\n\n\n<div class=\"wp-block-column is-layout-flow wp-block-column-is-layout-flow\">\n<figure class=\"wp-block-gallery has-nested-images columns-default is-cropped wp-block-gallery-7 is-layout-flex wp-block-gallery-is-layout-flex\">\n<figure class=\"wp-block-image size-large\"><img loading=\"lazy\" decoding=\"async\" width=\"306\" height=\"350\" src=\"https:\/\/grupo.us.es\/osunarecuerda\/wp-content\/uploads\/2023\/02\/40.fw_.png\" alt=\"\" class=\"wp-image-566\" srcset=\"https:\/\/grupo.us.es\/osunarecuerda\/wp-content\/uploads\/2023\/02\/40.fw_.png 306w, https:\/\/grupo.us.es\/osunarecuerda\/wp-content\/uploads\/2023\/02\/40.fw_-262x300.png 262w\" sizes=\"(max-width: 306px) 100vw, 306px\" \/><figcaption class=\"wp-element-caption\">Proceso de estudio antropol\u00f3gico en laboratorio<\/figcaption><\/figure>\n<\/figure>\n<\/div>\n\n\n\n<div class=\"wp-block-column is-layout-flow wp-block-column-is-layout-flow\">\n<figure class=\"wp-block-gallery has-nested-images columns-default is-cropped wp-block-gallery-8 is-layout-flex wp-block-gallery-is-layout-flex\">\n<figure class=\"wp-block-image size-large\"><img loading=\"lazy\" decoding=\"async\" width=\"306\" height=\"350\" src=\"https:\/\/grupo.us.es\/osunarecuerda\/wp-content\/uploads\/2023\/02\/41.fw_.png\" alt=\"\" class=\"wp-image-569\" srcset=\"https:\/\/grupo.us.es\/osunarecuerda\/wp-content\/uploads\/2023\/02\/41.fw_.png 306w, https:\/\/grupo.us.es\/osunarecuerda\/wp-content\/uploads\/2023\/02\/41.fw_-262x300.png 262w\" sizes=\"(max-width: 306px) 100vw, 306px\" \/><figcaption class=\"wp-element-caption\">Restituci\u00f3n en laboratorio del cr\u00e1neo de una de las v\u00edctimas. El bastoncillo de madera indica el orificio de entrada y de salida por arma de fuego<\/figcaption><\/figure>\n<\/figure>\n<\/div>\n<\/div>\n\n\n\n<figure class=\"wp-block-gallery has-nested-images columns-default is-cropped wp-block-gallery-9 is-layout-flex wp-block-gallery-is-layout-flex\">\n<figure class=\"wp-block-image size-large\"><img loading=\"lazy\" decoding=\"async\" width=\"1024\" height=\"390\" data-id=\"568\" src=\"https:\/\/grupo.us.es\/osunarecuerda\/wp-content\/uploads\/2023\/02\/39_I-5-cen-1024x390.jpg\" alt=\"\" class=\"wp-image-568\" srcset=\"https:\/\/grupo.us.es\/osunarecuerda\/wp-content\/uploads\/2023\/02\/39_I-5-cen-1024x390.jpg 1024w, https:\/\/grupo.us.es\/osunarecuerda\/wp-content\/uploads\/2023\/02\/39_I-5-cen-300x114.jpg 300w, https:\/\/grupo.us.es\/osunarecuerda\/wp-content\/uploads\/2023\/02\/39_I-5-cen-768x292.jpg 768w, https:\/\/grupo.us.es\/osunarecuerda\/wp-content\/uploads\/2023\/02\/39_I-5-cen-1536x585.jpg 1536w, https:\/\/grupo.us.es\/osunarecuerda\/wp-content\/uploads\/2023\/02\/39_I-5-cen-2048x779.jpg 2048w\" sizes=\"(max-width: 1024px) 100vw, 1024px\" \/><figcaption class=\"wp-element-caption\">Disposici\u00f3n en laboratorio de los restos de una de las v\u00edctimas para su estudio antropol\u00f3gico<\/figcaption><\/figure>\n<\/figure>\n\n\n\n<p><\/p>\n","protected":false},"excerpt":{"rendered":"<p>La metodolog\u00eda arqueol\u00f3gica permite recuperar los restos materiales siguiendo par\u00e1metros de posici\u00f3n y temporalidad, de acuerdo con la documentaci\u00f3n del registro estratigr\u00e1fico, hoy plenamente consolidado en la disciplina. Cuando las evidencias documentadas corresponden a restos \u00f3seos humanos, entonces es necesaria la comparecencia de la antropolog\u00eda f\u00edsica. De hecho, la suma de ambas es lo que [&hellip;]<\/p>\n","protected":false},"author":1,"featured_media":0,"parent":0,"menu_order":0,"comment_status":"closed","ping_status":"closed","template":"","meta":{"ngg_post_thumbnail":0,"footnotes":""},"_links":{"self":[{"href":"https:\/\/grupo.us.es\/osunarecuerda\/wp-json\/wp\/v2\/pages\/47"}],"collection":[{"href":"https:\/\/grupo.us.es\/osunarecuerda\/wp-json\/wp\/v2\/pages"}],"about":[{"href":"https:\/\/grupo.us.es\/osunarecuerda\/wp-json\/wp\/v2\/types\/page"}],"author":[{"embeddable":true,"href":"https:\/\/grupo.us.es\/osunarecuerda\/wp-json\/wp\/v2\/users\/1"}],"replies":[{"embeddable":true,"href":"https:\/\/grupo.us.es\/osunarecuerda\/wp-json\/wp\/v2\/comments?post=47"}],"version-history":[{"count":9,"href":"https:\/\/grupo.us.es\/osunarecuerda\/wp-json\/wp\/v2\/pages\/47\/revisions"}],"predecessor-version":[{"id":570,"href":"https:\/\/grupo.us.es\/osunarecuerda\/wp-json\/wp\/v2\/pages\/47\/revisions\/570"}],"wp:attachment":[{"href":"https:\/\/grupo.us.es\/osunarecuerda\/wp-json\/wp\/v2\/media?parent=47"}],"curies":[{"name":"wp","href":"https:\/\/api.w.org\/{rel}","templated":true}]}}