{"id":41,"date":"2022-03-09T10:21:00","date_gmt":"2022-03-09T10:21:00","guid":{"rendered":"http:\/\/grupo.us.es\/osunarecuerda\/?page_id=41"},"modified":"2023-02-22T09:19:05","modified_gmt":"2023-02-22T09:19:05","slug":"documentacion","status":"publish","type":"page","link":"https:\/\/grupo.us.es\/osunarecuerda\/documentacion\/","title":{"rendered":"DOCUMENTACI\u00d3N"},"content":{"rendered":"\n<p>El caso de Osuna ha sido reconocido en diferentes proyectos de trabajo destinados a la identificaci\u00f3n de fosas y v\u00edctimas, como el Mapa de Fosas de Andaluc\u00eda, como uno de los m\u00e1s relevantes de Andaluc\u00eda occidental, por el abundante material documental conservado sobre los episodios relativos a los \u00faltimos tiempos de la Segunda Rep\u00fablica, los a\u00f1os de guerra y represi\u00f3n. Uno de los aspectos m\u00e1s significativos de la documentaci\u00f3n manejada es que, en buena medida, se trata de informaci\u00f3n aparentemente objetiva, como pueda ser el registro del cementerio, que no posee matices ideol\u00f3gicos derivados de los episodios que acontecieron en el verano de 1936 y los meses subsiguientes.<\/p>\n\n\n\n<p>Se cuenta con informaci\u00f3n contenida en el Registro Civil de Osuna, as\u00ed como en los de la c\u00e1rcel, el cementerio y el hospital de la localidad. Se han recuperado registros de los procesos judiciales en Archivos militares de la \u00e9poca, como los del Archivo Intermedio Militar Sur y del Archivo del Tribunal Militar Territorial Segundo. En el \u00faltimo de ellos se conserva una muy valiosa informaci\u00f3n, cuyos originales hemos podido manejar, relativa a un grupo de represaliados oriundos de la vecina localidad de La Puebla de Cazalla. De regreso de M\u00e1laga en el invierno de 1937 fueron apresados y juzgados por tribunales militares, acusados de rebeli\u00f3n. Un buen grupo de ellos fue sentenciado a pena de muerte. Aunque en un primer momento fueron custodiados en su localidad, las malas condiciones de la c\u00e1rcel de La Puebla obligaron a desplazarlos a la de Osuna, donde fueron fusilados y enterrados en el cementerio municipal.<\/p>\n\n\n\n<figure class=\"wp-block-gallery has-nested-images columns-default is-cropped wp-block-gallery-1 is-layout-flex wp-block-gallery-is-layout-flex\">\n<figure class=\"wp-block-image size-full\"><img loading=\"lazy\" decoding=\"async\" width=\"1024\" height=\"350\" data-id=\"522\" src=\"http:\/\/grupo.us.es\/osunarecuerda\/wp-content\/uploads\/2023\/02\/tm.fw_.png\" alt=\"\" class=\"wp-image-522\" srcset=\"https:\/\/grupo.us.es\/osunarecuerda\/wp-content\/uploads\/2023\/02\/tm.fw_.png 1024w, https:\/\/grupo.us.es\/osunarecuerda\/wp-content\/uploads\/2023\/02\/tm.fw_-300x103.png 300w, https:\/\/grupo.us.es\/osunarecuerda\/wp-content\/uploads\/2023\/02\/tm.fw_-768x263.png 768w\" sizes=\"(max-width: 1024px) 100vw, 1024px\" \/><figcaption class=\"wp-element-caption\">Trabajo en el Archivo del Tribunal Militar Territorial Segundo de Sevilla, con legajos correspondientes a juicios sumar\u00edsimos.<\/figcaption><\/figure>\n<\/figure>\n\n\n\n<p>Un vecino de la localidad, Santiago Fern\u00e1ndez Fern\u00e1ndez, emprendi\u00f3 en 2005 la tarea de recopilar y sistematizar toda esa informaci\u00f3n, que ha recogido en una compleja base de datos, y que ha puesto desinteresadamente a disposici\u00f3n del Proyecto Osuna Recuerda. Tanto la informaci\u00f3n contenida en dicho recurso como la colaboraci\u00f3n directa con Santiago Fern\u00e1ndez no solamente est\u00e1 siendo de gran utilidad para nuestro proyecto, sino que tambi\u00e9n se encuentra en la base de diferentes publicaciones y buscadores en l\u00ednea. En ella se basan los datos de v\u00edctimas contenidos en el buscador <em>Todos los Nombres<\/em> y los listados incluidos en la obra de Jos\u00e9 Mar\u00eda Garc\u00eda M\u00e1rquez <em>Las v\u00edctimas de la represi\u00f3n militar en la provincia de Sevilla (1936-1963)<\/em>, Sevilla 2012 (Ed. Aconcagua \/ Asociaci\u00f3n Andaluza de Memoria hist\u00f3rica y Justicia), donde tambi\u00e9n se incorporan diferentes episodios relativos a Osuna. La monograf\u00eda de F.J. Montero G\u00f3mez, <em>Osuna, 20 de julio de 1936: consecuencias de la rebeli\u00f3n militar<\/em>, publicaci\u00f3n no venal disponible en l\u00ednea, recupera, a partir de esa abundante documentaci\u00f3n escrita los principales hitos de la vida de buena parte de las v\u00edctimas.<\/p>\n\n\n\n<figure class=\"wp-block-gallery has-nested-images columns-default is-cropped wp-block-gallery-2 is-layout-flex wp-block-gallery-is-layout-flex\">\n<figure class=\"wp-block-image size-full\"><img loading=\"lazy\" decoding=\"async\" width=\"1024\" height=\"350\" data-id=\"523\" src=\"http:\/\/grupo.us.es\/osunarecuerda\/wp-content\/uploads\/2023\/02\/tesis.fw_.png\" alt=\"\" class=\"wp-image-523\" srcset=\"https:\/\/grupo.us.es\/osunarecuerda\/wp-content\/uploads\/2023\/02\/tesis.fw_.png 1024w, https:\/\/grupo.us.es\/osunarecuerda\/wp-content\/uploads\/2023\/02\/tesis.fw_-300x103.png 300w, https:\/\/grupo.us.es\/osunarecuerda\/wp-content\/uploads\/2023\/02\/tesis.fw_-768x263.png 768w\" sizes=\"(max-width: 1024px) 100vw, 1024px\" \/><figcaption class=\"wp-element-caption\">Santiago Fern\u00e1ndez durante una entrevista para el programa Tesis de Canal Sur. Enero de 2023.<\/figcaption><\/figure>\n<\/figure>\n\n\n\n<p>En el marco del Proyecto Osuna Recuerda se han confeccionado asimismo bases de datos para responder a las diferentes necesidades del trabajo. Una de ellas est\u00e1 igualmente basada en la informaci\u00f3n documental sobre las v\u00edctimas, en este caso, dise\u00f1ada de forma que pueda ser combinada con \u00e9xito con los nuevos datos arqueol\u00f3gicos y antropol\u00f3gicos.<\/p>\n\n\n\n<figure class=\"wp-block-gallery has-nested-images columns-default is-cropped wp-block-gallery-3 is-layout-flex wp-block-gallery-is-layout-flex\">\n<figure class=\"wp-block-image size-full\"><img loading=\"lazy\" decoding=\"async\" width=\"1024\" height=\"350\" data-id=\"524\" src=\"http:\/\/grupo.us.es\/osunarecuerda\/wp-content\/uploads\/2023\/02\/datos.fw_.png\" alt=\"\" class=\"wp-image-524\" srcset=\"https:\/\/grupo.us.es\/osunarecuerda\/wp-content\/uploads\/2023\/02\/datos.fw_.png 1024w, https:\/\/grupo.us.es\/osunarecuerda\/wp-content\/uploads\/2023\/02\/datos.fw_-300x103.png 300w, https:\/\/grupo.us.es\/osunarecuerda\/wp-content\/uploads\/2023\/02\/datos.fw_-768x263.png 768w\" sizes=\"(max-width: 1024px) 100vw, 1024px\" \/><figcaption class=\"wp-element-caption\">Dise\u00f1o de bases de dato para la gesti\u00f3n de la informaci\u00f3n integral sobre las v\u00edctimas.<\/figcaption><\/figure>\n<\/figure>\n","protected":false},"excerpt":{"rendered":"<p>El caso de Osuna ha sido reconocido en diferentes proyectos de trabajo destinados a la identificaci\u00f3n de fosas y v\u00edctimas, como el Mapa de Fosas de Andaluc\u00eda, como uno de los m\u00e1s relevantes de Andaluc\u00eda occidental, por el abundante material documental conservado sobre los episodios relativos a los \u00faltimos tiempos de la Segunda Rep\u00fablica, los [&hellip;]<\/p>\n","protected":false},"author":1,"featured_media":0,"parent":0,"menu_order":0,"comment_status":"closed","ping_status":"closed","template":"","meta":{"ngg_post_thumbnail":0,"footnotes":""},"_links":{"self":[{"href":"https:\/\/grupo.us.es\/osunarecuerda\/wp-json\/wp\/v2\/pages\/41"}],"collection":[{"href":"https:\/\/grupo.us.es\/osunarecuerda\/wp-json\/wp\/v2\/pages"}],"about":[{"href":"https:\/\/grupo.us.es\/osunarecuerda\/wp-json\/wp\/v2\/types\/page"}],"author":[{"embeddable":true,"href":"https:\/\/grupo.us.es\/osunarecuerda\/wp-json\/wp\/v2\/users\/1"}],"replies":[{"embeddable":true,"href":"https:\/\/grupo.us.es\/osunarecuerda\/wp-json\/wp\/v2\/comments?post=41"}],"version-history":[{"count":9,"href":"https:\/\/grupo.us.es\/osunarecuerda\/wp-json\/wp\/v2\/pages\/41\/revisions"}],"predecessor-version":[{"id":525,"href":"https:\/\/grupo.us.es\/osunarecuerda\/wp-json\/wp\/v2\/pages\/41\/revisions\/525"}],"wp:attachment":[{"href":"https:\/\/grupo.us.es\/osunarecuerda\/wp-json\/wp\/v2\/media?parent=41"}],"curies":[{"name":"wp","href":"https:\/\/api.w.org\/{rel}","templated":true}]}}