{"id":79,"date":"2018-02-16T18:21:45","date_gmt":"2018-02-16T18:21:45","guid":{"rendered":"http:\/\/grupo.us.es\/newtutsosmodhum\/?page_id=79"},"modified":"2021-01-29T08:39:53","modified_gmt":"2021-01-29T08:39:53","slug":"proyecto","status":"publish","type":"page","link":"https:\/\/grupo.us.es\/newtutsosmodhum\/?page_id=79","title":{"rendered":"Proyecto I+D+i"},"content":{"rendered":"<p style=\"padding-left: 30px;\">\n<p>&nbsp;<\/p>\n<p><img loading=\"lazy\" decoding=\"async\" class=\"aligncenter wp-image-289\" src=\"http:\/\/grupo.us.es\/newtutsosmodhum\/wp-content\/uploads\/2018\/02\/tutsosmod.png\" alt=\"\" width=\"250\" height=\"282\" srcset=\"https:\/\/grupo.us.es\/newtutsosmodhum\/wp-content\/uploads\/2018\/02\/tutsosmod.png 863w, https:\/\/grupo.us.es\/newtutsosmodhum\/wp-content\/uploads\/2018\/02\/tutsosmod-266x300.png 266w, https:\/\/grupo.us.es\/newtutsosmodhum\/wp-content\/uploads\/2018\/02\/tutsosmod-768x866.png 768w\" sizes=\"auto, (max-width: 250px) 100vw, 250px\" \/><\/p>\n<h4 style=\"text-align: center;\">.<\/h4>\n<h4 style=\"text-align: center;\"><strong><span style=\"color: #000000;\">TUTELA SOSTENIBLE DEL PATRIMONIO CULTURAL A TRAV\u00c9S DE MODELOS DIGITALES BIM Y SIG. <\/span><\/strong><strong><span style=\"color: #000000;\">CONTRIBUCI\u00d3N AL CONOCIMIENTO E INNOVACI\u00d3N SOCIAL.<\/span><\/strong><\/h4>\n<p>&nbsp;<\/p>\n<p><iframe loading=\"lazy\" style=\"width: 55%; float: right;\" src=\"https:\/\/player.vimeo.com\/video\/332218619\" width=\"600\" height=\"300\" frameborder=\"0\" allowfullscreen=\"allowfullscreen\"><span data-mce-type=\"bookmark\" style=\"display: inline-block; width: 0px; overflow: hidden; line-height: 0;\" class=\"mce_SELRES_start\">\ufeff<\/span><span data-mce-type=\"bookmark\" style=\"display: inline-block; width: 0px; overflow: hidden; line-height: 0;\" class=\"mce_SELRES_start\">\ufeff<\/span><span data-mce-type=\"bookmark\" style=\"display: inline-block; width: 0px; overflow: hidden; line-height: 0;\" class=\"mce_SELRES_start\">\ufeff<\/span><span data-mce-type=\"bookmark\" style=\"display: inline-block; width: 0px; overflow: hidden; line-height: 0;\" class=\"mce_SELRES_start\"><span data-mce-type=\"bookmark\" style=\"display: inline-block; width: 0px; overflow: hidden; line-height: 0;\" class=\"mce_SELRES_start\">\ufeff<\/span>\ufeff<\/span><span data-mce-type=\"bookmark\" style=\"display: inline-block; width: 0px; overflow: hidden; line-height: 0;\" class=\"mce_SELRES_start\">\ufeff<\/span><span data-mce-type=\"bookmark\" style=\"display: inline-block; width: 0px; overflow: hidden; line-height: 0;\" class=\"mce_SELRES_start\">\ufeff<\/span><span data-mce-type=\"bookmark\" style=\"display: inline-block; width: 0px; overflow: hidden; line-height: 0;\" class=\"mce_SELRES_start\">\ufeff<\/span><span data-mce-type=\"bookmark\" style=\"display: inline-block; width: 0px; overflow: hidden; line-height: 0;\" class=\"mce_SELRES_start\">\ufeff<\/span><span data-mce-type=\"bookmark\" style=\"display: inline-block; width: 0px; overflow: hidden; line-height: 0;\" class=\"mce_SELRES_start\">\ufeff<\/span><span data-mce-type=\"bookmark\" style=\"display: inline-block; width: 0px; overflow: hidden; line-height: 0;\" class=\"mce_SELRES_start\">\ufeff<\/span><\/iframe><\/p>\n<p style=\"text-align: justify; padding-left: 30px;\"><span style=\"color: #000000;\">El proyecto\u00a0<strong>HAR2016-78113-R<\/strong>\u00a0se propone como continuaci\u00f3n del I+D+i HAR2012-34571, con el que comparte objetivos generales en t\u00e9rminos de innovaci\u00f3n, car\u00e1cter multidisciplinario, aplicabilidad y alcance social. En \u00e9l se elabor\u00f3 una base metodol\u00f3gica para abordar problemas relativos a la elaboraci\u00f3n digital de modelos, donde el conocimiento generado es un motor de desarrollo cultural. Se relacionaron procedimientos digitales (levantamiento riguroso por m\u00e9todos y t\u00e9cnicas avanzadas como la fotogrametr\u00eda digital y modelado tridimensional, parametrizaci\u00f3n y asociaci\u00f3n de sus elementos a una base de datos) con sistemas gr\u00e1ficos y anal\u00edticos tradicionales, que siguen estando vigente en la descripci\u00f3n y comunicaci\u00f3n de la arquitectura, experimentando v\u00edas de tr\u00e1nsito entre ellos. <\/span><\/p>\n<p style=\"text-align: justify; padding-left: 30px;\"><span style=\"color: #000000;\">El trabajo se centr\u00f3 sobre varios casos de estudio, abordados en varias tesis doctorales de miembros del equipo de investigadores y en aportaciones en medios cient\u00edficos. El objetivo ahora es explorar la aplicaci\u00f3n de estos modelos digitales, fundamentalmente basados en BIM (Building Information Modelling) y SIG (Sistemas de Informaci\u00f3n Geogr\u00e1fica), a la gesti\u00f3n integral y sostenible de la tutela patrimonial: desde un elemento o conjunto hasta figuras de escala territorial. Desde este planteamiento integral, centramos la atenci\u00f3n en el \u00e1mbito del conocimiento del patrimonio, germen de las dem\u00e1s acciones de tutela, y en su transferencia a las diversas disciplinas implicadas. Los modelos generados a partir de este conocimiento han de entenderse como veh\u00edculo y no como fin, ya que no son s\u00f3lo una construcci\u00f3n gr\u00e1fica formal, sino principalmente una estructura de informaci\u00f3n fundada sobre la participaci\u00f3n de diversas disciplinas (Arquitectura, Arqueolog\u00eda, Historia, etc.) y orientadas hacia una convergencia que facilite la generaci\u00f3n de resultados pr\u00e1cticos.<\/span><\/p>\n<p>&nbsp;<\/p>\n<p style=\"padding-left: 30px;\"><img loading=\"lazy\" decoding=\"async\" class=\"alignnone wp-image-891 size-full\" src=\"http:\/\/grupo.us.es\/newtutsosmodhum\/wp-content\/uploads\/2018\/04\/tutsosmod-6.jpg\" alt=\"\" width=\"7201\" height=\"2956\" srcset=\"https:\/\/grupo.us.es\/newtutsosmodhum\/wp-content\/uploads\/2018\/04\/tutsosmod-6.jpg 7201w, https:\/\/grupo.us.es\/newtutsosmodhum\/wp-content\/uploads\/2018\/04\/tutsosmod-6-300x123.jpg 300w, https:\/\/grupo.us.es\/newtutsosmodhum\/wp-content\/uploads\/2018\/04\/tutsosmod-6-768x315.jpg 768w, https:\/\/grupo.us.es\/newtutsosmodhum\/wp-content\/uploads\/2018\/04\/tutsosmod-6-1024x420.jpg 1024w\" sizes=\"auto, (max-width: 7201px) 100vw, 7201px\" \/><\/p>\n<p style=\"text-align: right;\"><span style=\"color: #808080;\">Web:\u00a0\u00a0<a style=\"color: #808080;\" href=\"http:\/\/gestioneventos.us.es\/event_detail\/18082\/detail\/iv-international-congress-science-and-technology-for-the-conservation-of-cultural-heritage.html\"><strong><u>Technoheritage 2019<\/u><\/strong><\/a><strong><span style=\"color: #808080;\">\u00a0<\/span> \u00a0<\/strong><\/span><\/p>\n<p>&nbsp;<\/p>\n<p style=\"text-align: center;\"><a href=\"http:\/\/grupo.us.es\/newtutsosmodhum\/?page_id=1374\"><span style=\"color: #000000;\">Otros <span style=\"color: #ff0000;\"><strong>Proyectos I+D+i<\/strong><\/span> surgidos a partir del Proyecto TUTSOSMOD.<\/span><\/a><\/p>\n<p>&nbsp;<\/p>\n<p style=\"padding-left: 30px; text-align: left;\"><a href=\"http:\/\/grupo.us.es\/ecphum799\/\"><img loading=\"lazy\" decoding=\"async\" class=\"wp-image-114 alignnone\" src=\"http:\/\/grupo.us.es\/newtutsosmodhum\/wp-content\/uploads\/2018\/02\/ECP-2.png\" alt=\"\" width=\"186\" height=\"50\" srcset=\"https:\/\/grupo.us.es\/newtutsosmodhum\/wp-content\/uploads\/2018\/02\/ECP-2.png 1825w, https:\/\/grupo.us.es\/newtutsosmodhum\/wp-content\/uploads\/2018\/02\/ECP-2-300x81.png 300w, https:\/\/grupo.us.es\/newtutsosmodhum\/wp-content\/uploads\/2018\/02\/ECP-2-768x207.png 768w, https:\/\/grupo.us.es\/newtutsosmodhum\/wp-content\/uploads\/2018\/02\/ECP-2-1024x275.png 1024w\" sizes=\"auto, (max-width: 186px) 100vw, 186px\" \/><\/a>\u00a0 \u00a0 \u00a0 \u00a0\u00a0<a href=\"http:\/\/www.aei.gob.es\/\"><img loading=\"lazy\" decoding=\"async\" class=\"alignnone wp-image-1015\" src=\"http:\/\/grupo.us.es\/newtutsosmodhum\/wp-content\/uploads\/2018\/04\/MEC.jpg\" alt=\"\" width=\"212\" height=\"55\" srcset=\"https:\/\/grupo.us.es\/newtutsosmodhum\/wp-content\/uploads\/2018\/04\/MEC.jpg 2450w, https:\/\/grupo.us.es\/newtutsosmodhum\/wp-content\/uploads\/2018\/04\/MEC-300x76.jpg 300w, https:\/\/grupo.us.es\/newtutsosmodhum\/wp-content\/uploads\/2018\/04\/MEC-768x196.jpg 768w, https:\/\/grupo.us.es\/newtutsosmodhum\/wp-content\/uploads\/2018\/04\/MEC-1024x261.jpg 1024w\" sizes=\"auto, (max-width: 212px) 100vw, 212px\" \/><\/a>\u00a0 \u00a0 \u00a0\u00a0<a href=\"http:\/\/www.us.es\/\"><img loading=\"lazy\" decoding=\"async\" class=\"wp-image-106 alignnone\" src=\"http:\/\/grupo.us.es\/newtutsosmodhum\/wp-content\/uploads\/2018\/02\/US.png\" alt=\"\" width=\"73\" height=\"71\" srcset=\"https:\/\/grupo.us.es\/newtutsosmodhum\/wp-content\/uploads\/2018\/02\/US.png 961w, https:\/\/grupo.us.es\/newtutsosmodhum\/wp-content\/uploads\/2018\/02\/US-300x290.png 300w, https:\/\/grupo.us.es\/newtutsosmodhum\/wp-content\/uploads\/2018\/02\/US-768x742.png 768w\" sizes=\"auto, (max-width: 73px) 100vw, 73px\" \/><\/a>\u00a0 \u00a0 \u00a0 \u00a0<a href=\"http:\/\/www.iucc.us.es\/index.php\/es\/\"><img loading=\"lazy\" decoding=\"async\" class=\"wp-image-103 alignnone\" src=\"http:\/\/grupo.us.es\/newtutsosmodhum\/wp-content\/uploads\/2018\/02\/IUACC.png\" alt=\"\" width=\"93\" height=\"48\" srcset=\"https:\/\/grupo.us.es\/newtutsosmodhum\/wp-content\/uploads\/2018\/02\/IUACC.png 1376w, https:\/\/grupo.us.es\/newtutsosmodhum\/wp-content\/uploads\/2018\/02\/IUACC-300x155.png 300w, https:\/\/grupo.us.es\/newtutsosmodhum\/wp-content\/uploads\/2018\/02\/IUACC-768x397.png 768w, https:\/\/grupo.us.es\/newtutsosmodhum\/wp-content\/uploads\/2018\/02\/IUACC-1024x529.png 1024w\" sizes=\"auto, (max-width: 93px) 100vw, 93px\" \/><\/a>\u00a0 \u00a0 \u00a0 \u00a0<a href=\"http:\/\/www.iaph.es\/web\/\"><img loading=\"lazy\" decoding=\"async\" class=\"wp-image-102 alignnone\" src=\"http:\/\/grupo.us.es\/newtutsosmodhum\/wp-content\/uploads\/2018\/02\/IAPH.png\" alt=\"\" width=\"201\" height=\"45\" srcset=\"https:\/\/grupo.us.es\/newtutsosmodhum\/wp-content\/uploads\/2018\/02\/IAPH.png 2358w, https:\/\/grupo.us.es\/newtutsosmodhum\/wp-content\/uploads\/2018\/02\/IAPH-300x67.png 300w, https:\/\/grupo.us.es\/newtutsosmodhum\/wp-content\/uploads\/2018\/02\/IAPH-768x172.png 768w, https:\/\/grupo.us.es\/newtutsosmodhum\/wp-content\/uploads\/2018\/02\/IAPH-1024x230.png 1024w\" sizes=\"auto, (max-width: 201px) 100vw, 201px\" \/><\/a>\u00a0 \u00a0 \u00a0 \u00a0\u00a0<a href=\"http:\/\/ec.europa.eu\/regional_policy\/es\/funding\/erdf\/\"><img loading=\"lazy\" decoding=\"async\" class=\"alignnone wp-image-1017\" src=\"http:\/\/grupo.us.es\/newtutsosmodhum\/wp-content\/uploads\/2018\/04\/UE.png\" alt=\"\" width=\"179\" height=\"47\" srcset=\"https:\/\/grupo.us.es\/newtutsosmodhum\/wp-content\/uploads\/2018\/04\/UE.png 948w, https:\/\/grupo.us.es\/newtutsosmodhum\/wp-content\/uploads\/2018\/04\/UE-300x78.png 300w, https:\/\/grupo.us.es\/newtutsosmodhum\/wp-content\/uploads\/2018\/04\/UE-768x200.png 768w\" sizes=\"auto, (max-width: 179px) 100vw, 179px\" \/><\/a><\/p>\n<p>&nbsp;<\/p>\n<p><img loading=\"lazy\" decoding=\"async\" class=\" wp-image-81 aligncenter\" src=\"http:\/\/grupo.us.es\/newtutsosmodhum\/wp-content\/uploads\/2018\/02\/Cr\u00e9ditos.png\" alt=\"\" width=\"289\" height=\"107\" data-action=\"zoom\" \/><\/p>\n","protected":false},"excerpt":{"rendered":"<p>&nbsp; . TUTELA SOSTENIBLE DEL PATRIMONIO CULTURAL A TRAV\u00c9S DE MODELOS DIGITALES BIM Y SIG. CONTRIBUCI\u00d3N AL CONOCIMIENTO E INNOVACI\u00d3N [&hellip;]<\/p>\n","protected":false},"author":1,"featured_media":0,"parent":0,"menu_order":1,"comment_status":"closed","ping_status":"closed","template":"","meta":{"footnotes":""},"class_list":["post-79","page","type-page","status-publish","hentry"],"_links":{"self":[{"href":"https:\/\/grupo.us.es\/newtutsosmodhum\/index.php?rest_route=\/wp\/v2\/pages\/79","targetHints":{"allow":["GET"]}}],"collection":[{"href":"https:\/\/grupo.us.es\/newtutsosmodhum\/index.php?rest_route=\/wp\/v2\/pages"}],"about":[{"href":"https:\/\/grupo.us.es\/newtutsosmodhum\/index.php?rest_route=\/wp\/v2\/types\/page"}],"author":[{"embeddable":true,"href":"https:\/\/grupo.us.es\/newtutsosmodhum\/index.php?rest_route=\/wp\/v2\/users\/1"}],"replies":[{"embeddable":true,"href":"https:\/\/grupo.us.es\/newtutsosmodhum\/index.php?rest_route=%2Fwp%2Fv2%2Fcomments&post=79"}],"version-history":[{"count":0,"href":"https:\/\/grupo.us.es\/newtutsosmodhum\/index.php?rest_route=\/wp\/v2\/pages\/79\/revisions"}],"wp:attachment":[{"href":"https:\/\/grupo.us.es\/newtutsosmodhum\/index.php?rest_route=%2Fwp%2Fv2%2Fmedia&parent=79"}],"curies":[{"name":"wp","href":"https:\/\/api.w.org\/{rel}","templated":true}]}}