{"id":439,"date":"2018-03-08T17:37:22","date_gmt":"2018-03-08T17:37:22","guid":{"rendered":"http:\/\/grupo.us.es\/newtutsosmodhum\/?page_id=439"},"modified":"2018-05-18T15:26:52","modified_gmt":"2018-05-18T15:26:52","slug":"c2","status":"publish","type":"page","link":"https:\/\/grupo.us.es\/newtutsosmodhum\/?page_id=439","title":{"rendered":"C2"},"content":{"rendered":"<ul>\n<li style=\"text-align: center;\"><strong><span style=\"color: #000000;\">SEMINARIOS INTERNACIONALES SOBRE ESTRATEGIAS DE CONOCIMIENTO PATRIMONIAL.<\/span><\/strong><\/li>\n<li><\/li>\n<\/ul>\n<p style=\"padding-left: 30px;\"><span style=\"color: #000000;\">\u00a0 \u00a0 <a href=\"http:\/\/grupo.us.es\/newtutsosmodhum\/?page_id=437\"><span style=\"color: #808080;\">&lt; Anterior<\/span><\/a>\u00a0 \u00a0 \u00a0 \u00a0 \u00a0 \u00a0 \u00a0 <a href=\"http:\/\/grupo.us.es\/newtutsosmodhum\/wp-content\/uploads\/2018\/03\/C2_COLLAGE-1.jpg\"><img loading=\"lazy\" decoding=\"async\" class=\"alignnone wp-image-652\" src=\"http:\/\/grupo.us.es\/newtutsosmodhum\/wp-content\/uploads\/2018\/03\/C2_COLLAGE-1.jpg\" alt=\"\" width=\"810\" height=\"540\" data-action=\"zoom\" \/><\/a><a href=\"http:\/\/grupo.us.es\/newtutsosmodhum\/wp-content\/uploads\/2018\/04\/tutsosmod-3.jpg\"><img loading=\"lazy\" decoding=\"async\" class=\"alignnone wp-image-867\" src=\"http:\/\/grupo.us.es\/newtutsosmodhum\/wp-content\/uploads\/2018\/04\/tutsosmod-3.jpg\" alt=\"\" width=\"810\" height=\"540\" data-action=\"zoom\" srcset=\"https:\/\/grupo.us.es\/newtutsosmodhum\/wp-content\/uploads\/2018\/04\/tutsosmod-3.jpg 1250w, https:\/\/grupo.us.es\/newtutsosmodhum\/wp-content\/uploads\/2018\/04\/tutsosmod-3-300x200.jpg 300w, https:\/\/grupo.us.es\/newtutsosmodhum\/wp-content\/uploads\/2018\/04\/tutsosmod-3-768x512.jpg 768w\" sizes=\"auto, (max-width: 810px) 100vw, 810px\" \/><\/a>\u00a0 \u00a0 \u00a0 \u00a0 \u00a0 \u00a0 \u00a0<a href=\"http:\/\/grupo.us.es\/newtutsosmodhum\/?page_id=881\"><span style=\"color: #808080;\">Siguiente &gt;<\/span><\/a><\/span><\/p>\n<p>&nbsp;<\/p>\n<ul>\n<li style=\"padding-left: 30px; text-align: center;\"><span style=\"color: #000000;\">Coordinador:\u00a0<\/span><\/li>\n<li style=\"padding-left: 30px; text-align: center;\"><span style=\"color: #000000;\"><a style=\"color: #000000;\" href=\"http:\/\/grupo.us.es\/newtutsosmodhum\/?page_id=203\"><strong>Francisco Pinto Puerto<\/strong><\/a><\/span><\/li>\n<li><\/li>\n<\/ul>\n<p style=\"padding-left: 30px; text-align: justify;\"><span style=\"color: #000000;\">La Reuni\u00f3n cient\u00edfica sobre Estrategias para el Conocimiento del Patrimonio Arquitect\u00f3nico se plantea como una jornada peri\u00f3dica, dirigida al intercambio y convergencia de ideas, procedimientos y experiencias entre diferentes \u00e1reas de conocimiento dedicadas al estudio de la Arquitectura, con el objeto de generar un espacio para la reflexi\u00f3n, el debate y la innovaci\u00f3n metodol\u00f3gica, que contribuya al conocimiento cient\u00edfico sobre el patrimonio arquitect\u00f3nico, desde la interdisciplinariedad. En 2016 y 2017 se ha invitado a varios especialistas e investigadores nacionales e internacionales como Juan Carlos Prieto Vielba (Director General de la Fundaci\u00f3n Santa Mar\u00eda la Real), Ana Gil (Profesora de la Universidad de Lisboa), Jos\u00e9 Manuel Valle Melon (Universidad del Pa\u00eds Vasco) y Philip Verhagen (Faculty of Humanities, Vrije Universiteit Amsterdam).<\/span><\/p>\n<ul>\n<li style=\"padding-left: 30px; text-align: center;\"><span style=\"color: #000000;\">Resultados:<\/span><\/li>\n<\/ul>\n<p>&nbsp;<\/p>\n<p style=\"padding-left: 30px;\"><a href=\"http:\/\/grupo.us.es\/newtutsosmodhum\/wp-content\/uploads\/2018\/03\/C2_CON_02.jpg\"><span style=\"color: #000000;\"><strong style=\"color: #000000;\"><u><img loading=\"lazy\" decoding=\"async\" class=\"wp-image-646 alignleft\" src=\"http:\/\/grupo.us.es\/newtutsosmodhum\/wp-content\/uploads\/2018\/03\/C2_CON_02.jpg\" alt=\"\" width=\"317\" height=\"200\" data-action=\"zoom\" srcset=\"https:\/\/grupo.us.es\/newtutsosmodhum\/wp-content\/uploads\/2018\/03\/C2_CON_02.jpg 5550w, https:\/\/grupo.us.es\/newtutsosmodhum\/wp-content\/uploads\/2018\/03\/C2_CON_02-300x189.jpg 300w, https:\/\/grupo.us.es\/newtutsosmodhum\/wp-content\/uploads\/2018\/03\/C2_CON_02-768x485.jpg 768w, https:\/\/grupo.us.es\/newtutsosmodhum\/wp-content\/uploads\/2018\/03\/C2_CON_02-1024x647.jpg 1024w\" sizes=\"auto, (max-width: 317px) 100vw, 317px\" \/><\/u><\/strong><\/span><\/a><\/p>\n<p>&nbsp;<\/p>\n<p>&nbsp;<\/p>\n<p style=\"padding-left: 30px;\"><span style=\"color: #000000;\"><strong><u><a style=\"color: #000000;\" href=\"http:\/\/grupo.us.es\/newtutsosmodhum\/?page_id=203\">Pinto Puerto, Francisco<\/a><\/u><\/strong>\u00a0(coord.);\u00a0<strong><u><a style=\"color: #000000;\" href=\"http:\/\/grupo.us.es\/newtutsosmodhum\/?page_id=346\">Acosta Ib\u00e1\u00f1ez,\u00a0Pilar<\/a>;\u00a0<\/u><\/strong><strong><u><a style=\"color: #000000;\" href=\"http:\/\/grupo.us.es\/newtutsosmodhum\/?page_id=370\">Ferreira Lopes,\u00a0Patricia<\/a><\/u><\/strong>\u00a0(Mod.).\u00a0<em>V Seminario de Estrategias para el conocimiento del patrimonio arquitect\u00f3nico. Gesti\u00f3n y sostenibilidad de la informaci\u00f3n y del conocimiento. Debates metodol\u00f3gicos<\/em>. 22 y 23 de febrero de 2018.\u00a0<\/span><\/p>\n<p>&nbsp;<\/p>\n<p>&nbsp;<\/p>\n<p style=\"padding-left: 30px;\"><a href=\"http:\/\/grupo.us.es\/newtutsosmodhum\/wp-content\/uploads\/2018\/03\/C2_CON_01.jpg\"><img loading=\"lazy\" decoding=\"async\" class=\"wp-image-645 alignleft\" src=\"http:\/\/grupo.us.es\/newtutsosmodhum\/wp-content\/uploads\/2018\/03\/C2_CON_01.jpg\" alt=\"\" width=\"316\" height=\"200\" data-action=\"zoom\" srcset=\"https:\/\/grupo.us.es\/newtutsosmodhum\/wp-content\/uploads\/2018\/03\/C2_CON_01.jpg 5551w, https:\/\/grupo.us.es\/newtutsosmodhum\/wp-content\/uploads\/2018\/03\/C2_CON_01-300x190.jpg 300w, https:\/\/grupo.us.es\/newtutsosmodhum\/wp-content\/uploads\/2018\/03\/C2_CON_01-768x485.jpg 768w, https:\/\/grupo.us.es\/newtutsosmodhum\/wp-content\/uploads\/2018\/03\/C2_CON_01-1024x647.jpg 1024w\" sizes=\"auto, (max-width: 316px) 100vw, 316px\" \/><\/a><\/p>\n<p>&nbsp;<\/p>\n<p>&nbsp;<\/p>\n<p style=\"padding-left: 30px;\"><span style=\"color: #000000;\"><strong style=\"color: #000000;\"><u><a style=\"color: #000000;\" href=\"http:\/\/grupo.us.es\/newtutsosmodhum\/?page_id=203\">Pinto Puerto, Francisco<\/a><\/u><\/strong>\u00a0(coord.). <em>IV Seminario de Estrategias para el conocimiento del patrimonio arquitect\u00f3nico. Patrimonio arquitect\u00f3nico y tecnolog\u00eda. Debates metodol\u00f3gicos<\/em>. 6 y 7 de octubre de 2016.\u00a0<\/span><\/p>\n<p>&nbsp;<\/p>\n<p style=\"padding-left: 30px;\">\n<p>&nbsp;<\/p>\n","protected":false},"excerpt":{"rendered":"<p>SEMINARIOS INTERNACIONALES SOBRE ESTRATEGIAS DE CONOCIMIENTO PATRIMONIAL. \u00a0 \u00a0 &lt; Anterior\u00a0 \u00a0 \u00a0 \u00a0 \u00a0 \u00a0 \u00a0 \u00a0 \u00a0 \u00a0 [&hellip;]<\/p>\n","protected":false},"author":1,"featured_media":0,"parent":88,"menu_order":11,"comment_status":"closed","ping_status":"closed","template":"","meta":{"footnotes":""},"class_list":["post-439","page","type-page","status-publish","hentry"],"_links":{"self":[{"href":"https:\/\/grupo.us.es\/newtutsosmodhum\/index.php?rest_route=\/wp\/v2\/pages\/439","targetHints":{"allow":["GET"]}}],"collection":[{"href":"https:\/\/grupo.us.es\/newtutsosmodhum\/index.php?rest_route=\/wp\/v2\/pages"}],"about":[{"href":"https:\/\/grupo.us.es\/newtutsosmodhum\/index.php?rest_route=\/wp\/v2\/types\/page"}],"author":[{"embeddable":true,"href":"https:\/\/grupo.us.es\/newtutsosmodhum\/index.php?rest_route=\/wp\/v2\/users\/1"}],"replies":[{"embeddable":true,"href":"https:\/\/grupo.us.es\/newtutsosmodhum\/index.php?rest_route=%2Fwp%2Fv2%2Fcomments&post=439"}],"version-history":[{"count":0,"href":"https:\/\/grupo.us.es\/newtutsosmodhum\/index.php?rest_route=\/wp\/v2\/pages\/439\/revisions"}],"up":[{"embeddable":true,"href":"https:\/\/grupo.us.es\/newtutsosmodhum\/index.php?rest_route=\/wp\/v2\/pages\/88"}],"wp:attachment":[{"href":"https:\/\/grupo.us.es\/newtutsosmodhum\/index.php?rest_route=%2Fwp%2Fv2%2Fmedia&parent=439"}],"curies":[{"name":"wp","href":"https:\/\/api.w.org\/{rel}","templated":true}]}}