{"id":152,"date":"2018-02-20T15:25:25","date_gmt":"2018-02-20T15:25:25","guid":{"rendered":"http:\/\/grupo.us.es\/newtutsosmodhum\/?page_id=152"},"modified":"2020-06-30T11:00:17","modified_gmt":"2020-06-30T11:00:17","slug":"estancias","status":"publish","type":"page","link":"https:\/\/grupo.us.es\/newtutsosmodhum\/?page_id=152","title":{"rendered":"Estancias"},"content":{"rendered":"<p style=\"text-align: center;\"><span style=\"color: #000000;\">\u00a0<a style=\"color: #000000;\" href=\"http:\/\/grupo.us.es\/newtutsosmodhum\/?page_id=141\">Tesis Doctorales<\/a>\u00a0 \u00a0 \u00a0<a style=\"color: #000000;\" href=\"http:\/\/grupo.us.es\/newtutsosmodhum\/?page_id=144\">Monograf\u00edas<\/a>\u00a0 \u00a0 \u00a0<a style=\"color: #000000;\" href=\"http:\/\/grupo.us.es\/newtutsosmodhum\/?page_id=146\">Art\u00edculos<\/a>\u00a0 \u00a0 \u00a0\u00a0<a style=\"color: #000000;\" href=\"http:\/\/grupo.us.es\/newtutsosmodhum\/?page_id=148\">Seminarios y congresos<\/a>\u00a0 \u00a0 \u00a0<a style=\"color: #000000;\" href=\"http:\/\/grupo.us.es\/newtutsosmodhum\/?page_id=657\">Talleres<\/a>\u00a0 \u00a0 \u00a0\u00a0<a style=\"color: #000000;\" href=\"http:\/\/grupo.us.es\/newtutsosmodhum\/?page_id=150\">Visitas<\/a>\u00a0 \u00a0 \u00a0<strong><a style=\"color: #000000;\" href=\"http:\/\/grupo.us.es\/newtutsosmodhum\/?page_id=152\">Estancias<\/a><\/strong>\u00a0 \u00a0 <a href=\"http:\/\/grupo.us.es\/newtutsosmodhum\/?page_id=1371\">Premios<\/a>\u00a0 \u00a0 <a href=\"http:\/\/grupo.us.es\/newtutsosmodhum\/?page_id=1374\">Otros proyectos I+D+i<\/a><\/span><\/p>\n<p>&nbsp;<\/p>\n<p style=\"padding-left: 30px;\"><a href=\"http:\/\/grupo.us.es\/newtutsosmodhum\/wp-content\/uploads\/2020\/06\/D1_EST_01.jpg\"><img loading=\"lazy\" decoding=\"async\" class=\"wp-image-1329 alignleft\" src=\"http:\/\/grupo.us.es\/newtutsosmodhum\/wp-content\/uploads\/2020\/06\/D1_EST_01.jpg\" alt=\"\" width=\"200\" height=\"200\" data-action=\"zoom\" srcset=\"https:\/\/grupo.us.es\/newtutsosmodhum\/wp-content\/uploads\/2020\/06\/D1_EST_01.jpg 2721w, https:\/\/grupo.us.es\/newtutsosmodhum\/wp-content\/uploads\/2020\/06\/D1_EST_01-150x150.jpg 150w, https:\/\/grupo.us.es\/newtutsosmodhum\/wp-content\/uploads\/2020\/06\/D1_EST_01-300x300.jpg 300w, https:\/\/grupo.us.es\/newtutsosmodhum\/wp-content\/uploads\/2020\/06\/D1_EST_01-768x767.jpg 768w, https:\/\/grupo.us.es\/newtutsosmodhum\/wp-content\/uploads\/2020\/06\/D1_EST_01-1024x1024.jpg 1024w\" sizes=\"auto, (max-width: 200px) 100vw, 200px\" \/><\/a><\/p>\n<p>&nbsp;<\/p>\n<p style=\"padding-left: 30px;\"><span style=\"color: #000000;\"><a style=\"color: #000000;\" href=\"http:\/\/grupo.us.es\/newtutsosmodhum\/?page_id=814\"><strong><u>Moya Mu\u00f1oz, Jorge<\/u><\/strong><\/a>. Estancia de Investigaci\u00f3n Predoctoral en el Departamento de Historia Antigua y de Historia del Arte de la Facultad de Filosof\u00eda y Letras de la Universidad de Granada. Septiembre-Octubre 2019. Financiada por el Ministerio de Innovaci\u00f3n Ciencia y Universidades. Fondo social europeo.<\/span><\/p>\n<p>&nbsp;<\/p>\n<p>&nbsp;<\/p>\n<p>&nbsp;<\/p>\n<p style=\"padding-left: 30px;\"><a href=\"http:\/\/grupo.us.es\/newtutsosmodhum\/wp-content\/uploads\/2018\/11\/A1.1_EST_02.jpg\"><img loading=\"lazy\" decoding=\"async\" class=\"wp-image-1226 alignleft\" src=\"http:\/\/grupo.us.es\/newtutsosmodhum\/wp-content\/uploads\/2018\/11\/A1.1_EST_02.jpg\" alt=\"\" width=\"200\" height=\"200\" data-action=\"zoom\" srcset=\"https:\/\/grupo.us.es\/newtutsosmodhum\/wp-content\/uploads\/2018\/11\/A1.1_EST_02.jpg 1200w, https:\/\/grupo.us.es\/newtutsosmodhum\/wp-content\/uploads\/2018\/11\/A1.1_EST_02-150x150.jpg 150w, https:\/\/grupo.us.es\/newtutsosmodhum\/wp-content\/uploads\/2018\/11\/A1.1_EST_02-300x300.jpg 300w, https:\/\/grupo.us.es\/newtutsosmodhum\/wp-content\/uploads\/2018\/11\/A1.1_EST_02-768x768.jpg 768w, https:\/\/grupo.us.es\/newtutsosmodhum\/wp-content\/uploads\/2018\/11\/A1.1_EST_02-1024x1024.jpg 1024w\" sizes=\"auto, (max-width: 200px) 100vw, 200px\" \/><\/a><\/p>\n<p>&nbsp;<\/p>\n<p style=\"padding-left: 30px;\"><span style=\"color: #000000;\"><a style=\"color: #000000;\" href=\"http:\/\/grupo.us.es\/newtutsosmodhum\/?page_id=360\"><strong><u>Rey P\u00e9rez, Julia<\/u><\/strong><\/a><em>. <\/em>Estancia investigadora en el grupo Architectural History and Theory, Unit Architectural Urban Design and Engineering, Department of the Built Environment, Eindhoven University of Technology, financiada con Ayudas para la movilidad internacional del personal dedicado a la investigaci\u00f3n (Modalidad A1), (I.3A1), VI PLAN PROPIO DE INVESTIGACI\u00d3N Y TRANSFERENCIA &#8211; US 2018, Paises Bajos, del 26 de junio al 24 de septiembre de 2018.\u00a0<\/span><\/p>\n<p>&nbsp;<\/p>\n<p>&nbsp;<\/p>\n<p style=\"padding-left: 30px;\"><span style=\"color: #000000;\"><u><strong><a href=\"http:\/\/grupo.us.es\/newtutsosmodhum\/wp-content\/uploads\/2018\/06\/A2_EST_03.jpg\"><img loading=\"lazy\" decoding=\"async\" class=\"alignleft wp-image-1140\" src=\"http:\/\/grupo.us.es\/newtutsosmodhum\/wp-content\/uploads\/2018\/06\/A2_EST_03.jpg\" alt=\"\" width=\"200\" height=\"200\" data-action=\"zoom\" srcset=\"https:\/\/grupo.us.es\/newtutsosmodhum\/wp-content\/uploads\/2018\/06\/A2_EST_03.jpg 2736w, https:\/\/grupo.us.es\/newtutsosmodhum\/wp-content\/uploads\/2018\/06\/A2_EST_03-150x150.jpg 150w, https:\/\/grupo.us.es\/newtutsosmodhum\/wp-content\/uploads\/2018\/06\/A2_EST_03-300x300.jpg 300w, https:\/\/grupo.us.es\/newtutsosmodhum\/wp-content\/uploads\/2018\/06\/A2_EST_03-768x768.jpg 768w, https:\/\/grupo.us.es\/newtutsosmodhum\/wp-content\/uploads\/2018\/06\/A2_EST_03-1024x1024.jpg 1024w\" sizes=\"auto, (max-width: 200px) 100vw, 200px\" \/><\/a><\/strong><\/u><\/span><\/p>\n<p>&nbsp;<\/p>\n<p style=\"padding-left: 30px;\"><span style=\"color: #000000;\"><u><strong><a style=\"color: #000000;\" href=\"http:\/\/grupo.us.es\/newtutsosmodhum\/?page_id=370\">Ferreira Lopes, Patricia<\/a><\/strong><\/u>. Estancia internacional de investigaci\u00f3n predoctoral en el Civil Engineering research and innovation for sustainability, Funda\u00e7\u00e3o T\u00e9cnico Lisboa (CERIS), Lisboa, Portugal, mayo-julio de 2018. <strong>\u00a0<\/strong>Financiada por el Ministerio de Econom\u00eda y Competitividad de Espa\u00f1a, Ref. EEBB-I-12821.<\/span><\/p>\n<p>&nbsp;<\/p>\n<p>&nbsp;<\/p>\n<p>&nbsp;<\/p>\n<p style=\"padding-left: 30px;\"><a href=\"http:\/\/grupo.us.es\/newtutsosmodhum\/wp-content\/uploads\/2018\/04\/A1.1_EST_01.jpg\"><img loading=\"lazy\" decoding=\"async\" class=\"wp-image-1004 alignleft\" src=\"http:\/\/grupo.us.es\/newtutsosmodhum\/wp-content\/uploads\/2018\/04\/A1.1_EST_01.jpg\" alt=\"\" width=\"200\" height=\"200\" data-action=\"zoom\" srcset=\"https:\/\/grupo.us.es\/newtutsosmodhum\/wp-content\/uploads\/2018\/04\/A1.1_EST_01.jpg 1510w, https:\/\/grupo.us.es\/newtutsosmodhum\/wp-content\/uploads\/2018\/04\/A1.1_EST_01-150x150.jpg 150w, https:\/\/grupo.us.es\/newtutsosmodhum\/wp-content\/uploads\/2018\/04\/A1.1_EST_01-300x300.jpg 300w, https:\/\/grupo.us.es\/newtutsosmodhum\/wp-content\/uploads\/2018\/04\/A1.1_EST_01-768x768.jpg 768w, https:\/\/grupo.us.es\/newtutsosmodhum\/wp-content\/uploads\/2018\/04\/A1.1_EST_01-1024x1024.jpg 1024w\" sizes=\"auto, (max-width: 200px) 100vw, 200px\" \/><\/a><\/p>\n<p>&nbsp;<\/p>\n<p style=\"padding-left: 30px;\"><span style=\"color: #000000;\"><a style=\"color: #000000;\" href=\"http:\/\/grupo.us.es\/newtutsosmodhum\/?page_id=358\"><strong><u>Dom\u00ednguez Ruiz, Victoria<\/u><\/strong><\/a>. Estancia internacional de investigaci\u00f3n postdoctoral en el Centro para el Estudio de la Arqueolog\u00eda, las Artes y las Ciencias del Patrimonio de la Unesco de Coimbra (CEAACP) y Campo Arqueol\u00f3gico de M\u00e9rtola (CAM), tutorizada por Cl\u00e1udio Figuereido Torres, Portugal, julio-octubre de 2017. Financiada por el \u00abCampus de Excelencia Internacional en Patrimonio, Patrimoniun-10\u00bb.<\/span><\/p>\n<p>&nbsp;<\/p>\n<p>&nbsp;<\/p>\n<p>&nbsp;<\/p>\n<p style=\"padding-left: 30px;\"><a href=\"http:\/\/grupo.us.es\/newtutsosmodhum\/wp-content\/uploads\/2018\/03\/A2_EST_01.jpg\"><span style=\"color: #000000;\"><img loading=\"lazy\" decoding=\"async\" class=\"alignnone wp-image-568 alignleft\" src=\"http:\/\/grupo.us.es\/newtutsosmodhum\/wp-content\/uploads\/2018\/03\/A2_EST_01.jpg\" alt=\"\" width=\"200\" height=\"200\" data-action=\"zoom\" srcset=\"https:\/\/grupo.us.es\/newtutsosmodhum\/wp-content\/uploads\/2018\/03\/A2_EST_01.jpg 3120w, https:\/\/grupo.us.es\/newtutsosmodhum\/wp-content\/uploads\/2018\/03\/A2_EST_01-150x150.jpg 150w, https:\/\/grupo.us.es\/newtutsosmodhum\/wp-content\/uploads\/2018\/03\/A2_EST_01-300x300.jpg 300w, https:\/\/grupo.us.es\/newtutsosmodhum\/wp-content\/uploads\/2018\/03\/A2_EST_01-768x768.jpg 768w, https:\/\/grupo.us.es\/newtutsosmodhum\/wp-content\/uploads\/2018\/03\/A2_EST_01-1024x1024.jpg 1024w\" sizes=\"auto, (max-width: 200px) 100vw, 200px\" \/> <\/span><\/a><\/p>\n<p>&nbsp;<\/p>\n<p>&nbsp;<\/p>\n<p style=\"padding-left: 30px;\"><span style=\"color: #000000;\"><u><strong><a style=\"color: #000000;\" href=\"http:\/\/grupo.us.es\/newtutsosmodhum\/?page_id=370\">Ferreira Lopes, Patricia<\/a><\/strong><\/u>. Estancia internacional de investigaci\u00f3n predoctoral en el CLUE+ Research Institute of Culture, History and Heritage, Vrije University, Amsterdam, Paises Bajos, agosto-noviembre de 2017.\u00a0Financiada por el Ministerio de Econom\u00eda y Competitividad de Espa\u00f1a, Ref. EBB-I-17-12024.<\/span><\/p>\n<p>&nbsp;<\/p>\n<p>&nbsp;<\/p>\n<p style=\"padding-left: 30px;\"><span style=\"color: #000000;\"><a href=\"http:\/\/grupo.us.es\/newtutsosmodhum\/wp-content\/uploads\/2018\/03\/A2_EST_02.jpg\"> <img loading=\"lazy\" decoding=\"async\" class=\"alignnone wp-image-569 alignleft\" src=\"http:\/\/grupo.us.es\/newtutsosmodhum\/wp-content\/uploads\/2018\/03\/A2_EST_02.jpg\" alt=\"\" width=\"200\" height=\"200\" data-action=\"zoom\" srcset=\"https:\/\/grupo.us.es\/newtutsosmodhum\/wp-content\/uploads\/2018\/03\/A2_EST_02.jpg 3120w, https:\/\/grupo.us.es\/newtutsosmodhum\/wp-content\/uploads\/2018\/03\/A2_EST_02-150x150.jpg 150w, https:\/\/grupo.us.es\/newtutsosmodhum\/wp-content\/uploads\/2018\/03\/A2_EST_02-300x300.jpg 300w, https:\/\/grupo.us.es\/newtutsosmodhum\/wp-content\/uploads\/2018\/03\/A2_EST_02-768x768.jpg 768w, https:\/\/grupo.us.es\/newtutsosmodhum\/wp-content\/uploads\/2018\/03\/A2_EST_02-1024x1024.jpg 1024w\" sizes=\"auto, (max-width: 200px) 100vw, 200px\" \/><\/a><u><\/u><\/span><\/p>\n<p>&nbsp;<\/p>\n<p>&nbsp;<\/p>\n<p style=\"padding-left: 30px;\"><span style=\"color: #000000;\"><u><strong><a style=\"color: #000000;\" href=\"http:\/\/grupo.us.es\/newtutsosmodhum\/?page_id=370\">Ferreira Lopes, Patricia<\/a><\/strong><\/u>. Curso de verano GIS in Humanities. Summer School Course. Lancaster University, 26-30 junio de 2017.<\/span><\/p>\n<p>&nbsp;<\/p>\n<p>&nbsp;<\/p>\n<p style=\"padding-left: 30px;\">\n","protected":false},"excerpt":{"rendered":"<p>\u00a0Tesis Doctorales\u00a0 \u00a0 \u00a0Monograf\u00edas\u00a0 \u00a0 \u00a0Art\u00edculos\u00a0 \u00a0 \u00a0\u00a0Seminarios y congresos\u00a0 \u00a0 \u00a0Talleres\u00a0 \u00a0 \u00a0\u00a0Visitas\u00a0 \u00a0 \u00a0Estancias\u00a0 \u00a0 Premios\u00a0 \u00a0 Otros [&hellip;]<\/p>\n","protected":false},"author":1,"featured_media":0,"parent":94,"menu_order":0,"comment_status":"closed","ping_status":"closed","template":"","meta":{"footnotes":""},"class_list":["post-152","page","type-page","status-publish","hentry"],"_links":{"self":[{"href":"https:\/\/grupo.us.es\/newtutsosmodhum\/index.php?rest_route=\/wp\/v2\/pages\/152","targetHints":{"allow":["GET"]}}],"collection":[{"href":"https:\/\/grupo.us.es\/newtutsosmodhum\/index.php?rest_route=\/wp\/v2\/pages"}],"about":[{"href":"https:\/\/grupo.us.es\/newtutsosmodhum\/index.php?rest_route=\/wp\/v2\/types\/page"}],"author":[{"embeddable":true,"href":"https:\/\/grupo.us.es\/newtutsosmodhum\/index.php?rest_route=\/wp\/v2\/users\/1"}],"replies":[{"embeddable":true,"href":"https:\/\/grupo.us.es\/newtutsosmodhum\/index.php?rest_route=%2Fwp%2Fv2%2Fcomments&post=152"}],"version-history":[{"count":0,"href":"https:\/\/grupo.us.es\/newtutsosmodhum\/index.php?rest_route=\/wp\/v2\/pages\/152\/revisions"}],"up":[{"embeddable":true,"href":"https:\/\/grupo.us.es\/newtutsosmodhum\/index.php?rest_route=\/wp\/v2\/pages\/94"}],"wp:attachment":[{"href":"https:\/\/grupo.us.es\/newtutsosmodhum\/index.php?rest_route=%2Fwp%2Fv2%2Fmedia&parent=152"}],"curies":[{"name":"wp","href":"https:\/\/api.w.org\/{rel}","templated":true}]}}

<p style="text-align: center;"><span style="color: #000000;"> <a style="color: #000000;" href="http://grupo.us.es/newtutsosmodhum/?page_id=141">Tesis Doctorales</a>     <a style="color: #000000;" href="http://grupo.us.es/newtutsosmodhum/?page_id=144">Monografías</a>     <a style="color: #000000;" href="http://grupo.us.es/newtutsosmodhum/?page_id=146">Artículos</a>      <a style="color: #000000;" href="http://grupo.us.es/newtutsosmodhum/?page_id=148">Seminarios y congresos</a>     <a style="color: #000000;" href="http://grupo.us.es/newtutsosmodhum/?page_id=657">Talleres</a>      <a style="color: #000000;" href="http://grupo.us.es/newtutsosmodhum/?page_id=150">Visitas</a>     <strong><a style="color: #000000;" href="http://grupo.us.es/newtutsosmodhum/?page_id=152">Estancias</a></strong>    <a href="http://grupo.us.es/newtutsosmodhum/?page_id=1371">Premios</a>    <a href="http://grupo.us.es/newtutsosmodhum/?page_id=1374">Otros proyectos I+D+i</a></span></p>
<p>&nbsp;</p>
<p style="padding-left: 30px;"><a href="http://grupo.us.es/newtutsosmodhum/wp-content/uploads/2020/06/D1_EST_01.jpg"><img loading="lazy" decoding="async" class="wp-image-1329 alignleft" src="http://grupo.us.es/newtutsosmodhum/wp-content/uploads/2020/06/D1_EST_01.jpg" alt="" width="200" height="200" data-action="zoom" srcset="https://grupo.us.es/newtutsosmodhum/wp-content/uploads/2020/06/D1_EST_01.jpg 2721w, https://grupo.us.es/newtutsosmodhum/wp-content/uploads/2020/06/D1_EST_01-150x150.jpg 150w, https://grupo.us.es/newtutsosmodhum/wp-content/uploads/2020/06/D1_EST_01-300x300.jpg 300w, https://grupo.us.es/newtutsosmodhum/wp-content/uploads/2020/06/D1_EST_01-768x767.jpg 768w, https://grupo.us.es/newtutsosmodhum/wp-content/uploads/2020/06/D1_EST_01-1024x1024.jpg 1024w" sizes="auto, (max-width: 200px) 100vw, 200px" /></a></p>
<p>&nbsp;</p>
<p style="padding-left: 30px;"><span style="color: #000000;"><a style="color: #000000;" href="http://grupo.us.es/newtutsosmodhum/?page_id=814"><strong><u>Moya Muñoz, Jorge</u></strong></a>. Estancia de Investigación Predoctoral en el Departamento de Historia Antigua y de Historia del Arte de la Facultad de Filosofía y Letras de la Universidad de Granada. Septiembre-Octubre 2019. Financiada por el Ministerio de Innovación Ciencia y Universidades. Fondo social europeo.</span></p>
<p>&nbsp;</p>
<p>&nbsp;</p>
<p>&nbsp;</p>
<p style="padding-left: 30px;"><a href="http://grupo.us.es/newtutsosmodhum/wp-content/uploads/2018/11/A1.1_EST_02.jpg"><img loading="lazy" decoding="async" class="wp-image-1226 alignleft" src="http://grupo.us.es/newtutsosmodhum/wp-content/uploads/2018/11/A1.1_EST_02.jpg" alt="" width="200" height="200" data-action="zoom" srcset="https://grupo.us.es/newtutsosmodhum/wp-content/uploads/2018/11/A1.1_EST_02.jpg 1200w, https://grupo.us.es/newtutsosmodhum/wp-content/uploads/2018/11/A1.1_EST_02-150x150.jpg 150w, https://grupo.us.es/newtutsosmodhum/wp-content/uploads/2018/11/A1.1_EST_02-300x300.jpg 300w, https://grupo.us.es/newtutsosmodhum/wp-content/uploads/2018/11/A1.1_EST_02-768x768.jpg 768w, https://grupo.us.es/newtutsosmodhum/wp-content/uploads/2018/11/A1.1_EST_02-1024x1024.jpg 1024w" sizes="auto, (max-width: 200px) 100vw, 200px" /></a></p>
<p>&nbsp;</p>
<p style="padding-left: 30px;"><span style="color: #000000;"><a style="color: #000000;" href="http://grupo.us.es/newtutsosmodhum/?page_id=360"><strong><u>Rey Pérez, Julia</u></strong></a><em>. </em>Estancia investigadora en el grupo Architectural History and Theory, Unit Architectural Urban Design and Engineering, Department of the Built Environment, Eindhoven University of Technology, financiada con Ayudas para la movilidad internacional del personal dedicado a la investigación (Modalidad A1), (I.3A1), VI PLAN PROPIO DE INVESTIGACIÓN Y TRANSFERENCIA &#8211; US 2018, Paises Bajos, del 26 de junio al 24 de septiembre de 2018. </span></p>
<p>&nbsp;</p>
<p>&nbsp;</p>
<p style="padding-left: 30px;"><span style="color: #000000;"><u><strong><a href="http://grupo.us.es/newtutsosmodhum/wp-content/uploads/2018/06/A2_EST_03.jpg"><img loading="lazy" decoding="async" class="alignleft wp-image-1140" src="http://grupo.us.es/newtutsosmodhum/wp-content/uploads/2018/06/A2_EST_03.jpg" alt="" width="200" height="200" data-action="zoom" srcset="https://grupo.us.es/newtutsosmodhum/wp-content/uploads/2018/06/A2_EST_03.jpg 2736w, https://grupo.us.es/newtutsosmodhum/wp-content/uploads/2018/06/A2_EST_03-150x150.jpg 150w, https://grupo.us.es/newtutsosmodhum/wp-content/uploads/2018/06/A2_EST_03-300x300.jpg 300w, https://grupo.us.es/newtutsosmodhum/wp-content/uploads/2018/06/A2_EST_03-768x768.jpg 768w, https://grupo.us.es/newtutsosmodhum/wp-content/uploads/2018/06/A2_EST_03-1024x1024.jpg 1024w" sizes="auto, (max-width: 200px) 100vw, 200px" /></a></strong></u></span></p>
<p>&nbsp;</p>
<p style="padding-left: 30px;"><span style="color: #000000;"><u><strong><a style="color: #000000;" href="http://grupo.us.es/newtutsosmodhum/?page_id=370">Ferreira Lopes, Patricia</a></strong></u>. Estancia internacional de investigación predoctoral en el Civil Engineering research and innovation for sustainability, Fundação Técnico Lisboa (CERIS), Lisboa, Portugal, mayo-julio de 2018. <strong> </strong>Financiada por el Ministerio de Economía y Competitividad de España, Ref. EEBB-I-12821.</span></p>
<p>&nbsp;</p>
<p>&nbsp;</p>
<p>&nbsp;</p>
<p style="padding-left: 30px;"><a href="http://grupo.us.es/newtutsosmodhum/wp-content/uploads/2018/04/A1.1_EST_01.jpg"><img loading="lazy" decoding="async" class="wp-image-1004 alignleft" src="http://grupo.us.es/newtutsosmodhum/wp-content/uploads/2018/04/A1.1_EST_01.jpg" alt="" width="200" height="200" data-action="zoom" srcset="https://grupo.us.es/newtutsosmodhum/wp-content/uploads/2018/04/A1.1_EST_01.jpg 1510w, https://grupo.us.es/newtutsosmodhum/wp-content/uploads/2018/04/A1.1_EST_01-150x150.jpg 150w, https://grupo.us.es/newtutsosmodhum/wp-content/uploads/2018/04/A1.1_EST_01-300x300.jpg 300w, https://grupo.us.es/newtutsosmodhum/wp-content/uploads/2018/04/A1.1_EST_01-768x768.jpg 768w, https://grupo.us.es/newtutsosmodhum/wp-content/uploads/2018/04/A1.1_EST_01-1024x1024.jpg 1024w" sizes="auto, (max-width: 200px) 100vw, 200px" /></a></p>
<p>&nbsp;</p>
<p style="padding-left: 30px;"><span style="color: #000000;"><a style="color: #000000;" href="http://grupo.us.es/newtutsosmodhum/?page_id=358"><strong><u>Domínguez Ruiz, Victoria</u></strong></a>. Estancia internacional de investigación postdoctoral en el Centro para el Estudio de la Arqueología, las Artes y las Ciencias del Patrimonio de la Unesco de Coimbra (CEAACP) y Campo Arqueológico de Mértola (CAM), tutorizada por Cláudio Figuereido Torres, Portugal, julio-octubre de 2017. Financiada por el «Campus de Excelencia Internacional en Patrimonio, Patrimoniun-10».</span></p>
<p>&nbsp;</p>
<p>&nbsp;</p>
<p>&nbsp;</p>
<p style="padding-left: 30px;"><a href="http://grupo.us.es/newtutsosmodhum/wp-content/uploads/2018/03/A2_EST_01.jpg"><span style="color: #000000;"><img loading="lazy" decoding="async" class="alignnone wp-image-568 alignleft" src="http://grupo.us.es/newtutsosmodhum/wp-content/uploads/2018/03/A2_EST_01.jpg" alt="" width="200" height="200" data-action="zoom" srcset="https://grupo.us.es/newtutsosmodhum/wp-content/uploads/2018/03/A2_EST_01.jpg 3120w, https://grupo.us.es/newtutsosmodhum/wp-content/uploads/2018/03/A2_EST_01-150x150.jpg 150w, https://grupo.us.es/newtutsosmodhum/wp-content/uploads/2018/03/A2_EST_01-300x300.jpg 300w, https://grupo.us.es/newtutsosmodhum/wp-content/uploads/2018/03/A2_EST_01-768x768.jpg 768w, https://grupo.us.es/newtutsosmodhum/wp-content/uploads/2018/03/A2_EST_01-1024x1024.jpg 1024w" sizes="auto, (max-width: 200px) 100vw, 200px" /> </span></a></p>
<p>&nbsp;</p>
<p>&nbsp;</p>
<p style="padding-left: 30px;"><span style="color: #000000;"><u><strong><a style="color: #000000;" href="http://grupo.us.es/newtutsosmodhum/?page_id=370">Ferreira Lopes, Patricia</a></strong></u>. Estancia internacional de investigación predoctoral en el CLUE+ Research Institute of Culture, History and Heritage, Vrije University, Amsterdam, Paises Bajos, agosto-noviembre de 2017. Financiada por el Ministerio de Economía y Competitividad de España, Ref. EBB-I-17-12024.</span></p>
<p>&nbsp;</p>
<p>&nbsp;</p>
<p style="padding-left: 30px;"><span style="color: #000000;"><a href="http://grupo.us.es/newtutsosmodhum/wp-content/uploads/2018/03/A2_EST_02.jpg"> <img loading="lazy" decoding="async" class="alignnone wp-image-569 alignleft" src="http://grupo.us.es/newtutsosmodhum/wp-content/uploads/2018/03/A2_EST_02.jpg" alt="" width="200" height="200" data-action="zoom" srcset="https://grupo.us.es/newtutsosmodhum/wp-content/uploads/2018/03/A2_EST_02.jpg 3120w, https://grupo.us.es/newtutsosmodhum/wp-content/uploads/2018/03/A2_EST_02-150x150.jpg 150w, https://grupo.us.es/newtutsosmodhum/wp-content/uploads/2018/03/A2_EST_02-300x300.jpg 300w, https://grupo.us.es/newtutsosmodhum/wp-content/uploads/2018/03/A2_EST_02-768x768.jpg 768w, https://grupo.us.es/newtutsosmodhum/wp-content/uploads/2018/03/A2_EST_02-1024x1024.jpg 1024w" sizes="auto, (max-width: 200px) 100vw, 200px" /></a><u></u></span></p>
<p>&nbsp;</p>
<p>&nbsp;</p>
<p style="padding-left: 30px;"><span style="color: #000000;"><u><strong><a style="color: #000000;" href="http://grupo.us.es/newtutsosmodhum/?page_id=370">Ferreira Lopes, Patricia</a></strong></u>. Curso de verano GIS in Humanities. Summer School Course. Lancaster University, 26-30 junio de 2017.</span></p>
<p>&nbsp;</p>
<p>&nbsp;</p>
<p style="padding-left: 30px;">

<p> Tesis Doctorales     Monografías     Artículos      Seminarios y congresos     Talleres      Visitas     Estancias    Premios    Otros [&hellip;]</p>
