{"id":150,"date":"2018-02-20T15:24:30","date_gmt":"2018-02-20T15:24:30","guid":{"rendered":"http:\/\/grupo.us.es\/newtutsosmodhum\/?page_id=150"},"modified":"2020-09-09T11:56:33","modified_gmt":"2020-09-09T11:56:33","slug":"visitas","status":"publish","type":"page","link":"https:\/\/grupo.us.es\/newtutsosmodhum\/?page_id=150","title":{"rendered":"Visitas"},"content":{"rendered":"<p style=\"text-align: center;\"><span style=\"color: #000000;\">\u00a0<a style=\"color: #000000;\" href=\"http:\/\/grupo.us.es\/newtutsosmodhum\/?page_id=141\">Tesis Doctorales<\/a>\u00a0 \u00a0 \u00a0<a style=\"color: #000000;\" href=\"http:\/\/grupo.us.es\/newtutsosmodhum\/?page_id=144\">Monograf\u00edas<\/a>\u00a0 \u00a0 \u00a0<a style=\"color: #000000;\" href=\"http:\/\/grupo.us.es\/newtutsosmodhum\/?page_id=146\">Art\u00edculos<\/a>\u00a0 \u00a0 \u00a0\u00a0<a style=\"color: #000000;\" href=\"http:\/\/grupo.us.es\/newtutsosmodhum\/?page_id=148\">Seminarios y congresos<\/a>\u00a0 \u00a0 \u00a0<a style=\"color: #000000;\" href=\"http:\/\/grupo.us.es\/newtutsosmodhum\/?page_id=657\">Talleres<\/a>\u00a0 \u00a0 \u00a0\u00a0<strong><a style=\"color: #000000;\" href=\"http:\/\/grupo.us.es\/newtutsosmodhum\/?page_id=150\">Visitas<\/a><\/strong>\u00a0 \u00a0 \u00a0<a style=\"color: #000000;\" href=\"http:\/\/grupo.us.es\/newtutsosmodhum\/?page_id=152\">Estancias<\/a>\u00a0 \u00a0 <a href=\"http:\/\/grupo.us.es\/newtutsosmodhum\/?page_id=1371\">Premios<\/a>\u00a0 \u00a0 <a href=\"http:\/\/grupo.us.es\/newtutsosmodhum\/?page_id=1374\">Otros proyectos I+D+i<\/a><\/span><\/p>\n<p>&nbsp;<\/p>\n<p style=\"padding-left: 30px;\"><a href=\"http:\/\/grupo.us.es\/newtutsosmodhum\/wp-content\/uploads\/2020\/09\/IMAGEN-2.jpg\"><img loading=\"lazy\" decoding=\"async\" class=\"wp-image-1545 alignleft\" src=\"http:\/\/grupo.us.es\/newtutsosmodhum\/wp-content\/uploads\/2020\/09\/IMAGEN-2.jpg\" alt=\"\" width=\"200\" height=\"133\" data-action=\"zoom\" srcset=\"https:\/\/grupo.us.es\/newtutsosmodhum\/wp-content\/uploads\/2020\/09\/IMAGEN-2.jpg 3888w, https:\/\/grupo.us.es\/newtutsosmodhum\/wp-content\/uploads\/2020\/09\/IMAGEN-2-300x200.jpg 300w, https:\/\/grupo.us.es\/newtutsosmodhum\/wp-content\/uploads\/2020\/09\/IMAGEN-2-768x512.jpg 768w, https:\/\/grupo.us.es\/newtutsosmodhum\/wp-content\/uploads\/2020\/09\/IMAGEN-2-1024x683.jpg 1024w\" sizes=\"auto, (max-width: 200px) 100vw, 200px\" \/><\/a><\/p>\n<p>&nbsp;<\/p>\n<p style=\"padding-left: 30px;\"><span style=\"color: #333333;\"><a style=\"color: #333333;\" href=\"http:\/\/grupo.us.es\/newtutsosmodhum\/?page_id=814\"><strong><u>Moya Mu\u00f1oz, Jorge<\/u><\/strong><\/a>. Visita al Castell\u00f3n de Ol\u00edas (Almer\u00eda). Toma de datos mediante Dron para el levantamiento fotogram\u00e9trico y posterior caracterizaci\u00f3n tipol\u00f3gica-constructiva del lienzo de muralla de tapia. Vuelo del dron realizado por Felix P\u00e9rez Moreno.<\/span><\/p>\n<p>&nbsp;<\/p>\n<p>&nbsp;<\/p>\n<p style=\"padding-left: 30px;\"><a href=\"http:\/\/grupo.us.es\/newtutsosmodhum\/wp-content\/uploads\/2020\/07\/Molino.jpg\"><img loading=\"lazy\" decoding=\"async\" class=\"wp-image-1488 alignleft\" src=\"http:\/\/grupo.us.es\/newtutsosmodhum\/wp-content\/uploads\/2020\/07\/Molino.jpg\" alt=\"\" width=\"200\" height=\"133\" data-action=\"zoom\" srcset=\"https:\/\/grupo.us.es\/newtutsosmodhum\/wp-content\/uploads\/2020\/07\/Molino.jpg 3508w, https:\/\/grupo.us.es\/newtutsosmodhum\/wp-content\/uploads\/2020\/07\/Molino-300x199.jpg 300w, https:\/\/grupo.us.es\/newtutsosmodhum\/wp-content\/uploads\/2020\/07\/Molino-768x511.jpg 768w, https:\/\/grupo.us.es\/newtutsosmodhum\/wp-content\/uploads\/2020\/07\/Molino-1024x681.jpg 1024w\" sizes=\"auto, (max-width: 200px) 100vw, 200px\" \/><\/a><u><\/u><\/p>\n<p>&nbsp;<\/p>\n<p style=\"padding-left: 30px;\"><span style=\"color: #000000;\"><a style=\"color: #000000;\" href=\"http:\/\/grupo.us.es\/newtutsosmodhum\/?page_id=814\"><strong><u>Moya Mu\u00f1oz, Jorge<\/u><\/strong><\/a>; <strong>Acosta, Eduardo<\/strong>. Visita y levantamiento mediante Dron para posterior fotogrametr\u00eda del Molino el Chrac\u00f3n de \u00c9cija. 17 Diciembre de 2019.<\/span><\/p>\n<p>&nbsp;<\/p>\n<p>&nbsp;<\/p>\n<p style=\"padding-left: 30px;\"><a href=\"http:\/\/grupo.us.es\/newtutsosmodhum\/wp-content\/uploads\/2020\/06\/1.jpg\"><img loading=\"lazy\" decoding=\"async\" class=\"alignleft wp-image-1335\" src=\"http:\/\/grupo.us.es\/newtutsosmodhum\/wp-content\/uploads\/2020\/06\/1.jpg\" alt=\"\" width=\"200\" height=\"150\" data-action=\"zoom\" srcset=\"https:\/\/grupo.us.es\/newtutsosmodhum\/wp-content\/uploads\/2020\/06\/1.jpg 4000w, https:\/\/grupo.us.es\/newtutsosmodhum\/wp-content\/uploads\/2020\/06\/1-300x225.jpg 300w, https:\/\/grupo.us.es\/newtutsosmodhum\/wp-content\/uploads\/2020\/06\/1-768x576.jpg 768w, https:\/\/grupo.us.es\/newtutsosmodhum\/wp-content\/uploads\/2020\/06\/1-1024x768.jpg 1024w\" sizes=\"auto, (max-width: 200px) 100vw, 200px\" \/><\/a><\/p>\n<p>&nbsp;<\/p>\n<p><span style=\"color: #000000;\"><a style=\"color: #000000;\" href=\"http:\/\/grupo.us.es\/newtutsosmodhum\/?page_id=814\"><strong><u>Moya Mu\u00f1oz, Jorge<\/u><\/strong><\/a>. Visita a la Alcazaba de Oria. Levantamiento fotogram\u00e9trico de un lienzo de tapia de la fortaleza. Vuelo del dron realizado por F\u00e9lix P\u00e9rez Moreno.<\/span><\/p>\n<p>&nbsp;<\/p>\n<p>&nbsp;<\/p>\n<p style=\"padding-left: 30px;\"><a href=\"http:\/\/grupo.us.es\/newtutsosmodhum\/wp-content\/uploads\/2019\/07\/D_VIS_02-1.jpg\"><img loading=\"lazy\" decoding=\"async\" class=\"alignleft wp-image-1298\" src=\"http:\/\/grupo.us.es\/newtutsosmodhum\/wp-content\/uploads\/2019\/07\/D_VIS_02.jpg\" alt=\"\" width=\"200\" height=\"200\" data-action=\"zoom\" srcset=\"https:\/\/grupo.us.es\/newtutsosmodhum\/wp-content\/uploads\/2019\/07\/D_VIS_02.jpg 2594w, https:\/\/grupo.us.es\/newtutsosmodhum\/wp-content\/uploads\/2019\/07\/D_VIS_02-150x150.jpg 150w, https:\/\/grupo.us.es\/newtutsosmodhum\/wp-content\/uploads\/2019\/07\/D_VIS_02-300x300.jpg 300w, https:\/\/grupo.us.es\/newtutsosmodhum\/wp-content\/uploads\/2019\/07\/D_VIS_02-768x767.jpg 768w, https:\/\/grupo.us.es\/newtutsosmodhum\/wp-content\/uploads\/2019\/07\/D_VIS_02-1024x1024.jpg 1024w\" sizes=\"auto, (max-width: 200px) 100vw, 200px\" \/><\/a><\/p>\n<p>&nbsp;<\/p>\n<p style=\"padding-left: 30px;\"><span style=\"color: #000000;\"><a style=\"color: #000000;\" href=\"http:\/\/grupo.us.es\/newtutsosmodhum\/?page_id=814\"><strong><u>Moya Mu\u00f1oz, Jorge<\/u><\/strong><\/a>;\u00a0<a style=\"color: #000000;\" href=\"http:\/\/grupo.us.es\/newtutsosmodhum\/?page_id=350\"><strong><u>Gonz\u00e1lez Serrano,\u00a0Ana Mar\u00eda<\/u><\/strong><\/a>.\u00a0Visita al Molino de Charc\u00f3n en el t\u00e9rmino municipal de \u00c9cija. Medici\u00f3n para el levantamiento fotogram\u00e9trico y posterior caracterizaci\u00f3n constructiva e interpretaci\u00f3n espacial del molino a trav\u00e9s de sus usos.<\/span><\/p>\n<p>&nbsp;<\/p>\n<p>&nbsp;<\/p>\n<p>&nbsp;<\/p>\n<p style=\"padding-left: 30px;\"><a href=\"http:\/\/grupo.us.es\/newtutsosmodhum\/wp-content\/uploads\/2018\/11\/A1.1_VIS_02.jpg\"><img loading=\"lazy\" decoding=\"async\" class=\"wp-image-1195 alignleft\" src=\"http:\/\/grupo.us.es\/newtutsosmodhum\/wp-content\/uploads\/2018\/11\/A1.1_VIS_02.jpg\" alt=\"\" width=\"200\" height=\"200\" data-action=\"zoom\" srcset=\"https:\/\/grupo.us.es\/newtutsosmodhum\/wp-content\/uploads\/2018\/11\/A1.1_VIS_02.jpg 1978w, https:\/\/grupo.us.es\/newtutsosmodhum\/wp-content\/uploads\/2018\/11\/A1.1_VIS_02-150x150.jpg 150w, https:\/\/grupo.us.es\/newtutsosmodhum\/wp-content\/uploads\/2018\/11\/A1.1_VIS_02-300x300.jpg 300w, https:\/\/grupo.us.es\/newtutsosmodhum\/wp-content\/uploads\/2018\/11\/A1.1_VIS_02-768x768.jpg 768w, https:\/\/grupo.us.es\/newtutsosmodhum\/wp-content\/uploads\/2018\/11\/A1.1_VIS_02-1024x1024.jpg 1024w\" sizes=\"auto, (max-width: 200px) 100vw, 200px\" \/><\/a><\/p>\n<p>&nbsp;<\/p>\n<p style=\"padding-left: 30px;\"><span style=\"color: #000000;\"><a style=\"color: #000000;\" href=\"http:\/\/grupo.us.es\/newtutsosmodhum\/?page_id=358\"><strong><u>Dom\u00ednguez Ruiz, Victoria<\/u><\/strong><\/a>. Levantamiento altim\u00e9trico y fotogr\u00e1fico de las calles de M\u00e9rtola. Agosto 2017.\u00a0<\/span><\/p>\n<p>&nbsp;<\/p>\n<p>&nbsp;<\/p>\n<p>&nbsp;<\/p>\n<p>&nbsp;<\/p>\n<p style=\"padding-left: 30px;\"><a href=\"http:\/\/grupo.us.es\/newtutsosmodhum\/wp-content\/uploads\/2018\/11\/A1.1_VIS_01.jpg\"><img loading=\"lazy\" decoding=\"async\" class=\"wp-image-1194 alignleft\" src=\"http:\/\/grupo.us.es\/newtutsosmodhum\/wp-content\/uploads\/2018\/11\/A1.1_VIS_01.jpg\" alt=\"\" width=\"200\" height=\"200\" data-action=\"zoom\" srcset=\"https:\/\/grupo.us.es\/newtutsosmodhum\/wp-content\/uploads\/2018\/11\/A1.1_VIS_01.jpg 1978w, https:\/\/grupo.us.es\/newtutsosmodhum\/wp-content\/uploads\/2018\/11\/A1.1_VIS_01-150x150.jpg 150w, https:\/\/grupo.us.es\/newtutsosmodhum\/wp-content\/uploads\/2018\/11\/A1.1_VIS_01-300x300.jpg 300w, https:\/\/grupo.us.es\/newtutsosmodhum\/wp-content\/uploads\/2018\/11\/A1.1_VIS_01-768x768.jpg 768w, https:\/\/grupo.us.es\/newtutsosmodhum\/wp-content\/uploads\/2018\/11\/A1.1_VIS_01-1024x1024.jpg 1024w\" sizes=\"auto, (max-width: 200px) 100vw, 200px\" \/><\/a><\/p>\n<p>&nbsp;<\/p>\n<p style=\"padding-left: 30px;\"><span style=\"color: #000000;\"><a style=\"color: #000000;\" href=\"http:\/\/grupo.us.es\/newtutsosmodhum\/?page_id=358\"><strong><u>Dom\u00ednguez Ruiz, Victoria<\/u><\/strong><\/a>; <strong><u><a style=\"color: #000000;\" href=\"http:\/\/grupo.us.es\/newtutsosmodhum\/?page_id=340\">Angulo Fornos, Roque<\/a><\/u><\/strong>\u00a0<strong>y Teresa Sesma \u00c1lvarez<\/strong>. Visita y medici\u00f3n al Molino del Najarrillo, en Valverde de Burguillos (Badajoz) para elaboraci\u00f3n del modelo BIM en el Trabajo Fin de Master\u00a0APLICACI\u00d3N DE LAS NUEVAS TECNOLOG\u00cdAS AL PATRIMONIO RURAL CONSTRUIDO.\u00a0An\u00e1lisis del estado actual y propuesta de uso del \u201cMolino del Najarrillo\u201d. Master Oficial de Innovaci\u00f3n en Arquitectura, Tecnolog\u00eda y Dise\u00f1o, Universidad de Sevilla. Autora: Teresa Sesma \u00c1lvarez. Orientadores: Roque Angulo Fornos y Victoria Dom\u00ednguez Ruiz. Curso 2016\/17.<\/span><\/p>\n<p>&nbsp;<\/p>\n<p>&nbsp;<\/p>\n<p style=\"padding-left: 30px;\"><a href=\"http:\/\/grupo.us.es\/newtutsosmodhum\/wp-content\/uploads\/2018\/04\/D_VIS_01.jpg\"><img loading=\"lazy\" decoding=\"async\" class=\"wp-image-852 alignleft\" src=\"http:\/\/grupo.us.es\/newtutsosmodhum\/wp-content\/uploads\/2018\/04\/D_VIS_01.jpg\" alt=\"\" width=\"200\" height=\"200\" data-action=\"zoom\" \/><\/a><\/p>\n<p>&nbsp;<\/p>\n<p><span style=\"color: #000000;\"><a style=\"color: #000000;\" href=\"http:\/\/grupo.us.es\/newtutsosmodhum\/?page_id=814\"><strong><u>Moya Mu\u00f1oz, Jorge<\/u><\/strong><\/a>. Jornadas de trabajo para visitar los molinos existentes en la zona Suroeste del municipio de \u00c9cija (Valcargado). Mayo, Junio, Julio y Noviembre de 2017. Este trabajo permiti\u00f3 verificar la geolocalizaci\u00f3n de los molinos y el estado de conservaci\u00f3n de los mismos a partir de una planimetr\u00eda base facilitada por el Ayuntamiento de \u00c9cija sobre la que posteriormente se\u00a0est\u00e1 trabajando\u00a0en SIG en el desarrollo de la investigaci\u00f3n. Las visitas se realizaron con funcionarios del Ayuntamiento de \u00c9cija\u00a0quienes pusieron a disposici\u00f3n un veh\u00edculo que permiti\u00f3 acceder a la totalidad de las edificaciones.<\/span><\/p>\n<p>&nbsp;<\/p>\n<p>&nbsp;<\/p>\n<p style=\"padding-left: 30px;\"><span style=\"color: #000000;\"><a style=\"color: #000000;\" href=\"http:\/\/grupo.us.es\/newtutsosmodhum\/wp-content\/uploads\/2018\/03\/A1.2_VIS_02.jpg\"><img loading=\"lazy\" decoding=\"async\" class=\"wp-image-295 alignleft\" src=\"http:\/\/grupo.us.es\/newtutsosmodhum\/wp-content\/uploads\/2018\/03\/A1.2_VIS_02.jpg\" alt=\"\" width=\"200\" height=\"200\" data-action=\"zoom\" srcset=\"https:\/\/grupo.us.es\/newtutsosmodhum\/wp-content\/uploads\/2018\/03\/A1.2_VIS_02.jpg 1920w, https:\/\/grupo.us.es\/newtutsosmodhum\/wp-content\/uploads\/2018\/03\/A1.2_VIS_02-150x150.jpg 150w, https:\/\/grupo.us.es\/newtutsosmodhum\/wp-content\/uploads\/2018\/03\/A1.2_VIS_02-300x300.jpg 300w, https:\/\/grupo.us.es\/newtutsosmodhum\/wp-content\/uploads\/2018\/03\/A1.2_VIS_02-768x768.jpg 768w, https:\/\/grupo.us.es\/newtutsosmodhum\/wp-content\/uploads\/2018\/03\/A1.2_VIS_02-1024x1024.jpg 1024w\" sizes=\"auto, (max-width: 200px) 100vw, 200px\" \/><\/a><\/span><\/p>\n<p>&nbsp;<\/p>\n<p style=\"padding-left: 30px;\"><span style=\"color: #000000;\"><u><\/u><strong><u><a style=\"color: #000000;\" href=\"http:\/\/grupo.us.es\/newtutsosmodhum\/?page_id=323\">Molina Rozalem, Juan Francisco<\/a><\/u><\/strong>; <a style=\"color: #000000;\" href=\"http:\/\/grupo.us.es\/newtutsosmodhum\/?page_id=203\"><strong><u>Pinto Puerto, Francisco<\/u><\/strong><\/a>; <u><a style=\"color: #000000;\" href=\"http:\/\/grupo.us.es\/newtutsosmodhum\/?page_id=370\"><strong>Ferreira Lopes, Patricia<\/strong><\/a><\/u>; <u><a style=\"color: #000000;\" href=\"http:\/\/grupo.us.es\/newtutsosmodhum\/?page_id=364\"><strong>Guerrero Vega, Jos\u00e9 Mar\u00eda<\/strong><\/a><\/u>. Visita de trabajo al Puente sobre el arroyo Salado, a las canteras de Mogarejo y a las fortificaciones de Lopera y las Aguzaderas, en la Sierra Sur de Sevilla, junio de 2017.\u00a0<\/span><\/p>\n<p>&nbsp;<\/p>\n<p>&nbsp;<\/p>\n<p>&nbsp;<\/p>\n<p style=\"padding-left: 30px;\"><a href=\"http:\/\/grupo.us.es\/newtutsosmodhum\/wp-content\/uploads\/2018\/03\/A1.2_VIS_01.jpg\"><img loading=\"lazy\" decoding=\"async\" class=\"wp-image-294 alignleft\" src=\"http:\/\/grupo.us.es\/newtutsosmodhum\/wp-content\/uploads\/2018\/03\/A1.2_VIS_01.jpg\" alt=\"\" width=\"200\" height=\"200\" data-action=\"zoom\" srcset=\"https:\/\/grupo.us.es\/newtutsosmodhum\/wp-content\/uploads\/2018\/03\/A1.2_VIS_01.jpg 533w, https:\/\/grupo.us.es\/newtutsosmodhum\/wp-content\/uploads\/2018\/03\/A1.2_VIS_01-150x150.jpg 150w, https:\/\/grupo.us.es\/newtutsosmodhum\/wp-content\/uploads\/2018\/03\/A1.2_VIS_01-300x300.jpg 300w\" sizes=\"auto, (max-width: 200px) 100vw, 200px\" \/><\/a><\/p>\n<p>&nbsp;<\/p>\n<p>&nbsp;<\/p>\n<p style=\"padding-left: 30px;\"><span style=\"color: #000000;\"><u><\/u><strong><u><a style=\"color: #000000;\" href=\"http:\/\/grupo.us.es\/newtutsosmodhum\/?page_id=323\">Molina Rozalem, Juan Francisco<\/a><\/u><\/strong>. Visita de trabajo a las Torres de Cote, Lopera y el \u00c1guila, en la Sierra Sur de Sevilla, diciembre de 2016.\u00a0Visita en la que se tomaron datos de estos edificios, as\u00ed como abundante material fotogr\u00e1fico para poder elaborar una planimetr\u00eda para analizar diferentes aspectos de los mismos.<\/span><\/p>\n<p>&nbsp;<\/p>\n<p>&nbsp;<\/p>\n","protected":false},"excerpt":{"rendered":"<p>\u00a0Tesis Doctorales\u00a0 \u00a0 \u00a0Monograf\u00edas\u00a0 \u00a0 \u00a0Art\u00edculos\u00a0 \u00a0 \u00a0\u00a0Seminarios y congresos\u00a0 \u00a0 \u00a0Talleres\u00a0 \u00a0 \u00a0\u00a0Visitas\u00a0 \u00a0 \u00a0Estancias\u00a0 \u00a0 Premios\u00a0 \u00a0 Otros [&hellip;]<\/p>\n","protected":false},"author":1,"featured_media":0,"parent":94,"menu_order":0,"comment_status":"closed","ping_status":"closed","template":"","meta":{"footnotes":""},"class_list":["post-150","page","type-page","status-publish","hentry"],"_links":{"self":[{"href":"https:\/\/grupo.us.es\/newtutsosmodhum\/index.php?rest_route=\/wp\/v2\/pages\/150","targetHints":{"allow":["GET"]}}],"collection":[{"href":"https:\/\/grupo.us.es\/newtutsosmodhum\/index.php?rest_route=\/wp\/v2\/pages"}],"about":[{"href":"https:\/\/grupo.us.es\/newtutsosmodhum\/index.php?rest_route=\/wp\/v2\/types\/page"}],"author":[{"embeddable":true,"href":"https:\/\/grupo.us.es\/newtutsosmodhum\/index.php?rest_route=\/wp\/v2\/users\/1"}],"replies":[{"embeddable":true,"href":"https:\/\/grupo.us.es\/newtutsosmodhum\/index.php?rest_route=%2Fwp%2Fv2%2Fcomments&post=150"}],"version-history":[{"count":0,"href":"https:\/\/grupo.us.es\/newtutsosmodhum\/index.php?rest_route=\/wp\/v2\/pages\/150\/revisions"}],"up":[{"embeddable":true,"href":"https:\/\/grupo.us.es\/newtutsosmodhum\/index.php?rest_route=\/wp\/v2\/pages\/94"}],"wp:attachment":[{"href":"https:\/\/grupo.us.es\/newtutsosmodhum\/index.php?rest_route=%2Fwp%2Fv2%2Fmedia&parent=150"}],"curies":[{"name":"wp","href":"https:\/\/api.w.org\/{rel}","templated":true}]}}