{"id":2178,"date":"2025-03-20T13:24:20","date_gmt":"2025-03-20T12:24:20","guid":{"rendered":"https:\/\/grupo.us.es\/newanquimed\/?p=2178"},"modified":"2025-03-20T14:03:36","modified_gmt":"2025-03-20T13:03:36","slug":"proyectos","status":"publish","type":"page","link":"https:\/\/grupo.us.es\/newanquimed\/proyectos\/","title":{"rendered":"Proyectos"},"content":{"rendered":"\n<div class=\"wp-block-uagb-container uagb-block-4fe7c1fd alignfull uagb-is-root-container\"><div class=\"uagb-container-inner-blocks-wrap\">\n<div class=\"wp-block-uagb-container uagb-block-e2acd3bf\">\n<p>2021 -2024<\/p>\n\n\n\n<p>Metabolitos y enanti\u00f3meros de antibi\u00f3ticos en las principales fuentes de contaminaci\u00f3n ambiental: aguas residuales y lodos de depuradora. Riesgos ecotoxicol\u00f3gicos y sanitarios.<\/p>\n<\/div>\n\n\n\n<div class=\"wp-block-uagb-container uagb-block-0846ecdb\">\n<p>2021 -2022<\/p>\n\n\n\n<p>Validaci\u00f3n industrial de la eficacia de un sistema automatizado y sensorizado para el tratamiento f\u00edsico-qu\u00edmico de los residuos infecciosos, farmac\u00e9uticos, y citost\u00e1ticos (s\u00f3lidos y l\u00edquidos) hospitalarios y de la industria farmac\u00e9utica-BioSani_TRAT.\u200b<\/p>\n<\/div>\n\n\n\n<div class=\"wp-block-uagb-container uagb-block-878ac398\">\n<p>2021 -2022<\/p>\n\n\n\n<p>Impacto de los micropl\u00e1sticos, como contaminantes y fuente de contaminantes emergentes, en suelos y cultivos tratados con aguas residuales y lodos de depuradora.<\/p>\n<\/div>\n\n\n\n<div class=\"wp-block-uagb-container uagb-block-8c8f3b10\">\n<p>2020 &#8211; 2022<\/p>\n\n\n\n<p>Comportamiento enantioselectivo de contaminantes emergentes en la reutilizaci\u00f3n agr\u00edcola de aguas residuales y lodos de depuradora.<\/p>\n<\/div>\n<\/div><\/div>\n\n\n\n<div class=\"wp-block-uagb-container uagb-block-d0e46899 alignfull uagb-is-root-container\"><div class=\"uagb-container-inner-blocks-wrap\">\n<div class=\"wp-block-uagb-container uagb-block-f1f295e7\">\n<p>2018 &#8211; 2020<\/p>\n\n\n\n<p>Din\u00e1mica de productos de degradaci\u00f3n de contaminantes emergentes en suelos agr\u00edcolas tratados con agua residual y lodo de depuradora: riesgo agr\u00edcola, ambiental y sanitario<\/p>\n<\/div>\n\n\n\n<div class=\"wp-block-uagb-container uagb-block-0c3ef4ea\">\n<p>2014 &#8211; 2016<\/p>\n\n\n\n<p><br>Din\u00e1mica de contaminantes emergentes en embalses para aguas de consumo humano: evaluaci\u00f3n de riesgos y propuesta de soluciones.<\/p>\n<\/div>\n\n\n\n<div class=\"wp-block-uagb-container uagb-block-8bdaff83\">\n<p>2011 &#8211; 2014<\/p>\n\n\n\n<p>Investigaci\u00f3n sobre la presencia de contaminantes org\u00e1nicos emergentes en aguas residuales, lodos de depuraci\u00f3n y productos derivados. Estudio de viabilidad para su tratamiento y correcci\u00f3n.<\/p>\n<\/div>\n\n\n\n<div class=\"wp-block-uagb-container uagb-block-6c799305\">\n<p>2012 &#8211; 2015<\/p>\n\n\n\n<p>Investigaci\u00f3n sobre material compuesto de granza de NFU, para sustituci\u00f3n de elementos de hormig\u00f3n armado. NEXHOR.<\/p>\n<\/div>\n<\/div><\/div>\n\n\n\n<div class=\"wp-block-uagb-container uagb-block-bce58a67 alignfull uagb-is-root-container\"><div class=\"uagb-container-inner-blocks-wrap\">\n<div class=\"wp-block-uagb-container uagb-block-419d9e14\">\n<p>2011<\/p>\n\n\n\n<p>\u200b\u200b<\/p>\n\n\n\n<p>Monitorizaci\u00f3n de compuestos org\u00e1nicos en lodos de depuradoras de aguas residuales urbanas.<\/p>\n<\/div>\n\n\n\n<div class=\"wp-block-uagb-container uagb-block-bbb62fc6\">\n<p><br>2011<\/p>\n\n\n\n<p>Puesta a punto de una metodolog\u00eda de an\u00e1lisis de rutina para la caracterizaci\u00f3n de los residuos de f\u00e1rmacos citost\u00e1ticos y no citost\u00e1ticos inertizados en el Sistema MIMO.<\/p>\n<\/div>\n\n\n\n<div class=\"wp-block-uagb-container uagb-block-c2f624e0\">\n<p>2010 &#8211; 2013<\/p>\n\n\n\n<p>Evaluaci\u00f3n del rendimiento de eliminaci\u00f3n de microcontaminantes inorg\u00e1nicos y org\u00e1nicos en aguas residuales tratadas mediante tecnolog\u00edas avanzadas en t\u00e9cnicas de filtraci\u00f3n sobre membranas.<\/p>\n<\/div>\n\n\n\n<div class=\"wp-block-uagb-container uagb-block-869119e5\">\n<p>2007 -2010<\/p>\n\n\n\n<p>Determinaci\u00f3n de principios activos farmacol\u00f3gicos y evaluaci\u00f3n de sus riesgos medioambientales en el parque nacional de Do\u00f1ana y su entorno.<\/p>\n<\/div>\n<\/div><\/div>\n\n\n\n<div class=\"wp-block-uagb-container uagb-block-64bffa2b alignfull uagb-is-root-container\"><div class=\"uagb-container-inner-blocks-wrap\">\n<div class=\"wp-block-uagb-container uagb-block-b9d7b949\">\n<p>2007 &#8211; 2010<\/p>\n\n\n\n<p>An\u00e1lisis y distribuci\u00f3n de principios activos farmacol\u00f3gicos en los procesos convencionales de depuraci\u00f3n de aguas residuales urbanas. Evaluaci\u00f3n de riesgos en el tramo urbano del r\u00edo Guadalquivir.<\/p>\n<\/div>\n\n\n\n<div class=\"wp-block-uagb-container uagb-block-990c7b8d\">\n<p><br>2004 &#8211; 2008<\/p>\n\n\n\n<p>Influencia de microcontaminantes org\u00e1nicos en la reutilizaci\u00f3n agr\u00edcola de lodos de depuradora: el reto de la futura Directiva Europea.<\/p>\n<\/div>\n\n\n\n<div class=\"wp-block-uagb-container uagb-block-1caea25c\"><\/div>\n\n\n\n<div class=\"wp-block-uagb-container uagb-block-b57010be\"><\/div>\n<\/div><\/div>\n\n\n\n<p><\/p>\n","protected":false},"excerpt":{"rendered":"<p>2021 -2024 Metabolitos y enanti\u00f3meros de antibi\u00f3ticos en las principales fuentes de contaminaci\u00f3n ambiental: aguas residuales y lodos de depuradora. Riesgos ecotoxicol\u00f3gicos y sanitarios. 2021 -2022 Validaci\u00f3n industrial de la eficacia de un sistema automatizado y sensorizado para el tratamiento f\u00edsico-qu\u00edmico de los residuos infecciosos, farmac\u00e9uticos, y citost\u00e1ticos (s\u00f3lidos y l\u00edquidos) hospitalarios y de la [&hellip;]<\/p>\n","protected":false},"author":1,"featured_media":0,"parent":0,"menu_order":0,"comment_status":"closed","ping_status":"closed","template":"","meta":{"_uag_custom_page_level_css":"","site-sidebar-layout":"default","site-content-layout":"","ast-site-content-layout":"default","site-content-style":"default","site-sidebar-style":"default","ast-global-header-display":"","ast-banner-title-visibility":"","ast-main-header-display":"","ast-hfb-above-header-display":"","ast-hfb-below-header-display":"","ast-hfb-mobile-header-display":"","site-post-title":"","ast-breadcrumbs-content":"","ast-featured-img":"","footer-sml-layout":"","theme-transparent-header-meta":"","adv-header-id-meta":"","stick-header-meta":"","header-above-stick-meta":"","header-main-stick-meta":"","header-below-stick-meta":"","astra-migrate-meta-layouts":"set","ast-page-background-enabled":"default","ast-page-background-meta":{"desktop":{"background-color":"","background-image":"","background-repeat":"repeat","background-position":"center center","background-size":"auto","background-attachment":"scroll","background-type":"","background-media":"","overlay-type":"","overlay-color":"","overlay-opacity":"","overlay-gradient":""},"tablet":{"background-color":"","background-image":"","background-repeat":"repeat","background-position":"center center","background-size":"auto","background-attachment":"scroll","background-type":"","background-media":"","overlay-type":"","overlay-color":"","overlay-opacity":"","overlay-gradient":""},"mobile":{"background-color":"","background-image":"","background-repeat":"repeat","background-position":"center center","background-size":"auto","background-attachment":"scroll","background-type":"","background-media":"","overlay-type":"","overlay-color":"","overlay-opacity":"","overlay-gradient":""}},"ast-content-background-meta":{"desktop":{"background-color":"var(--ast-global-color-5)","background-image":"","background-repeat":"repeat","background-position":"center center","background-size":"auto","background-attachment":"scroll","background-type":"","background-media":"","overlay-type":"","overlay-color":"","overlay-opacity":"","overlay-gradient":""},"tablet":{"background-color":"var(--ast-global-color-5)","background-image":"","background-repeat":"repeat","background-position":"center center","background-size":"auto","background-attachment":"scroll","background-type":"","background-media":"","overlay-type":"","overlay-color":"","overlay-opacity":"","overlay-gradient":""},"mobile":{"background-color":"var(--ast-global-color-5)","background-image":"","background-repeat":"repeat","background-position":"center center","background-size":"auto","background-attachment":"scroll","background-type":"","background-media":"","overlay-type":"","overlay-color":"","overlay-opacity":"","overlay-gradient":""}},"footnotes":""},"class_list":["post-2178","page","type-page","status-publish","hentry"],"uagb_featured_image_src":{"full":false,"thumbnail":false,"medium":false,"medium_large":false,"large":false,"1536x1536":false,"2048x2048":false},"uagb_author_info":{"display_name":"anquimed","author_link":"https:\/\/grupo.us.es\/newanquimed\/author\/anquimed\/"},"uagb_comment_info":0,"uagb_excerpt":"2021 -2024 Metabolitos y enanti\u00f3meros de antibi\u00f3ticos en las principales fuentes de contaminaci\u00f3n ambiental: aguas residuales y lodos de depuradora. Riesgos ecotoxicol\u00f3gicos y sanitarios. 2021 -2022 Validaci\u00f3n industrial de la eficacia de un sistema automatizado y sensorizado para el tratamiento f\u00edsico-qu\u00edmico de los residuos infecciosos, farmac\u00e9uticos, y citost\u00e1ticos (s\u00f3lidos y l\u00edquidos) hospitalarios y de la&hellip;","_links":{"self":[{"href":"https:\/\/grupo.us.es\/newanquimed\/wp-json\/wp\/v2\/pages\/2178","targetHints":{"allow":["GET"]}}],"collection":[{"href":"https:\/\/grupo.us.es\/newanquimed\/wp-json\/wp\/v2\/pages"}],"about":[{"href":"https:\/\/grupo.us.es\/newanquimed\/wp-json\/wp\/v2\/types\/page"}],"author":[{"embeddable":true,"href":"https:\/\/grupo.us.es\/newanquimed\/wp-json\/wp\/v2\/users\/1"}],"replies":[{"embeddable":true,"href":"https:\/\/grupo.us.es\/newanquimed\/wp-json\/wp\/v2\/comments?post=2178"}],"version-history":[{"count":4,"href":"https:\/\/grupo.us.es\/newanquimed\/wp-json\/wp\/v2\/pages\/2178\/revisions"}],"predecessor-version":[{"id":2191,"href":"https:\/\/grupo.us.es\/newanquimed\/wp-json\/wp\/v2\/pages\/2178\/revisions\/2191"}],"wp:attachment":[{"href":"https:\/\/grupo.us.es\/newanquimed\/wp-json\/wp\/v2\/media?parent=2178"}],"curies":[{"name":"wp","href":"https:\/\/api.w.org\/{rel}","templated":true}]}}