{"id":150,"date":"2015-01-23T12:41:33","date_gmt":"2015-01-23T11:41:33","guid":{"rendered":"http:\/\/grupo.us.es\/naturib\/?page_id=150"},"modified":"2015-01-23T12:41:33","modified_gmt":"2015-01-23T11:41:33","slug":"publicaciones-de-divulgacion","status":"publish","type":"page","link":"https:\/\/grupo.us.es\/naturib\/publicaciones\/publicaciones-de-divulgacion\/","title":{"rendered":"Publicaciones de divulgaci\u00f3n"},"content":{"rendered":"<ul>\n<li>Juan Antonio Rodr\u00edguez Diaz, Emilio Camacho Poyato, Rafael Lopez Luque, Luis Perez Urrestarazu. 2005. Los Indicadores de Gesti\u00f3n y las T\u00e9cnicas de Benchmarking Aplicados a la Mejora de las Comunidades de Regantes. Ingenier\u00eda del Agua. Vol. 12. N\u00fam. 1. Pag. 63-76<\/li>\n<li>P\u00e9rez Urrestarazu, L., Camacho Poyato, E., Rodr\u00edguez D\u00edaz, J.A., L\u00f3pez Luque, R., Rold\u00e1n Ca\u00f1as, J. 2005. Indicadores de Gesti\u00f3n: una Herramienta para el An\u00e1lisis de las Comunidades de Regantes. Itea, Informaci\u00f3n T\u00e9cnica Econ\u00f3mica Agraria: Revista de la Asociaci\u00f3n Interprofesional para el Desarrollo Agrario. Vol. 101. N\u00fam. 1. Pag. 70-82<\/li>\n<li>Camacho Poyato, E., Rodr\u00edguez D\u00edaz, J.A., P\u00e9rez Urrestarazu, L. 2005. Benchmarking Application in Spain. Icid News. Pag. 8-13<\/li>\n<li>Rold\u00e1n Ca\u00f1as, J., P\u00e9rez Urrestarazu, L., Moreno P\u00e9rez, M.F. 2006. Canalones Hidr\u00e1ulicos en los Tejados de la Mezquita de C\u00f3rdoba. Al-Mulk. N\u00fam. 6. Pag. 59-68<\/li>\n<li>Camacho Poyato, E., Rodr\u00edguez D\u00edaz, J.A., P\u00e9rez Urrestarazu, L., Parias, P. 2007. Debilidades del Regad\u00edo en la Cuenca del Guadalquivir. Agricultura: Revista Agropecuaria. Vol. 897. Pag. 448-452<\/li>\n<li>P\u00e9rez Urrestarazu, L., Rodr\u00edguez D\u00edaz, J.A., Camacho Poyato, E., L\u00f3pez Luque, R., Rold\u00e1n Ca\u00f1as, J., Alcaide Garc\u00eda, M., Ortiz Fern\u00e1ndez-Urrutia, J.A., Segura Gra\u00ed\u00f1o, R. 2008 IGRA: An approach for the application of the benchmarking initiative to irrigation areas. In: Water Saving in Agriculture. ICID publications. Volumen 95. 15 pg. ISBN. 81-89610-08-2<\/li>\n<li>Fern\u00e1ndez Ca\u00f1ero, R., P\u00e9rez Urrestarazu, L., Franco Salas, A. 2013. Naturaci\u00f3n urbana y jardiner\u00eda vertical: de las fachadas verdes a los muros vegetales. PARJAP: Bolet\u00edn de la Asociaci\u00f3n Espa\u00f1ola de Parques y Jardines, 72: 6-11.<\/li>\n<li>Egea, G., P\u00e9rez Urrestarazu, L., Franco Salas, A., Fern\u00e1ndez Ca\u00f1ero, R., P\u00e9rez Ruiz, M. 2014. Riego de precisi\u00f3n para un manejo m\u00e1s eficiente del agua. Agricultura 974, 4-10.<\/li>\n<\/ul>\n","protected":false},"excerpt":{"rendered":"<p>Juan Antonio Rodr\u00edguez Diaz, Emilio Camacho Poyato, Rafael Lopez Luque, Luis Perez Urrestarazu. 2005. Los Indicadores de Gesti\u00f3n y las T\u00e9cnicas de Benchmarking Aplicados a la Mejora de las Comunidades de Regantes. Ingenier\u00eda del Agua. Vol. 12. N\u00fam. 1. Pag. 63-76 P\u00e9rez Urrestarazu, L., Camacho Poyato, E., Rodr\u00edguez D\u00edaz, J.A., L\u00f3pez Luque, R., Rold\u00e1n Ca\u00f1as, [&hellip;]<\/p>\n","protected":false},"author":1,"featured_media":0,"parent":43,"menu_order":0,"comment_status":"closed","ping_status":"open","template":"","meta":{"site-sidebar-layout":"default","site-content-layout":"","ast-site-content-layout":"default","site-content-style":"default","site-sidebar-style":"default","ast-global-header-display":"","ast-banner-title-visibility":"","ast-main-header-display":"","ast-hfb-above-header-display":"","ast-hfb-below-header-display":"","ast-hfb-mobile-header-display":"","site-post-title":"","ast-breadcrumbs-content":"","ast-featured-img":"","footer-sml-layout":"","ast-disable-related-posts":"","theme-transparent-header-meta":"","adv-header-id-meta":"","stick-header-meta":"","header-above-stick-meta":"","header-main-stick-meta":"","header-below-stick-meta":"","astra-migrate-meta-layouts":"default","ast-page-background-enabled":"default","ast-page-background-meta":{"desktop":{"background-color":"var(--ast-global-color-4)","background-image":"","background-repeat":"repeat","background-position":"center center","background-size":"auto","background-attachment":"scroll","background-type":"","background-media":"","overlay-type":"","overlay-color":"","overlay-opacity":"","overlay-gradient":""},"tablet":{"background-color":"","background-image":"","background-repeat":"repeat","background-position":"center center","background-size":"auto","background-attachment":"scroll","background-type":"","background-media":"","overlay-type":"","overlay-color":"","overlay-opacity":"","overlay-gradient":""},"mobile":{"background-color":"","background-image":"","background-repeat":"repeat","background-position":"center center","background-size":"auto","background-attachment":"scroll","background-type":"","background-media":"","overlay-type":"","overlay-color":"","overlay-opacity":"","overlay-gradient":""}},"ast-content-background-meta":{"desktop":{"background-color":"var(--ast-global-color-5)","background-image":"","background-repeat":"repeat","background-position":"center center","background-size":"auto","background-attachment":"scroll","background-type":"","background-media":"","overlay-type":"","overlay-color":"","overlay-opacity":"","overlay-gradient":""},"tablet":{"background-color":"var(--ast-global-color-5)","background-image":"","background-repeat":"repeat","background-position":"center center","background-size":"auto","background-attachment":"scroll","background-type":"","background-media":"","overlay-type":"","overlay-color":"","overlay-opacity":"","overlay-gradient":""},"mobile":{"background-color":"var(--ast-global-color-5)","background-image":"","background-repeat":"repeat","background-position":"center center","background-size":"auto","background-attachment":"scroll","background-type":"","background-media":"","overlay-type":"","overlay-color":"","overlay-opacity":"","overlay-gradient":""}},"footnotes":""},"class_list":["post-150","page","type-page","status-publish","hentry"],"yoast_head":"<!-- This site is optimized with the Yoast SEO plugin v27.5 - https:\/\/yoast.com\/product\/yoast-seo-wordpress\/ -->\n<title>Publicaciones de divulgaci\u00f3nOther publications - NATURIB<\/title>\n<meta name=\"robots\" content=\"index, follow, max-snippet:-1, max-image-preview:large, max-video-preview:-1\" \/>\n<link rel=\"canonical\" href=\"https:\/\/grupo.us.es\/naturib\/publicaciones\/publicaciones-de-divulgacion\/\" \/>\n<meta property=\"og:locale\" content=\"es_ES\" \/>\n<meta property=\"og:type\" content=\"article\" \/>\n<meta property=\"og:title\" content=\"Publicaciones de divulgaci\u00f3nOther publications - NATURIB\" \/>\n<meta property=\"og:description\" content=\"Juan Antonio Rodr\u00edguez Diaz, Emilio Camacho Poyato, Rafael Lopez Luque, Luis Perez Urrestarazu. 2005. Los Indicadores de Gesti\u00f3n y las T\u00e9cnicas de Benchmarking Aplicados a la Mejora de las Comunidades de Regantes. Ingenier\u00eda del Agua. Vol. 12. N\u00fam. 1. Pag. 63-76 P\u00e9rez Urrestarazu, L., Camacho Poyato, E., Rodr\u00edguez D\u00edaz, J.A., L\u00f3pez Luque, R., Rold\u00e1n Ca\u00f1as, [&hellip;]\" \/>\n<meta property=\"og:url\" content=\"https:\/\/grupo.us.es\/naturib\/publicaciones\/publicaciones-de-divulgacion\/\" \/>\n<meta property=\"og:site_name\" content=\"NATURIB\" \/>\n<meta name=\"twitter:label1\" content=\"Tiempo de lectura\" \/>\n\t<meta name=\"twitter:data1\" content=\"3 minutes\" \/>\n<script type=\"application\/ld+json\" class=\"yoast-schema-graph\">{\"@context\":\"https:\\\/\\\/schema.org\",\"@graph\":[{\"@type\":\"WebPage\",\"@id\":\"https:\\\/\\\/grupo.us.es\\\/naturib\\\/publicaciones\\\/publicaciones-de-divulgacion\\\/\",\"url\":\"https:\\\/\\\/grupo.us.es\\\/naturib\\\/publicaciones\\\/publicaciones-de-divulgacion\\\/\",\"name\":\"Publicaciones de divulgaci\u00f3nOther publications - NATURIB\",\"isPartOf\":{\"@id\":\"https:\\\/\\\/grupo.us.es\\\/naturib\\\/#website\"},\"datePublished\":\"2015-01-23T11:41:33+00:00\",\"breadcrumb\":{\"@id\":\"https:\\\/\\\/grupo.us.es\\\/naturib\\\/publicaciones\\\/publicaciones-de-divulgacion\\\/#breadcrumb\"},\"inLanguage\":\"es-ES\",\"potentialAction\":[{\"@type\":\"ReadAction\",\"target\":[\"https:\\\/\\\/grupo.us.es\\\/naturib\\\/publicaciones\\\/publicaciones-de-divulgacion\\\/\"]}]},{\"@type\":\"BreadcrumbList\",\"@id\":\"https:\\\/\\\/grupo.us.es\\\/naturib\\\/publicaciones\\\/publicaciones-de-divulgacion\\\/#breadcrumb\",\"itemListElement\":[{\"@type\":\"ListItem\",\"position\":1,\"name\":\"Home\",\"item\":\"https:\\\/\\\/grupo.us.es\\\/naturib\\\/\"},{\"@type\":\"ListItem\",\"position\":2,\"name\":\"Publicaciones\",\"item\":\"https:\\\/\\\/grupo.us.es\\\/naturib\\\/publicaciones\\\/\"},{\"@type\":\"ListItem\",\"position\":3,\"name\":\"Other publications\"}]},{\"@type\":\"WebSite\",\"@id\":\"https:\\\/\\\/grupo.us.es\\\/naturib\\\/#website\",\"url\":\"https:\\\/\\\/grupo.us.es\\\/naturib\\\/\",\"name\":\"NATURIB\",\"description\":\"Grupo de Investigaci\u00f3n de Naturaci\u00f3n Urbana e Ingenier\u00eda de Biosistemas\",\"publisher\":{\"@id\":\"https:\\\/\\\/grupo.us.es\\\/naturib\\\/#organization\"},\"potentialAction\":[{\"@type\":\"SearchAction\",\"target\":{\"@type\":\"EntryPoint\",\"urlTemplate\":\"https:\\\/\\\/grupo.us.es\\\/naturib\\\/?s={search_term_string}\"},\"query-input\":{\"@type\":\"PropertyValueSpecification\",\"valueRequired\":true,\"valueName\":\"search_term_string\"}}],\"inLanguage\":\"es-ES\"},{\"@type\":\"Organization\",\"@id\":\"https:\\\/\\\/grupo.us.es\\\/naturib\\\/#organization\",\"name\":\"NATURIB\",\"url\":\"https:\\\/\\\/grupo.us.es\\\/naturib\\\/\",\"logo\":{\"@type\":\"ImageObject\",\"inLanguage\":\"es-ES\",\"@id\":\"https:\\\/\\\/grupo.us.es\\\/naturib\\\/#\\\/schema\\\/logo\\\/image\\\/\",\"url\":\"https:\\\/\\\/grupo.us.es\\\/naturib\\\/wp-content\\\/uploads\\\/2022\\\/09\\\/logo-web-transparente.png\",\"contentUrl\":\"https:\\\/\\\/grupo.us.es\\\/naturib\\\/wp-content\\\/uploads\\\/2022\\\/09\\\/logo-web-transparente.png\",\"width\":249,\"height\":250,\"caption\":\"NATURIB\"},\"image\":{\"@id\":\"https:\\\/\\\/grupo.us.es\\\/naturib\\\/#\\\/schema\\\/logo\\\/image\\\/\"}}]}<\/script>\n<!-- \/ Yoast SEO plugin. -->","yoast_head_json":{"title":"Publicaciones de divulgaci\u00f3nOther publications - NATURIB","robots":{"index":"index","follow":"follow","max-snippet":"max-snippet:-1","max-image-preview":"max-image-preview:large","max-video-preview":"max-video-preview:-1"},"canonical":"https:\/\/grupo.us.es\/naturib\/publicaciones\/publicaciones-de-divulgacion\/","og_locale":"es_ES","og_type":"article","og_title":"Publicaciones de divulgaci\u00f3nOther publications - NATURIB","og_description":"Juan Antonio Rodr\u00edguez Diaz, Emilio Camacho Poyato, Rafael Lopez Luque, Luis Perez Urrestarazu. 2005. Los Indicadores de Gesti\u00f3n y las T\u00e9cnicas de Benchmarking Aplicados a la Mejora de las Comunidades de Regantes. Ingenier\u00eda del Agua. Vol. 12. N\u00fam. 1. Pag. 63-76 P\u00e9rez Urrestarazu, L., Camacho Poyato, E., Rodr\u00edguez D\u00edaz, J.A., L\u00f3pez Luque, R., Rold\u00e1n Ca\u00f1as, [&hellip;]","og_url":"https:\/\/grupo.us.es\/naturib\/publicaciones\/publicaciones-de-divulgacion\/","og_site_name":"NATURIB","twitter_misc":{"Tiempo de lectura":"3 minutes"},"schema":{"@context":"https:\/\/schema.org","@graph":[{"@type":"WebPage","@id":"https:\/\/grupo.us.es\/naturib\/publicaciones\/publicaciones-de-divulgacion\/","url":"https:\/\/grupo.us.es\/naturib\/publicaciones\/publicaciones-de-divulgacion\/","name":"Publicaciones de divulgaci\u00f3nOther publications - NATURIB","isPartOf":{"@id":"https:\/\/grupo.us.es\/naturib\/#website"},"datePublished":"2015-01-23T11:41:33+00:00","breadcrumb":{"@id":"https:\/\/grupo.us.es\/naturib\/publicaciones\/publicaciones-de-divulgacion\/#breadcrumb"},"inLanguage":"es-ES","potentialAction":[{"@type":"ReadAction","target":["https:\/\/grupo.us.es\/naturib\/publicaciones\/publicaciones-de-divulgacion\/"]}]},{"@type":"BreadcrumbList","@id":"https:\/\/grupo.us.es\/naturib\/publicaciones\/publicaciones-de-divulgacion\/#breadcrumb","itemListElement":[{"@type":"ListItem","position":1,"name":"Home","item":"https:\/\/grupo.us.es\/naturib\/"},{"@type":"ListItem","position":2,"name":"Publicaciones","item":"https:\/\/grupo.us.es\/naturib\/publicaciones\/"},{"@type":"ListItem","position":3,"name":"Other publications"}]},{"@type":"WebSite","@id":"https:\/\/grupo.us.es\/naturib\/#website","url":"https:\/\/grupo.us.es\/naturib\/","name":"NATURIB","description":"Grupo de Investigaci\u00f3n de Naturaci\u00f3n Urbana e Ingenier\u00eda de Biosistemas","publisher":{"@id":"https:\/\/grupo.us.es\/naturib\/#organization"},"potentialAction":[{"@type":"SearchAction","target":{"@type":"EntryPoint","urlTemplate":"https:\/\/grupo.us.es\/naturib\/?s={search_term_string}"},"query-input":{"@type":"PropertyValueSpecification","valueRequired":true,"valueName":"search_term_string"}}],"inLanguage":"es-ES"},{"@type":"Organization","@id":"https:\/\/grupo.us.es\/naturib\/#organization","name":"NATURIB","url":"https:\/\/grupo.us.es\/naturib\/","logo":{"@type":"ImageObject","inLanguage":"es-ES","@id":"https:\/\/grupo.us.es\/naturib\/#\/schema\/logo\/image\/","url":"https:\/\/grupo.us.es\/naturib\/wp-content\/uploads\/2022\/09\/logo-web-transparente.png","contentUrl":"https:\/\/grupo.us.es\/naturib\/wp-content\/uploads\/2022\/09\/logo-web-transparente.png","width":249,"height":250,"caption":"NATURIB"},"image":{"@id":"https:\/\/grupo.us.es\/naturib\/#\/schema\/logo\/image\/"}}]}},"_links":{"self":[{"href":"https:\/\/grupo.us.es\/naturib\/wp-json\/wp\/v2\/pages\/150","targetHints":{"allow":["GET"]}}],"collection":[{"href":"https:\/\/grupo.us.es\/naturib\/wp-json\/wp\/v2\/pages"}],"about":[{"href":"https:\/\/grupo.us.es\/naturib\/wp-json\/wp\/v2\/types\/page"}],"author":[{"embeddable":true,"href":"https:\/\/grupo.us.es\/naturib\/wp-json\/wp\/v2\/users\/1"}],"replies":[{"embeddable":true,"href":"https:\/\/grupo.us.es\/naturib\/wp-json\/wp\/v2\/comments?post=150"}],"version-history":[{"count":1,"href":"https:\/\/grupo.us.es\/naturib\/wp-json\/wp\/v2\/pages\/150\/revisions"}],"predecessor-version":[{"id":152,"href":"https:\/\/grupo.us.es\/naturib\/wp-json\/wp\/v2\/pages\/150\/revisions\/152"}],"up":[{"embeddable":true,"href":"https:\/\/grupo.us.es\/naturib\/wp-json\/wp\/v2\/pages\/43"}],"wp:attachment":[{"href":"https:\/\/grupo.us.es\/naturib\/wp-json\/wp\/v2\/media?parent=150"}],"curies":[{"name":"wp","href":"https:\/\/api.w.org\/{rel}","templated":true}]}}