{"id":4889,"date":"2023-07-28T09:23:38","date_gmt":"2023-07-28T09:23:38","guid":{"rendered":"https:\/\/grupo.us.es\/mujeryeducacion\/?page_id=4889"},"modified":"2023-09-07T11:00:11","modified_gmt":"2023-09-07T11:00:11","slug":"091-estatua-de-la-virgen-maria","status":"publish","type":"page","link":"https:\/\/grupo.us.es\/mujeryeducacion\/091-estatua-de-la-virgen-maria\/","title":{"rendered":"091. Estatua de la virgen Mar\u00eda"},"content":{"rendered":"<p>[et_pb_section fb_built=\u00bb1&#8243; _builder_version=\u00bb4.17.4&#8243; _module_preset=\u00bbdefault\u00bb background_color=\u00bb#F6EFE7&#8243; custom_padding=\u00bb2px|||||\u00bb custom_css_main_element=\u00bbdisplay=flex;\u00bb global_colors_info=\u00bb{}\u00bb][et_pb_row _builder_version=\u00bb4.17.4&#8243; _module_preset=\u00bbdefault\u00bb width=\u00bb100%\u00bb max_width=\u00bb2560px\u00bb custom_padding=\u00bb0px|||||\u00bb global_colors_info=\u00bb{}\u00bb][et_pb_column type=\u00bb4_4&#8243; _builder_version=\u00bb4.17.4&#8243; _module_preset=\u00bbdefault\u00bb global_colors_info=\u00bb{}\u00bb][et_pb_slider _builder_version=\u00bb4.17.4&#8243; _module_preset=\u00bbdefault\u00bb global_colors_info=\u00bb{}\u00bb][et_pb_slide image=\u00bbhttps:\/\/grupo.us.es\/mujeryeducacion\/wp-content\/uploads\/2023\/06\/91.png\u00bb _builder_version=\u00bb4.17.4&#8243; _module_preset=\u00bbdefault\u00bb background_color=\u00bbRGBA(255,255,255,0)\u00bb background_enable_color=\u00bbon\u00bb background_image=\u00bbhttps:\/\/grupo.us.es\/mujeryeducacion\/wp-content\/uploads\/2023\/06\/91.png\u00bb background_enable_image=\u00bbon\u00bb global_colors_info=\u00bb{}\u00bb sticky_transition=\u00bbon\u00bb][\/et_pb_slide][\/et_pb_slider][\/et_pb_column][\/et_pb_row][et_pb_row column_structure=\u00bb2_5,3_5&#8243; make_equal=\u00bbon\u00bb _builder_version=\u00bb4.17.4&#8243; _module_preset=\u00bbdefault\u00bb width=\u00bb100%\u00bb max_width=\u00bb2560px\u00bb global_colors_info=\u00bb{}\u00bb][et_pb_column type=\u00bb2_5&#8243; _builder_version=\u00bb4.17.4&#8243; _module_preset=\u00bbdefault\u00bb global_colors_info=\u00bb{}\u00bb][et_pb_image src=\u00bbhttps:\/\/grupo.us.es\/mujeryeducacion\/wp-content\/uploads\/2023\/07\/0-Logo-Museo-Pedagogico-transparente-e1689854632950.png\u00bb title_text=\u00bb0-Logo-Museo-Pedagogico-transparente-recortado\u00bb align_tablet=\u00bb\u00bb align_phone=\u00bbcenter\u00bb align_last_edited=\u00bbon|phone\u00bb _builder_version=\u00bb4.17.4&#8243; _module_preset=\u00bbdefault\u00bb width=\u00bb50%\u00bb hover_enabled=\u00bb0&#8243; global_colors_info=\u00bb{}\u00bb width_last_edited=\u00bbon|tablet\u00bb sticky_enabled=\u00bb0&#8243; width_tablet=\u00bb70%\u00bb module_alignment_last_edited=\u00bbon|tablet\u00bb module_alignment_tablet=\u00bbcenter\u00bb width_phone=\u00bb70%\u00bb module_alignment_phone=\u00bbcenter\u00bb][\/et_pb_image][\/et_pb_column][et_pb_column type=\u00bb3_5&#8243; _builder_version=\u00bb4.17.4&#8243; _module_preset=\u00bbdefault\u00bb global_colors_info=\u00bb{}\u00bb][et_pb_text content_tablet=\u00bb<\/p>\n<p><strong><\/strong><\/p>\n<p style=%22text-align: center;%22><strong>ESTATUA DE LA VIRGEN <\/strong><\/p>\n<p style=%22text-align: center;%22><strong>MAR\u00cdA<\/strong><\/p>\n<p>\u00bb content_phone=\u00bb<\/p>\n<p><strong><\/strong><\/p>\n<p style=%22text-align: center;%22><strong>ESTATUA DE LA <\/strong><\/p>\n<p style=%22text-align: center;%22><strong>VIRGEN MAR\u00cdA<\/strong><\/p>\n<p>\u00bb content_last_edited=\u00bbon|phone\u00bb _builder_version=\u00bb4.17.4&#8243; _module_preset=\u00bbdefault\u00bb text_text_color=\u00bb#000000&#8243; text_font_size=\u00bb58px\u00bb transform_scale_tablet=\u00bb\u00bb transform_scale_phone=\u00bb\u00bb transform_scale_last_edited=\u00bbon|tablet\u00bb transform_translate_tablet=\u00bb72px|-7px\u00bb transform_translate_phone=\u00bb64px|-7px\u00bb transform_translate_last_edited=\u00bbon|tablet\u00bb transform_rotate_tablet=\u00bb\u00bb transform_rotate_phone=\u00bb\u00bb transform_rotate_last_edited=\u00bbon|tablet\u00bb transform_skew_tablet=\u00bb\u00bb transform_skew_phone=\u00bb\u00bb transform_skew_last_edited=\u00bbon|tablet\u00bb transform_origin_tablet=\u00bb\u00bb transform_origin_phone=\u00bb\u00bb transform_origin_last_edited=\u00bbon|tablet\u00bb transform_styles_last_edited=\u00bbon|tablet\u00bb custom_margin=\u00bb|||-127px||\u00bb hover_enabled=\u00bb0&#8243; text_font_size_tablet=\u00bb58px\u00bb text_font_size_phone=\u00bb42px\u00bb text_font_size_last_edited=\u00bbon|phone\u00bb transform_styles_tablet=\u00bb\u00bb transform_styles_phone=\u00bb\u00bb module_alignment_tablet=\u00bbcenter\u00bb module_alignment_phone=\u00bbcenter\u00bb module_alignment_last_edited=\u00bbon|tablet\u00bb global_colors_info=\u00bb{}\u00bb transform_translate=\u00bb-181px|-7px\u00bb sticky_enabled=\u00bb0&#8243;]<\/p>\n<p><strong><\/strong><\/p>\n<p><strong>ESTATUA DE LA VIRGEN MAR\u00cdA<\/strong><\/p>\n<p>[\/et_pb_text][et_pb_text content_tablet=\u00bb<\/p>\n<p style=%22text-align: center;%22><strong><\/strong><\/p>\n<p style=%22text-align: center;%22><strong>VENID Y VAMOS\u2026 CON FLORES A MAR\u00cdA<\/strong><\/p>\n<p>\u00bb content_phone=\u00bb<\/p>\n<p style=%22text-align: center;%22><strong><\/strong><\/p>\n<p style=%22text-align: center;%22><strong>VENID Y VAMOS\u2026 CON FLORES <\/strong><\/p>\n<p style=%22text-align: center;%22><strong>A MAR\u00cdA<\/strong><\/p>\n<p>\u00bb content_last_edited=\u00bbon|phone\u00bb _builder_version=\u00bb4.17.4&#8243; _module_preset=\u00bbdefault\u00bb text_text_color=\u00bb#8E8E8E\u00bb text_font_size=\u00bb32px\u00bb text_line_height=\u00bb1.8em\u00bb transform_scale_tablet=\u00bb\u00bb transform_scale_phone=\u00bb\u00bb transform_scale_last_edited=\u00bbon|tablet\u00bb transform_translate_tablet=\u00bb151px|-10px\u00bb transform_translate_phone=\u00bb151px|-10px\u00bb transform_translate_last_edited=\u00bbon|tablet\u00bb transform_rotate_tablet=\u00bb\u00bb transform_rotate_phone=\u00bb\u00bb transform_rotate_last_edited=\u00bbon|tablet\u00bb transform_skew_tablet=\u00bb\u00bb transform_skew_phone=\u00bb\u00bb transform_skew_last_edited=\u00bbon|tablet\u00bb transform_origin_tablet=\u00bb\u00bb transform_origin_phone=\u00bb\u00bb transform_origin_last_edited=\u00bbon|tablet\u00bb transform_styles_last_edited=\u00bbon|tablet\u00bb custom_margin=\u00bb|||-295px||\u00bb custom_padding=\u00bb||0px|||\u00bb text_font_size_tablet=\u00bb32px\u00bb text_font_size_phone=\u00bb24px\u00bb text_font_size_last_edited=\u00bbon|desktop\u00bb transform_styles_tablet=\u00bb\u00bb transform_styles_phone=\u00bb\u00bb global_colors_info=\u00bb{}\u00bb]<\/p>\n<p><strong>\u00a0 \u00a0 \u00a0 \u00a0 \u00a0 \u00a0 \u00a0 \u00a0VENID Y VAMOS\u2026 CON FLORES A MAR\u00cdA <\/strong><\/p>\n<p>[\/et_pb_text][\/et_pb_column][\/et_pb_row][et_pb_row _builder_version=\u00bb4.17.4&#8243; _module_preset=\u00bbdefault\u00bb global_colors_info=\u00bb{}\u00bb][et_pb_column type=\u00bb4_4&#8243; _builder_version=\u00bb4.17.4&#8243; _module_preset=\u00bbdefault\u00bb global_colors_info=\u00bb{}\u00bb][et_pb_text _builder_version=\u00bb4.17.4&#8243; _module_preset=\u00bbdefault\u00bb global_colors_info=\u00bb{}\u00bb]<\/p>\n<h1 style=\"text-align: center;\">Pablo \u00c1lvarez Dom\u00ednguez<\/h1>\n<p><span class=\"EOP SCXW150617363 BCX9\" data-ccp-props=\"{&quot;201341983&quot;:0,&quot;335551550&quot;:3,&quot;335551620&quot;:3,&quot;335559739&quot;:0,&quot;335559740&quot;:240}\"><span class=\"EOP SCXW184100114 BCX9\" data-ccp-props=\"{&quot;201341983&quot;:0,&quot;335551550&quot;:3,&quot;335551620&quot;:3,&quot;335559739&quot;:0,&quot;335559740&quot;:240}\"><span data-contrast=\"auto\" xml:lang=\"ES-ES\" lang=\"ES-ES\" class=\"TextRun SCXW37953205 BCX9\"><span class=\"NormalTextRun SCXW37953205 BCX9\"><span data-contrast=\"auto\" xml:lang=\"ES-ES\" lang=\"ES-ES\" class=\"TextRun SCXW144867011 BCX9\"><span class=\"NormalTextRun SCXW144867011 BCX9\"><span class=\"EOP SCXW91137730 BCX9\" data-ccp-props=\"{&quot;335551550&quot;:3,&quot;335551620&quot;:3}\"><\/span><\/span><\/span><\/span><\/span><\/span><\/span><\/p>\n<h4 style=\"text-align: center;\">Universidad de Sevilla<br \/>Museo Pedag\u00f3gico de la Facultad de Ciencias de la Educaci\u00f3n<\/h4>\n<p><span data-contrast=\"auto\" xml:lang=\"ES-ES\" lang=\"ES-ES\" class=\"TextRun SCXW38795511 BCX9\"><span class=\"NormalTextRun SCXW38795511 BCX9\"><\/span><\/span><\/p>\n<p style=\"text-align: center;\"><span data-contrast=\"auto\"><\/span><\/p>\n<h6 style=\"text-align: center;\"><span style=\"color: #8e8e8e;\"><span data-contrast=\"none\" xml:lang=\"ES-ES\" lang=\"ES-ES\" class=\"TextRun Underlined SCXW183494506 BCX9\" style=\"color: #8e8e8e;\"><span class=\"NormalTextRun SCXW183494506 BCX9\" data-ccp-charstyle=\"Hyperlink\"><a class=\"Hyperlink SCXW183494506 BCX9\" href=\"mailto:eulalia@uvic.cat\" target=\"_blank\" rel=\"noreferrer noopener\">pabloalvarez@us.es\u00a0<\/a><\/span><\/span><\/span><\/h6>\n<p>[\/et_pb_text][\/et_pb_column][\/et_pb_row][et_pb_row column_structure=\u00bb1_4,3_4&#8243; _builder_version=\u00bb4.17.4&#8243; _module_preset=\u00bbdefault\u00bb width=\u00bb100%\u00bb max_width=\u00bb2560px\u00bb global_colors_info=\u00bb{}\u00bb][et_pb_column type=\u00bb1_4&#8243; _builder_version=\u00bb4.17.4&#8243; _module_preset=\u00bbdefault\u00bb global_colors_info=\u00bb{}\u00bb][et_pb_image src=\u00bbhttps:\/\/grupo.us.es\/mujeryeducacion\/wp-content\/uploads\/2023\/06\/91.png\u00bb title_text=\u00bb91&#8243; align_tablet=\u00bbcenter\u00bb align_phone=\u00bbcenter\u00bb align_last_edited=\u00bbon|tablet\u00bb _builder_version=\u00bb4.17.4&#8243; _module_preset=\u00bbdefault\u00bb width=\u00bb100%\u00bb max_width=\u00bb100%\u00bb max_width_tablet=\u00bb100%\u00bb max_width_phone=\u00bb89%\u00bb max_width_last_edited=\u00bbon|phone\u00bb custom_margin=\u00bb||28px|20px|false|false\u00bb global_colors_info=\u00bb{}\u00bb][\/et_pb_image][et_pb_text content_tablet=\u00bb<\/p>\n<p style=%22text-align: center;%22><strong>Pandereta. Museo Pedag\u00f3gico de la Facultad de Ciencias de la Educaci\u00f3n de la Universidad de Sevilla<\/strong><\/p>\n<p>\u00bb content_phone=\u00bb<\/p>\n<p style=%22text-align: center;%22><strong>Pandereta. Museo Pedag\u00f3gico de la Facultad de Ciencias de la Educaci\u00f3n de la Universidad de Sevilla<\/strong><\/p>\n<p>\u00bb content_last_edited=\u00bboff|desktop\u00bb _builder_version=\u00bb4.17.4&#8243; _module_preset=\u00bbdefault\u00bb custom_margin=\u00bb|||20px|false|false\u00bb global_colors_info=\u00bb{}\u00bb]<\/p>\n<p><strong>Estatua de la Virgen del Sagrado Coraz\u00f3n de Mar\u00eda.<\/strong><br \/><strong>Museo Pedag\u00f3gico de la Facultad de Ciencias de la Educaci\u00f3n de la Universidad de Sevilla<\/strong><\/p>\n<p>[\/et_pb_text][\/et_pb_column][et_pb_column type=\u00bb3_4&#8243; _builder_version=\u00bb4.17.4&#8243; _module_preset=\u00bbdefault\u00bb global_colors_info=\u00bb{}\u00bb][et_pb_text _builder_version=\u00bb4.17.4&#8243; _module_preset=\u00bbdefault\u00bb text_text_color=\u00bb#000000&#8243; text_font_size=\u00bb18px\u00bb text_line_height=\u00bb1.8em\u00bb max_width_tablet=\u00bb95%\u00bb max_width_phone=\u00bb90%\u00bb max_width_last_edited=\u00bbon|tablet\u00bb custom_margin_tablet=\u00bb|||20px|false|false\u00bb custom_margin_phone=\u00bb|||20px|false|false\u00bb custom_margin_last_edited=\u00bbon|tablet\u00bb text_font_size_tablet=\u00bb16px\u00bb text_font_size_phone=\u00bb16px\u00bb text_font_size_last_edited=\u00bbon|tablet\u00bb global_colors_info=\u00bb{}\u00bb]<\/p>\n<p><strong>El Sagrado Coraz\u00f3n es una advocaci\u00f3n mariana que la Iglesia Cat\u00f3lica celebra el 31 de mayo, en la que la Virgen Mar\u00eda nos muestra el Coraz\u00f3n de su Hijo. A esta devoci\u00f3n permanece ligada la figura del obispo San Antonio Mar\u00eda de Claret (1807-1870) y la fundaci\u00f3n de los misioneros Hijos del Coraz\u00f3n de Mar\u00eda. Se trata de un t\u00edtulo otorgado a la madre de Jes\u00fas por el Padre Julio Chevalier en 1857, en Francia (Folgado Garc\u00eda, 2020). Mediante este t\u00edtulo se reconoce el inefable poder que Jes\u00fas, el Salvador, le concedi\u00f3 a su Madre sobre su Coraz\u00f3n adorable. Atendiendo a la iconograf\u00eda del arte cristiano el Coraz\u00f3n de Mar\u00eda se representa atravesado por una espada y rodeado por una corona de flores. \u201cY una espada traspasar\u00e1 tambi\u00e9n tu misma alma\u201d (Lucas, 2,35). Sobre el coraz\u00f3n arde una llama resplandeciente que aspira a iluminar a los perdidos, desfallecidos, necesitados y desalentados en medio del camino de la vida.<\/strong><strong><\/strong><\/p>\n<p><strong>Al margen de nuestro sentir m\u00e1s o menos religioso, innumerables im\u00e1genes de la Virgen Mar\u00eda, a trav\u00e9s de estatuas, pinturas, l\u00e1minas, estampas, grabados, carteles, fotograf\u00edas, medallas, etc., nos han acompa\u00f1ado hist\u00f3ricamente a ni\u00f1os y ni\u00f1as a lo largo y ancho de nuestras trayectorias escolares y vitales. Mar\u00eda, se nos ha presentado como modelo de mujer santa y valiente por haber aceptado ser la madre del Salvador. A ella se le ha remitido, especialmente a ni\u00f1as y mujeres, tanto en sus hogares, como en las escuelas, para presentarles un ejemplo de bondad y humildad profunda, de fe viva, de oraci\u00f3n ferviente, de obediencia ciega, de virginal pureza, de caridad desinteresada, de paciencia memorable, de sabidur\u00eda divina y de dulzura angelical. Virtudes todas a las que las ni\u00f1as del nacionalcatolicismo en Espa\u00f1a ten\u00edan que aspirar. Si la Segunda Rep\u00fablica promovi\u00f3 un modelo de mujer moderna, el franquismo propugn\u00f3 justamente lo contrario: el retorno de la \u201creina del hogar\u201d, del ama de casa hacendosa, de la \u201cperfecta casada\u201d y de la mujer puritana. Los principales derechos y libertades de la mujer quedaban en agua de borrajas, mientras se trataba de poner en valor la fragilidad de su car\u00e1cter, su asexualidad y sus funciones reproductoras, su emotividad y f\u00e1cil sumisi\u00f3n, as\u00ed como un necesario sometimiento ante padres, maridos e incluso hermanos. Las estrechas relaciones entre el r\u00e9gimen y la iglesia cat\u00f3lica resultaron fundamentales para mantener un orden y una manera de estar que tendr\u00eda como premio la vida eterna, el cielo. <\/strong><\/p>\n<p>[\/et_pb_text][\/et_pb_column][\/et_pb_row][et_pb_row column_structure=\u00bb2_3,1_3&#8243; _builder_version=\u00bb4.17.4&#8243; _module_preset=\u00bbdefault\u00bb width=\u00bb100%\u00bb max_width=\u00bb2560px\u00bb custom_padding=\u00bb41px|||||\u00bb global_colors_info=\u00bb{}\u00bb][et_pb_column type=\u00bb2_3&#8243; _builder_version=\u00bb4.17.4&#8243; _module_preset=\u00bbdefault\u00bb global_colors_info=\u00bb{}\u00bb][et_pb_text _builder_version=\u00bb4.17.4&#8243; _module_preset=\u00bbdefault\u00bb text_text_color=\u00bb#000000&#8243; text_font_size=\u00bb18px\u00bb text_line_height=\u00bb1.8em\u00bb max_width_tablet=\u00bb95%\u00bb max_width_phone=\u00bb90%\u00bb max_width_last_edited=\u00bbon|tablet\u00bb custom_margin=\u00bb|||20px|false|false\u00bb text_font_size_tablet=\u00bb16px\u00bb text_font_size_phone=\u00bb16px\u00bb text_font_size_last_edited=\u00bbon|tablet\u00bb global_colors_info=\u00bb{}\u00bb]<\/p>\n<p><strong>Mi abuela materna, que era una mujer de Iglesia, ferviente cristiana y con dos hermanas monjas adscritas a la Congregaci\u00f3n de las Hijas de Cristo Rey, encontraba en la Virgen Mar\u00eda un referente de vida que le inspiraba para cumplir con sus deberes ligados a ser, primeramente, una buena hija, despu\u00e9s una esposa obediente, y finalmente una madre abnegada, servicial y sacrificada. Esta estatua de Nuestra Se\u00f1ora del Sagrado Coraz\u00f3n de principios del siglo XX, y heredada de su t\u00eda, ocupaba un lugar privilegiado en medio de su casa, y a ella nos remit\u00eda a todas sus nietas y nietos, para que le rez\u00e1ramos y pidi\u00e9ramos como buena intercesora y mediadora ante Jesucristo, el Hijo de Dios. En una especie de altar improvisado encima de un vistoso piano colocado en la nave central de su domicilio en un pueblo del Condado de Huelva, la estatua reposaba sobre un pa\u00f1o beige de croch\u00e9 y un pedestal dorado, acompa\u00f1ada de una palmatoria con una vela y una jarrita de cristal que luc\u00eda siempre flores frescas (jazmines y rosas, b\u00e1sicamente), las cuales se cortaban casi a diario de un amplio y colorido patio t\u00edpico andaluz plagado de arriates y macetas pintadas de color verde. \u201cVenid y vamos todos con flores a porf\u00eda. Con flores a Mar\u00eda, que madre nuestra es\u201d. Privilegiada fue esta estatua, no solo por el lugar que ocup\u00f3 siempre, sino por la cantidad de oraciones y cantos recibidos, especialmente por las mujeres que habitaban una casa tan cristiana y tan cat\u00f3lica como la de mi abuela Mercedes, que en honor a su nombre y por su particular forma de ser, fue un regalo para todos los suyos. \u201cAve Mar\u00eda; Bendita sea tu pureza; Dios te salve, reina y madre; Bajo tu amparo nos acogemos, Santa Madre de Dios; Pr\u00e9stame, Madre, tus ojos, para con ellos mirar, porque si por ellos miro, nunca volver\u00e9 a pecar; Madre m\u00eda: desde que amanece el d\u00eda, bend\u00edceme; Proclama mi alma la grandeza del Se\u00f1or, se alegra mi esp\u00edritu en Dios mi Salvador; Salve Regina, Mater misericordiae\u201d (Moriconi, 2002). Y junto a tan marianas oraciones, cientos de Rosarios a modo de plegarias, se hac\u00edan presentes de manera cotidiana en un hogar que parec\u00eda ser microtemplo de Dios. La tradici\u00f3n del rezo del Santo Rosario data precisamente del siglo XIII, y se le atribuye a santo Domingo de Guzm\u00e1n, de quien se cuenta que se le apareci\u00f3 la Virgen Mar\u00eda para ense\u00f1arle esta devoci\u00f3n.<\/strong><\/p>\n<p>[\/et_pb_text][\/et_pb_column][et_pb_column type=\u00bb1_3&#8243; _builder_version=\u00bb4.17.4&#8243; _module_preset=\u00bbdefault\u00bb global_colors_info=\u00bb{}\u00bb][et_pb_image src=\u00bbhttps:\/\/grupo.us.es\/mujeryeducacion\/wp-content\/uploads\/2023\/06\/91.png\u00bb title_text=\u00bb91&#8243; align_tablet=\u00bbcenter\u00bb align_phone=\u00bbcenter\u00bb align_last_edited=\u00bbon|tablet\u00bb _builder_version=\u00bb4.17.4&#8243; _module_preset=\u00bbdefault\u00bb global_colors_info=\u00bb{}\u00bb][\/et_pb_image][\/et_pb_column][\/et_pb_row][et_pb_row _builder_version=\u00bb4.17.4&#8243; _module_preset=\u00bbdefault\u00bb width=\u00bb90%\u00bb max_width=\u00bb2560px\u00bb custom_margin=\u00bb|||20px|false|false\u00bb global_colors_info=\u00bb{}\u00bb][et_pb_column type=\u00bb4_4&#8243; _builder_version=\u00bb4.17.4&#8243; _module_preset=\u00bbdefault\u00bb global_colors_info=\u00bb{}\u00bb][et_pb_text _builder_version=\u00bb4.17.4&#8243; _module_preset=\u00bbdefault\u00bb text_text_color=\u00bb#000000&#8243; text_font_size=\u00bb18px\u00bb text_line_height=\u00bb1.8em\u00bb max_width_tablet=\u00bb100%\u00bb max_width_phone=\u00bb100%\u00bb max_width_last_edited=\u00bbon|tablet\u00bb text_font_size_tablet=\u00bb16px\u00bb text_font_size_phone=\u00bb16px\u00bb text_font_size_last_edited=\u00bbon|tablet\u00bb global_colors_info=\u00bb{}\u00bb]<\/p>\n<p><strong>Mar\u00eda, aparece en esta estatua con el dibujo de un coraz\u00f3n en el pecho, laureada y vestida con ropajes celestes, rosas y blancos. El celeste representa el color del cielo, y nos muestra a la Virgen como Reina del Universo. El blanco es signo de luz, de la eternidad y de su car\u00e1cter virginal. Y el rosa nos remite a una idea de perfecci\u00f3n, que se asocia con el amor altruista y verdadero, record\u00e1ndonos su encanto, belleza, dulzura, delicadeza, refinamiento, calma y ternura.<\/strong><\/p>\n<p><strong>Esta estatua, ubicada hoy en la parte superior de la vitrina de Educaci\u00f3n Religiosa del Museo Pedag\u00f3gico de la Facultad de Ciencias de la Educaci\u00f3n de la Universidad de Sevilla, adem\u00e1s de captar la atenci\u00f3n de visitantes, sigue recibiendo alguna que otra oraci\u00f3n, especialmente de mujeres mayores, que llegan a \u00e9l como lo hubiera hecho mi abuela; con el recuerdo de una etapa escolar y vital en el que el modelo de la Virgen Mar\u00eda fue est\u00edmulo y ejemplo para llegar a ser una buena hija, hermana, madre y esposa. <\/strong><\/p>\n<p>[\/et_pb_text][et_pb_text _builder_version=\u00bb4.17.4&#8243; _module_preset=\u00bbdefault\u00bb text_text_color=\u00bb#000000&#8243; text_font_size=\u00bb18px\u00bb text_line_height=\u00bb1.8em\u00bb max_width_tablet=\u00bb100%\u00bb max_width_phone=\u00bb100%\u00bb max_width_last_edited=\u00bbon|tablet\u00bb text_font_size_tablet=\u00bb16px\u00bb text_font_size_phone=\u00bb16px\u00bb text_font_size_last_edited=\u00bbon|tablet\u00bb global_colors_info=\u00bb{}\u00bb]<\/p>\n<p><strong>Referencias bibliogr\u00e1ficas<\/strong><\/p>\n<p>Folgado Garc\u00eda, Jes\u00fas R. (2020): La iconograf\u00eda de los Corazones de Jes\u00fas y Mar\u00eda. <em>Estudios Marianos<\/em>, 86, 1-25.<\/p>\n<p><span>Moriconi, Bruno (2002): <em>La oraci\u00f3n de Mar\u00eda.<\/em> Burgos: Monte Carmelo.<\/span><\/p>\n<p>[\/et_pb_text][\/et_pb_column][\/et_pb_row][\/et_pb_section]<\/p>\n","protected":false},"excerpt":{"rendered":"<p>ESTATUA DE LA VIRGEN MAR\u00cdA\u00a0 \u00a0 \u00a0 \u00a0 \u00a0 \u00a0 \u00a0 \u00a0VENID Y VAMOS\u2026 CON FLORES A MAR\u00cdA Pablo \u00c1lvarez Dom\u00ednguez Universidad de SevillaMuseo Pedag\u00f3gico de la Facultad de Ciencias de la Educaci\u00f3n pabloalvarez@us.es\u00a0Estatua de la Virgen del Sagrado Coraz\u00f3n de Mar\u00eda.Museo Pedag\u00f3gico de la Facultad de Ciencias de la Educaci\u00f3n de la Universidad de [&hellip;]<\/p>\n","protected":false},"author":1,"featured_media":0,"parent":0,"menu_order":0,"comment_status":"closed","ping_status":"closed","template":"","meta":{"_et_pb_use_builder":"on","_et_pb_old_content":"","_et_gb_content_width":"","footnotes":""},"class_list":["post-4889","page","type-page","status-publish","hentry"],"_links":{"self":[{"href":"https:\/\/grupo.us.es\/mujeryeducacion\/wp-json\/wp\/v2\/pages\/4889","targetHints":{"allow":["GET"]}}],"collection":[{"href":"https:\/\/grupo.us.es\/mujeryeducacion\/wp-json\/wp\/v2\/pages"}],"about":[{"href":"https:\/\/grupo.us.es\/mujeryeducacion\/wp-json\/wp\/v2\/types\/page"}],"author":[{"embeddable":true,"href":"https:\/\/grupo.us.es\/mujeryeducacion\/wp-json\/wp\/v2\/users\/1"}],"replies":[{"embeddable":true,"href":"https:\/\/grupo.us.es\/mujeryeducacion\/wp-json\/wp\/v2\/comments?post=4889"}],"version-history":[{"count":4,"href":"https:\/\/grupo.us.es\/mujeryeducacion\/wp-json\/wp\/v2\/pages\/4889\/revisions"}],"predecessor-version":[{"id":5191,"href":"https:\/\/grupo.us.es\/mujeryeducacion\/wp-json\/wp\/v2\/pages\/4889\/revisions\/5191"}],"wp:attachment":[{"href":"https:\/\/grupo.us.es\/mujeryeducacion\/wp-json\/wp\/v2\/media?parent=4889"}],"curies":[{"name":"wp","href":"https:\/\/api.w.org\/{rel}","templated":true}]}}