{"id":4778,"date":"2023-07-27T16:34:50","date_gmt":"2023-07-27T16:34:50","guid":{"rendered":"https:\/\/grupo.us.es\/mujeryeducacion\/?page_id=4778"},"modified":"2023-09-07T10:32:40","modified_gmt":"2023-09-07T10:32:40","slug":"075-cinematografo","status":"publish","type":"page","link":"https:\/\/grupo.us.es\/mujeryeducacion\/075-cinematografo\/","title":{"rendered":"075. Cinemat\u00f3grafo"},"content":{"rendered":"<p>[et_pb_section fb_built=\u00bb1&#8243; _builder_version=\u00bb4.17.4&#8243; _module_preset=\u00bbdefault\u00bb background_color=\u00bb#F6EFE7&#8243; custom_padding=\u00bb2px|||||\u00bb custom_css_main_element=\u00bbdisplay=flex;\u00bb global_colors_info=\u00bb{}\u00bb][et_pb_row _builder_version=\u00bb4.17.4&#8243; _module_preset=\u00bbdefault\u00bb width=\u00bb100%\u00bb max_width=\u00bb2560px\u00bb custom_padding=\u00bb0px|||||\u00bb global_colors_info=\u00bb{}\u00bb][et_pb_column type=\u00bb4_4&#8243; _builder_version=\u00bb4.17.4&#8243; _module_preset=\u00bbdefault\u00bb global_colors_info=\u00bb{}\u00bb][et_pb_slider _builder_version=\u00bb4.17.4&#8243; _module_preset=\u00bbdefault\u00bb global_colors_info=\u00bb{}\u00bb][et_pb_slide image=\u00bbhttps:\/\/grupo.us.es\/mujeryeducacion\/wp-content\/uploads\/2023\/05\/WhatsApp-Image-2023-05-09-at-13.04.59-4-e1685631016789.jpeg\u00bb _builder_version=\u00bb4.17.4&#8243; _module_preset=\u00bbdefault\u00bb background_color=\u00bbRGBA(255,255,255,0)\u00bb background_enable_color=\u00bbon\u00bb background_image=\u00bbhttps:\/\/grupo.us.es\/mujeryeducacion\/wp-content\/uploads\/2023\/05\/WhatsApp-Image-2023-05-09-at-13.04.59-4-e1685631016789.jpeg\u00bb background_enable_image=\u00bbon\u00bb global_colors_info=\u00bb{}\u00bb sticky_transition=\u00bbon\u00bb][\/et_pb_slide][\/et_pb_slider][\/et_pb_column][\/et_pb_row][et_pb_row column_structure=\u00bb2_5,3_5&#8243; make_equal=\u00bbon\u00bb _builder_version=\u00bb4.17.4&#8243; _module_preset=\u00bbdefault\u00bb width=\u00bb100%\u00bb max_width=\u00bb2560px\u00bb global_colors_info=\u00bb{}\u00bb][et_pb_column type=\u00bb2_5&#8243; _builder_version=\u00bb4.17.4&#8243; _module_preset=\u00bbdefault\u00bb global_colors_info=\u00bb{}\u00bb][et_pb_image src=\u00bbhttps:\/\/grupo.us.es\/mujeryeducacion\/wp-content\/uploads\/2023\/07\/0-Logo-Museo-Pedagogico-transparente-e1689854632950.png\u00bb title_text=\u00bb0-Logo-Museo-Pedagogico-transparente-recortado\u00bb align_tablet=\u00bb\u00bb align_phone=\u00bbcenter\u00bb align_last_edited=\u00bbon|phone\u00bb _builder_version=\u00bb4.17.4&#8243; _module_preset=\u00bbdefault\u00bb width=\u00bb50%\u00bb hover_enabled=\u00bb0&#8243; global_colors_info=\u00bb{}\u00bb width_last_edited=\u00bbon|tablet\u00bb sticky_enabled=\u00bb0&#8243; width_tablet=\u00bb70%\u00bb module_alignment_last_edited=\u00bbon|tablet\u00bb module_alignment_tablet=\u00bbcenter\u00bb width_phone=\u00bb70%\u00bb module_alignment_phone=\u00bbcenter\u00bb][\/et_pb_image][\/et_pb_column][et_pb_column type=\u00bb3_5&#8243; _builder_version=\u00bb4.17.4&#8243; _module_preset=\u00bbdefault\u00bb global_colors_info=\u00bb{}\u00bb][et_pb_text content_tablet=\u00bb<\/p>\n<p><strong><\/strong><\/p>\n<p style=%22text-align: center;%22><strong>CINEMAT\u00d3GRAFO<\/strong><\/p>\n<p>\u00bb content_phone=\u00bb<\/p>\n<p><strong><\/strong><\/p>\n<p style=%22text-align: center;%22><strong>CINEMAT\u00d3GRAFO<\/strong><\/p>\n<p>\u00bb content_last_edited=\u00bbon|phone\u00bb _builder_version=\u00bb4.17.4&#8243; _module_preset=\u00bbdefault\u00bb text_text_color=\u00bb#000000&#8243; text_font_size=\u00bb58px\u00bb transform_scale_tablet=\u00bb\u00bb transform_scale_phone=\u00bb\u00bb transform_scale_last_edited=\u00bbon|tablet\u00bb transform_translate_tablet=\u00bb72px|-7px\u00bb transform_translate_phone=\u00bb64px|-7px\u00bb transform_translate_last_edited=\u00bbon|tablet\u00bb transform_rotate_tablet=\u00bb\u00bb transform_rotate_phone=\u00bb\u00bb transform_rotate_last_edited=\u00bbon|tablet\u00bb transform_skew_tablet=\u00bb\u00bb transform_skew_phone=\u00bb\u00bb transform_skew_last_edited=\u00bbon|tablet\u00bb transform_origin_tablet=\u00bb\u00bb transform_origin_phone=\u00bb\u00bb transform_origin_last_edited=\u00bbon|tablet\u00bb transform_styles_last_edited=\u00bbon|tablet\u00bb custom_margin=\u00bb|||-127px||\u00bb hover_enabled=\u00bb0&#8243; text_font_size_tablet=\u00bb58px\u00bb text_font_size_phone=\u00bb42px\u00bb text_font_size_last_edited=\u00bbon|phone\u00bb transform_styles_tablet=\u00bb\u00bb transform_styles_phone=\u00bb\u00bb module_alignment_tablet=\u00bbcenter\u00bb module_alignment_phone=\u00bbcenter\u00bb module_alignment_last_edited=\u00bbon|tablet\u00bb global_colors_info=\u00bb{}\u00bb sticky_enabled=\u00bb0&#8243;]<\/p>\n<p><strong><\/strong><\/p>\n<p><strong>CINEMAT\u00d3GRAFO<\/strong><\/p>\n<p>[\/et_pb_text][et_pb_text content_tablet=\u00bb<\/p>\n<p style=%22text-align: center;%22><strong><\/strong><\/p>\n<p style=%22text-align: center;%22><strong>ESA M\u00c1QUINA PARA VER A ESTRELLAS COMO <\/strong><\/p>\n<p style=%22text-align: center;%22><strong>BETTE DAVIS<\/strong><\/p>\n<p>\u00bb content_phone=\u00bb<\/p>\n<p style=%22text-align: center;%22><strong><\/strong><\/p>\n<p style=%22text-align: center;%22><strong>ESA M\u00c1QUINA PARA VER A <\/strong><\/p>\n<p style=%22text-align: center;%22><strong>ESTRELLAS <\/strong><\/p>\n<p style=%22text-align: center;%22><strong>COMO BETTE DAVIS<\/strong><\/p>\n<p>\u00bb content_last_edited=\u00bbon|phone\u00bb _builder_version=\u00bb4.17.4&#8243; _module_preset=\u00bbdefault\u00bb text_text_color=\u00bb#8E8E8E\u00bb text_font_size=\u00bb32px\u00bb text_line_height=\u00bb1.8em\u00bb transform_scale_tablet=\u00bb\u00bb transform_scale_phone=\u00bb\u00bb transform_scale_last_edited=\u00bbon|tablet\u00bb transform_translate_tablet=\u00bb151px|-10px\u00bb transform_translate_phone=\u00bb151px|-10px\u00bb transform_translate_last_edited=\u00bbon|tablet\u00bb transform_rotate_tablet=\u00bb\u00bb transform_rotate_phone=\u00bb\u00bb transform_rotate_last_edited=\u00bbon|tablet\u00bb transform_skew_tablet=\u00bb\u00bb transform_skew_phone=\u00bb\u00bb transform_skew_last_edited=\u00bbon|tablet\u00bb transform_origin_tablet=\u00bb\u00bb transform_origin_phone=\u00bb\u00bb transform_origin_last_edited=\u00bbon|tablet\u00bb transform_styles_last_edited=\u00bbon|tablet\u00bb custom_margin=\u00bb|||-295px||\u00bb text_font_size_tablet=\u00bb32px\u00bb text_font_size_phone=\u00bb24px\u00bb text_font_size_last_edited=\u00bbon|desktop\u00bb transform_styles_tablet=\u00bb\u00bb transform_styles_phone=\u00bb\u00bb global_colors_info=\u00bb{}\u00bb]<\/p>\n<p><strong>\u00a0 \u00a0 \u00a0 \u00a0 \u00a0 \u00a0 \u00a0 \u00a0ESA M\u00c1QUINA PARA VER A ESTRELLAS <\/strong><\/p>\n<p><strong>\u00a0 \u00a0 \u00a0 \u00a0 \u00a0 \u00a0 \u00a0 \u00a0 \u00a0 \u00a0 \u00a0 \u00a0 \u00a0 \u00a0 \u00a0 COMO BETTE DAVIS <\/strong><\/p>\n<p>[\/et_pb_text][\/et_pb_column][\/et_pb_row][et_pb_row _builder_version=\u00bb4.17.4&#8243; _module_preset=\u00bbdefault\u00bb global_colors_info=\u00bb{}\u00bb][et_pb_column type=\u00bb4_4&#8243; _builder_version=\u00bb4.17.4&#8243; _module_preset=\u00bbdefault\u00bb global_colors_info=\u00bb{}\u00bb][et_pb_text _builder_version=\u00bb4.17.4&#8243; _module_preset=\u00bbdefault\u00bb global_colors_info=\u00bb{}\u00bb]<\/p>\n<h1 style=\"text-align: center;\">Valeriano Dur\u00e1n Manso<\/h1>\n<p><span class=\"EOP SCXW150617363 BCX9\" data-ccp-props=\"{&quot;201341983&quot;:0,&quot;335551550&quot;:3,&quot;335551620&quot;:3,&quot;335559739&quot;:0,&quot;335559740&quot;:240}\"><span class=\"EOP SCXW184100114 BCX9\" data-ccp-props=\"{&quot;201341983&quot;:0,&quot;335551550&quot;:3,&quot;335551620&quot;:3,&quot;335559739&quot;:0,&quot;335559740&quot;:240}\"><span data-contrast=\"auto\" xml:lang=\"ES-ES\" lang=\"ES-ES\" class=\"TextRun SCXW37953205 BCX9\"><span class=\"NormalTextRun SCXW37953205 BCX9\"><span data-contrast=\"auto\" xml:lang=\"ES-ES\" lang=\"ES-ES\" class=\"TextRun SCXW144867011 BCX9\"><span class=\"NormalTextRun SCXW144867011 BCX9\"><span class=\"EOP SCXW91137730 BCX9\" data-ccp-props=\"{&quot;335551550&quot;:3,&quot;335551620&quot;:3}\"><\/span><\/span><\/span><\/span><\/span><\/span><\/span><\/p>\n<h4 style=\"text-align: center;\">Universidad de Sevilla<\/h4>\n<p><span data-contrast=\"auto\" xml:lang=\"ES-ES\" lang=\"ES-ES\" class=\"TextRun SCXW38795511 BCX9\"><span class=\"NormalTextRun SCXW38795511 BCX9\"><\/span><\/span><\/p>\n<p style=\"text-align: center;\"><span data-contrast=\"auto\"><\/span><\/p>\n<h6 style=\"text-align: center;\"><span style=\"color: #8e8e8e;\"><span data-contrast=\"none\" xml:lang=\"ES-ES\" lang=\"ES-ES\" class=\"TextRun Underlined SCXW183494506 BCX9\" style=\"color: #8e8e8e;\"><span class=\"NormalTextRun SCXW183494506 BCX9\" data-ccp-charstyle=\"Hyperlink\"><a class=\"Hyperlink SCXW183494506 BCX9\" href=\"mailto:eulalia@uvic.cat\" target=\"_blank\" rel=\"noreferrer noopener\">valerioduran@us.es<\/a><\/span><\/span><\/span><\/h6>\n<p>[\/et_pb_text][\/et_pb_column][\/et_pb_row][et_pb_row column_structure=\u00bb1_4,3_4&#8243; _builder_version=\u00bb4.17.4&#8243; _module_preset=\u00bbdefault\u00bb width=\u00bb100%\u00bb max_width=\u00bb2560px\u00bb global_colors_info=\u00bb{}\u00bb][et_pb_column type=\u00bb1_4&#8243; _builder_version=\u00bb4.17.4&#8243; _module_preset=\u00bbdefault\u00bb global_colors_info=\u00bb{}\u00bb][et_pb_image src=\u00bbhttps:\/\/grupo.us.es\/mujeryeducacion\/wp-content\/uploads\/2023\/05\/WhatsApp-Image-2023-05-09-at-13.04.59-4-e1685631016789.jpeg\u00bb title_text=\u00bbcinema\u00bb align_tablet=\u00bbcenter\u00bb align_phone=\u00bbcenter\u00bb align_last_edited=\u00bbon|tablet\u00bb _builder_version=\u00bb4.17.4&#8243; _module_preset=\u00bbdefault\u00bb width=\u00bb100%\u00bb max_width=\u00bb100%\u00bb max_width_tablet=\u00bb100%\u00bb max_width_phone=\u00bb89%\u00bb max_width_last_edited=\u00bbon|phone\u00bb custom_margin=\u00bb||28px|20px|false|false\u00bb global_colors_info=\u00bb{}\u00bb][\/et_pb_image][et_pb_text content_tablet=\u00bb<\/p>\n<p style=%22text-align: center;%22><strong>Pandereta. Museo Pedag\u00f3gico de la Facultad de Ciencias de la Educaci\u00f3n de la Universidad de Sevilla<\/strong><\/p>\n<p>\u00bb content_phone=\u00bb<\/p>\n<p style=%22text-align: center;%22><strong>Pandereta. Museo Pedag\u00f3gico de la Facultad de Ciencias de la Educaci\u00f3n de la Universidad de Sevilla<\/strong><\/p>\n<p>\u00bb content_last_edited=\u00bboff|desktop\u00bb _builder_version=\u00bb4.17.4&#8243; _module_preset=\u00bbdefault\u00bb custom_margin=\u00bb|||20px|false|false\u00bb global_colors_info=\u00bb{}\u00bb]<\/p>\n<p><strong>Cinemat\u00f3grafo.<\/strong><br \/><strong>Museo Andaluz de la Educaci\u00f3n<\/strong><\/p>\n<p>[\/et_pb_text][\/et_pb_column][et_pb_column type=\u00bb3_4&#8243; _builder_version=\u00bb4.17.4&#8243; _module_preset=\u00bbdefault\u00bb global_colors_info=\u00bb{}\u00bb][et_pb_text _builder_version=\u00bb4.17.4&#8243; _module_preset=\u00bbdefault\u00bb text_text_color=\u00bb#000000&#8243; text_font_size=\u00bb18px\u00bb text_line_height=\u00bb1.8em\u00bb max_width_tablet=\u00bb95%\u00bb max_width_phone=\u00bb90%\u00bb max_width_last_edited=\u00bbon|tablet\u00bb custom_margin_tablet=\u00bb|||20px|false|false\u00bb custom_margin_phone=\u00bb|||20px|false|false\u00bb custom_margin_last_edited=\u00bbon|tablet\u00bb text_font_size_tablet=\u00bb16px\u00bb text_font_size_phone=\u00bb16px\u00bb text_font_size_last_edited=\u00bbon|tablet\u00bb global_colors_info=\u00bb{}\u00bb]<\/p>\n<p><strong>Los proyectores de cine consiguieron plasmar las im\u00e1genes en movimiento. Este objetivo, tan ansiado por los pioneros de la fotograf\u00eda y por otros muchos inventores en la segunda mitad del siglo XIX, finalmente se consigui\u00f3. El 28 de diciembre de 1895, en el Salon Indien del Grand Caf\u00e9 del Boulevard des Capucines, de un Par\u00eds plagado de artistas, pintores y m\u00fasicos, se realiz\u00f3 la primera proyecci\u00f3n p\u00fablica. Tras esta exitosa experiencia, el nuevo invento qued\u00f3 atribuido a los hermanos Auguste y Louis Lumi\u00e8re, en detrimento de otros pioneros como Thomas Alva Edison, quien hab\u00eda creado en 1889 el kinetoscopio. La experiencia compartida de ver las im\u00e1genes en movimiento gracias a un proyector, como defend\u00edan los Lumi\u00e8re, se antepuso a la experiencia individual que caracterizaba al aparato de Edison. Este fue el inicio de un invento que dio lugar pocos a\u00f1os despu\u00e9s a una industria de sue\u00f1os y de estrellas.<\/strong><strong><\/strong><\/p>\n<p><strong>A trav\u00e9s de las im\u00e1genes proyectadas, especialmente de pel\u00edculas de ficci\u00f3n, los espectadores vieron el mundo mucho m\u00e1s cerca, descubrieron otras realidades posibles, se emocionaron con los personajes de la literatura universal que fueron trasladados a la pantalla, se comprendieron mejor a s\u00ed mismos gracias a los temas que se planteaban, y disfrutaron, en definitiva, de un espect\u00e1culo asequible de enorme influencia popular. La presencia de las mujeres en la industria del cine fue notable y visible desde el principio, especialmente a trav\u00e9s de las actrices. De la etapa muda, las m\u00e1s queridas y admiradas por las espectadoras, tanto en Estados Unidos como en otros pa\u00edses \u2013debido a la rotunda influencia que la industria de Hollywood ha tenido a nivel global-, fueron Theda Bara, Mary Pickford, Gloria Swanson, Clara Bow o Louise Brooks, entre otras. <\/strong><\/p>\n<p>[\/et_pb_text][\/et_pb_column][\/et_pb_row][et_pb_row column_structure=\u00bb2_3,1_3&#8243; _builder_version=\u00bb4.17.4&#8243; _module_preset=\u00bbdefault\u00bb width=\u00bb100%\u00bb max_width=\u00bb2560px\u00bb custom_padding=\u00bb41px|||||\u00bb global_colors_info=\u00bb{}\u00bb][et_pb_column type=\u00bb2_3&#8243; _builder_version=\u00bb4.17.4&#8243; _module_preset=\u00bbdefault\u00bb global_colors_info=\u00bb{}\u00bb][et_pb_text _builder_version=\u00bb4.17.4&#8243; _module_preset=\u00bbdefault\u00bb text_text_color=\u00bb#000000&#8243; text_font_size=\u00bb18px\u00bb text_line_height=\u00bb1.8em\u00bb max_width_tablet=\u00bb95%\u00bb max_width_phone=\u00bb90%\u00bb max_width_last_edited=\u00bbon|tablet\u00bb custom_margin=\u00bb|||20px|false|false\u00bb text_font_size_tablet=\u00bb16px\u00bb text_font_size_phone=\u00bb16px\u00bb text_font_size_last_edited=\u00bbon|tablet\u00bb global_colors_info=\u00bb{}\u00bb]<\/p>\n<p><strong>. A pesar del \u00e9xito que ten\u00edan, sus carreras quedaron truncadas con la llegada del cine sonoro a finales de los a\u00f1os 20, dando lugar a un nuevo y muy fruct\u00edfero star system. Con la excepci\u00f3n de Greta Garbo, quien hab\u00eda protagonizado pel\u00edculas mudas, se convirti\u00f3 en la principal estrella del celuloide y se retir\u00f3 en 1941 a la temprana edad de 36 a\u00f1os, las carreras de las actrices de su generaci\u00f3n se prolongaron hasta las d\u00e9cadas de los 70, 80 e incluso 90. Marlene Dietrich, Joan Crawford, Barbara Stanwyck, Katharine Hepburn y Bette Davis, dominaron el panorama desde principios de los 30, y gracias a ellas las espectadoras pudieron tomar como referentes a las mujeres independientes que interpretaban en las pel\u00edculas que protagonizaban. Secretarias, empresarias, periodistas, cantantes, abogadas, maestras o actrices, entre otras muchas profesiones, se plasmaron por primera vez en el celuloide a trav\u00e9s de ellas. Sin duda, la capacidad del proyector para mostrar a las mujeres en roles diferentes a los tradicionales era inabarcable.<\/strong><strong><\/strong><\/p>\n<p><strong>Mi abuela Sabina era muy cin\u00e9fila. Naci\u00f3 en 1917, justo el a\u00f1o en el que naci\u00f3 tambi\u00e9n Joan Fontaine, la inolvidable protagonista de la inquietante Rebeca (Rebecca, Alfred Hitchcock, 1940) y la hermana de la tambi\u00e9n actriz Olivia de Havilland, otra de las m\u00e1s emblem\u00e1ticas del Hollywood cl\u00e1sico. Su predilecta era Bette Davis. La elecci\u00f3n era curiosa, pues Davis siempre se caracteriz\u00f3 por encarnar a mujeres sin escr\u00fapulos, o directamente perversas, que no dudaban en anteponer cualquier cosa con tal de obtener aquello que deseaban. En escasos filmes, Davis interpret\u00f3 el prototipo de chica buena \u2013quiz\u00e1 en algunos de sus inicios-, o particip\u00f3 en comedias donde sonre\u00eda con bondad y no porque hubiera conseguido uno de sus turbios objetivos. Sin embargo, lo que s\u00ed se aprecia en casi todos sus personajes es el deseo por no conformarse con lo socialmente establecido, por crecer profesionalmente y por triunfar en un mundo donde los hombres llevaban la batuta. Mi abuela, tan distante como prudente, era una mujer de car\u00e1cter. <\/strong><\/p>\n<p>[\/et_pb_text][\/et_pb_column][et_pb_column type=\u00bb1_3&#8243; _builder_version=\u00bb4.17.4&#8243; _module_preset=\u00bbdefault\u00bb global_colors_info=\u00bb{}\u00bb][et_pb_image src=\u00bbhttps:\/\/grupo.us.es\/mujeryeducacion\/wp-content\/uploads\/2023\/05\/WhatsApp-Image-2023-05-09-at-13.04.59-4-e1685631016789.jpeg\u00bb title_text=\u00bbcinema\u00bb align_tablet=\u00bbcenter\u00bb align_phone=\u00bbcenter\u00bb align_last_edited=\u00bbon|tablet\u00bb _builder_version=\u00bb4.17.4&#8243; _module_preset=\u00bbdefault\u00bb global_colors_info=\u00bb{}\u00bb][\/et_pb_image][\/et_pb_column][\/et_pb_row][et_pb_row _builder_version=\u00bb4.17.4&#8243; _module_preset=\u00bbdefault\u00bb width=\u00bb90%\u00bb max_width=\u00bb2560px\u00bb custom_margin=\u00bb|||20px|false|false\u00bb global_colors_info=\u00bb{}\u00bb][et_pb_column type=\u00bb4_4&#8243; _builder_version=\u00bb4.17.4&#8243; _module_preset=\u00bbdefault\u00bb global_colors_info=\u00bb{}\u00bb][et_pb_text _builder_version=\u00bb4.17.4&#8243; _module_preset=\u00bbdefault\u00bb text_text_color=\u00bb#000000&#8243; text_font_size=\u00bb18px\u00bb text_line_height=\u00bb1.8em\u00bb max_width_tablet=\u00bb100%\u00bb max_width_phone=\u00bb100%\u00bb max_width_last_edited=\u00bbon|tablet\u00bb text_font_size_tablet=\u00bb16px\u00bb text_font_size_phone=\u00bb16px\u00bb text_font_size_last_edited=\u00bbon|tablet\u00bb global_colors_info=\u00bb{}\u00bb]<\/p>\n<p><strong>Le gustaba ser independiente y no parecer la cl\u00e1sica abuela que daba de merendar a diario a sus nietos y los recog\u00eda en el colegio; de hecho, nunca lo hac\u00eda. Quiz\u00e1 por ello admiraba a la protagonista de Jezabel (Jezebel, William Wyler, 1938), La loba (The Little Foxes, Wyler, 1941) o Eva al desnudo (All Bout Eve, Joseph L. Mankiewicz, 1950). Aunque la literatura ya hab\u00eda plasmado a numerosos personajes similares \u2013La loba est\u00e1 basada en la novela hom\u00f3nima de Lillian Hellman-, el proyector de cine permit\u00eda visualizarlas y conocerlas a trav\u00e9s de actrices que pon\u00edan su cuerpo y su alma en ellas.<\/strong><\/p>\n<p><strong>Televisi\u00f3n Espa\u00f1ola (TVE) hizo posible que estos t\u00edtulos fueran emitidos cuando hab\u00edan pasado varias d\u00e9cadas desde su estreno. Esta iniciativa televisiva hizo posible el anhelado reencuentro entre las espectadoras y sus actrices preferidas. Bette Davis cont\u00f3 con varios ciclos desde los 70, de manera que cuando vino a San Sebasti\u00e1n en 1989 para recoger en el Premio Donostia a toda su trayectoria fue recibida con honores de estrella, pues tanto el p\u00fablico m\u00e1s maduro como el m\u00e1s joven, la conoc\u00eda gracias a su frecuente presencia en la peque\u00f1a pantalla. As\u00ed fue como siendo un ni\u00f1o la conoc\u00ed. Su aspecto ya fr\u00e1gil por la grave enfermedad que padec\u00eda \u2013falleci\u00f3 solo dos semanas m\u00e1s tarde-, y su arrolladora personalidad fumando sobre el escenario, a\u00fan permanecen en mi retina.<\/strong><\/p>\n<p><strong>Posteriormente, su presencia en diversas pel\u00edculas emitidas en \u00a1Qu\u00e9 grande es el cine! (La 2, 1995-2005) me permiti\u00f3 aprender m\u00e1s sobre el cine cl\u00e1sico. La sinton\u00eda del programa era el c\u00e9lebre tema \u2018Moon River\u2019, de Desayuno con diamantes (Breakfast at Tiffany\u2019s, Blake Edwards, 1961), y sonaba mientras se proyectaban im\u00e1genes de varios de los seres de ficci\u00f3n femeninos m\u00e1s representativos de la historia del cine, como La reina Cristina de Suecia (Queen Christina, Rouben Mamoulian, 1933), Casablanca (Casablanca, Michael Curtiz, 1942) o Gilda (Gilda, Charles Vidor, 1946). Con Greta Garbo, Ingrid Bergman y Rita Hayworth, respectivamente, se evidenciaba la capacidad del invento de los Lumi\u00e8re para plasmar unos personajes femeninos que contribuyen a la m\u00e1s absoluta diversidad y que causaron admiraci\u00f3n en mi abuela materna. <\/strong><\/p>\n<p>[\/et_pb_text][\/et_pb_column][\/et_pb_row][\/et_pb_section]<\/p>\n","protected":false},"excerpt":{"rendered":"<p>CINEMAT\u00d3GRAFO\u00a0 \u00a0 \u00a0 \u00a0 \u00a0 \u00a0 \u00a0 \u00a0ESA M\u00c1QUINA PARA VER A ESTRELLAS \u00a0 \u00a0 \u00a0 \u00a0 \u00a0 \u00a0 \u00a0 \u00a0 \u00a0 \u00a0 \u00a0 \u00a0 \u00a0 \u00a0 \u00a0 COMO BETTE DAVIS Valeriano Dur\u00e1n Manso Universidad de Sevilla valerioduran@us.esCinemat\u00f3grafo.Museo Andaluz de la Educaci\u00f3nLos proyectores de cine consiguieron plasmar las im\u00e1genes en movimiento. Este objetivo, tan ansiado [&hellip;]<\/p>\n","protected":false},"author":1,"featured_media":0,"parent":0,"menu_order":0,"comment_status":"closed","ping_status":"closed","template":"","meta":{"_et_pb_use_builder":"on","_et_pb_old_content":"","_et_gb_content_width":"","footnotes":""},"class_list":["post-4778","page","type-page","status-publish","hentry"],"_links":{"self":[{"href":"https:\/\/grupo.us.es\/mujeryeducacion\/wp-json\/wp\/v2\/pages\/4778","targetHints":{"allow":["GET"]}}],"collection":[{"href":"https:\/\/grupo.us.es\/mujeryeducacion\/wp-json\/wp\/v2\/pages"}],"about":[{"href":"https:\/\/grupo.us.es\/mujeryeducacion\/wp-json\/wp\/v2\/types\/page"}],"author":[{"embeddable":true,"href":"https:\/\/grupo.us.es\/mujeryeducacion\/wp-json\/wp\/v2\/users\/1"}],"replies":[{"embeddable":true,"href":"https:\/\/grupo.us.es\/mujeryeducacion\/wp-json\/wp\/v2\/comments?post=4778"}],"version-history":[{"count":6,"href":"https:\/\/grupo.us.es\/mujeryeducacion\/wp-json\/wp\/v2\/pages\/4778\/revisions"}],"predecessor-version":[{"id":5162,"href":"https:\/\/grupo.us.es\/mujeryeducacion\/wp-json\/wp\/v2\/pages\/4778\/revisions\/5162"}],"wp:attachment":[{"href":"https:\/\/grupo.us.es\/mujeryeducacion\/wp-json\/wp\/v2\/media?parent=4778"}],"curies":[{"name":"wp","href":"https:\/\/api.w.org\/{rel}","templated":true}]}}