{"id":4641,"date":"2023-07-27T09:22:03","date_gmt":"2023-07-27T09:22:03","guid":{"rendered":"https:\/\/grupo.us.es\/mujeryeducacion\/?page_id=4641"},"modified":"2023-09-07T09:53:42","modified_gmt":"2023-09-07T09:53:42","slug":"052-mimeografo","status":"publish","type":"page","link":"https:\/\/grupo.us.es\/mujeryeducacion\/052-mimeografo\/","title":{"rendered":"052. Mime\u00f3grafo"},"content":{"rendered":"<p>[et_pb_section fb_built=\u00bb1&#8243; _builder_version=\u00bb4.17.4&#8243; _module_preset=\u00bbdefault\u00bb background_color=\u00bb#F6EFE7&#8243; custom_padding=\u00bb2px|||||\u00bb custom_css_main_element=\u00bbdisplay=flex;\u00bb global_colors_info=\u00bb{}\u00bb][et_pb_row _builder_version=\u00bb4.17.4&#8243; _module_preset=\u00bbdefault\u00bb width=\u00bb100%\u00bb max_width=\u00bb2560px\u00bb custom_padding=\u00bb0px|||||\u00bb global_colors_info=\u00bb{}\u00bb][et_pb_column type=\u00bb4_4&#8243; _builder_version=\u00bb4.17.4&#8243; _module_preset=\u00bbdefault\u00bb global_colors_info=\u00bb{}\u00bb][et_pb_slider _builder_version=\u00bb4.17.4&#8243; _module_preset=\u00bbdefault\u00bb global_colors_info=\u00bb{}\u00bb][et_pb_slide image=\u00bbhttps:\/\/grupo.us.es\/mujeryeducacion\/wp-content\/uploads\/2023\/05\/WhatsApp-Image-2023-05-09-at-13.04.54-2-e1690449400384.jpeg\u00bb _builder_version=\u00bb4.17.4&#8243; _module_preset=\u00bbdefault\u00bb background_color=\u00bbRGBA(255,255,255,0)\u00bb background_enable_color=\u00bbon\u00bb background_image=\u00bbhttps:\/\/grupo.us.es\/mujeryeducacion\/wp-content\/uploads\/2023\/05\/WhatsApp-Image-2023-05-09-at-13.04.54-2-e1690449400384.jpeg\u00bb background_enable_image=\u00bbon\u00bb global_colors_info=\u00bb{}\u00bb sticky_transition=\u00bbon\u00bb][\/et_pb_slide][\/et_pb_slider][\/et_pb_column][\/et_pb_row][et_pb_row column_structure=\u00bb2_5,3_5&#8243; make_equal=\u00bbon\u00bb _builder_version=\u00bb4.17.4&#8243; _module_preset=\u00bbdefault\u00bb width=\u00bb100%\u00bb max_width=\u00bb2560px\u00bb global_colors_info=\u00bb{}\u00bb][et_pb_column type=\u00bb2_5&#8243; _builder_version=\u00bb4.17.4&#8243; _module_preset=\u00bbdefault\u00bb global_colors_info=\u00bb{}\u00bb][et_pb_image src=\u00bbhttps:\/\/grupo.us.es\/mujeryeducacion\/wp-content\/uploads\/2023\/07\/0-Logo-Museo-Pedagogico-transparente-e1689854632950.png\u00bb title_text=\u00bb0-Logo-Museo-Pedagogico-transparente-recortado\u00bb align_tablet=\u00bb\u00bb align_phone=\u00bbcenter\u00bb align_last_edited=\u00bbon|phone\u00bb _builder_version=\u00bb4.17.4&#8243; _module_preset=\u00bbdefault\u00bb width=\u00bb50%\u00bb hover_enabled=\u00bb0&#8243; global_colors_info=\u00bb{}\u00bb width_last_edited=\u00bbon|desktop\u00bb sticky_enabled=\u00bb0&#8243; width_tablet=\u00bb70%\u00bb module_alignment_last_edited=\u00bbon|tablet\u00bb module_alignment_tablet=\u00bbcenter\u00bb width_phone=\u00bb70%\u00bb module_alignment_phone=\u00bbcenter\u00bb][\/et_pb_image][\/et_pb_column][et_pb_column type=\u00bb3_5&#8243; _builder_version=\u00bb4.17.4&#8243; _module_preset=\u00bbdefault\u00bb global_colors_info=\u00bb{}\u00bb][et_pb_text content_tablet=\u00bb<\/p>\n<p><strong><\/strong><\/p>\n<p style=%22text-align: center;%22><strong>MIME\u00d3GRAFO. M\u00c1QUINA <\/strong><\/p>\n<p style=%22text-align: center;%22><strong>DE IMPRESI\u00d3N<\/strong><\/p>\n<p>\u00bb content_phone=\u00bb<\/p>\n<p><strong><\/strong><\/p>\n<p style=%22text-align: center;%22><strong>MIME\u00d3GRAFO.<\/strong><\/p>\n<p style=%22text-align: center;%22><strong> M\u00c1QUINA DE <\/strong><\/p>\n<p style=%22text-align: center;%22><strong>IMPRESI\u00d3N<\/strong><\/p>\n<p>\u00bb content_last_edited=\u00bbon|desktop\u00bb _builder_version=\u00bb4.17.4&#8243; _module_preset=\u00bbdefault\u00bb text_text_color=\u00bb#000000&#8243; text_font_size=\u00bb58px\u00bb transform_scale_tablet=\u00bb\u00bb transform_scale_phone=\u00bb\u00bb transform_scale_last_edited=\u00bbon|tablet\u00bb transform_translate_tablet=\u00bb72px|-7px\u00bb transform_translate_phone=\u00bb64px|-7px\u00bb transform_translate_last_edited=\u00bbon|tablet\u00bb transform_rotate_tablet=\u00bb\u00bb transform_rotate_phone=\u00bb\u00bb transform_rotate_last_edited=\u00bbon|tablet\u00bb transform_skew_tablet=\u00bb\u00bb transform_skew_phone=\u00bb\u00bb transform_skew_last_edited=\u00bbon|tablet\u00bb transform_origin_tablet=\u00bb\u00bb transform_origin_phone=\u00bb\u00bb transform_origin_last_edited=\u00bbon|tablet\u00bb transform_styles_last_edited=\u00bbon|tablet\u00bb custom_margin=\u00bb|||-127px||\u00bb hover_enabled=\u00bb0&#8243; text_font_size_tablet=\u00bb58px\u00bb text_font_size_phone=\u00bb42px\u00bb text_font_size_last_edited=\u00bbon|phone\u00bb transform_styles_tablet=\u00bb\u00bb transform_styles_phone=\u00bb\u00bb module_alignment_tablet=\u00bbcenter\u00bb module_alignment_phone=\u00bbcenter\u00bb module_alignment_last_edited=\u00bbon|tablet\u00bb global_colors_info=\u00bb{}\u00bb transform_translate=\u00bb-117px|-17px\u00bb sticky_enabled=\u00bb0&#8243;]<\/p>\n<p><strong><\/strong><\/p>\n<p><strong>MIME\u00d3GRAFO. M\u00c1QUINA <\/strong><\/p>\n<p><strong>\u00a0 \u00a0 \u00a0 \u00a0 \u00a0 DE IMPRESI\u00d3N <\/strong><\/p>\n<p>[\/et_pb_text][\/et_pb_column][\/et_pb_row][et_pb_row _builder_version=\u00bb4.17.4&#8243; _module_preset=\u00bbdefault\u00bb global_colors_info=\u00bb{}\u00bb][et_pb_column type=\u00bb4_4&#8243; _builder_version=\u00bb4.17.4&#8243; _module_preset=\u00bbdefault\u00bb global_colors_info=\u00bb{}\u00bb][et_pb_text _builder_version=\u00bb4.17.4&#8243; _module_preset=\u00bbdefault\u00bb global_colors_info=\u00bb{}\u00bb]<\/p>\n<h1 style=\"text-align: center;\">Eduardo Ortiz Garc\u00eda<\/h1>\n<p><span class=\"EOP SCXW150617363 BCX9\" data-ccp-props=\"{&quot;201341983&quot;:0,&quot;335551550&quot;:3,&quot;335551620&quot;:3,&quot;335559739&quot;:0,&quot;335559740&quot;:240}\"><span class=\"EOP SCXW184100114 BCX9\" data-ccp-props=\"{&quot;201341983&quot;:0,&quot;335551550&quot;:3,&quot;335551620&quot;:3,&quot;335559739&quot;:0,&quot;335559740&quot;:240}\"><span data-contrast=\"auto\" xml:lang=\"ES-ES\" lang=\"ES-ES\" class=\"TextRun SCXW37953205 BCX9\"><span class=\"NormalTextRun SCXW37953205 BCX9\"><span data-contrast=\"auto\" xml:lang=\"ES-ES\" lang=\"ES-ES\" class=\"TextRun SCXW144867011 BCX9\"><span class=\"NormalTextRun SCXW144867011 BCX9\"><span class=\"EOP SCXW91137730 BCX9\" data-ccp-props=\"{&quot;335551550&quot;:3,&quot;335551620&quot;:3}\"><\/span><\/span><\/span><\/span><\/span><\/span><\/span><\/p>\n<h4 style=\"text-align: center;\">Centro de Recursos, Interpretaci\u00f3n y Estudios de la Escuela de Polanco (Cantabria, Espa\u00f1a)<\/h4>\n<p><span data-contrast=\"auto\" xml:lang=\"ES-ES\" lang=\"ES-ES\" class=\"TextRun SCXW38795511 BCX9\"><span class=\"NormalTextRun SCXW38795511 BCX9\"><\/span><\/span><\/p>\n<p style=\"text-align: center;\"><span data-contrast=\"auto\"><\/span><\/p>\n<h6 style=\"text-align: center;\"><span style=\"color: #8e8e8e;\"><span data-contrast=\"none\" xml:lang=\"ES-ES\" lang=\"ES-ES\" class=\"TextRun Underlined SCXW183494506 BCX9\" style=\"color: #8e8e8e;\"><span class=\"NormalTextRun SCXW183494506 BCX9\" data-ccp-charstyle=\"Hyperlink\"><a class=\"Hyperlink SCXW183494506 BCX9\" href=\"mailto:eulalia@uvic.cat\" target=\"_blank\" rel=\"noreferrer noopener\">crieme.polanco@educantabria.es<\/a><\/span><\/span><\/span><\/h6>\n<p>[\/et_pb_text][\/et_pb_column][\/et_pb_row][et_pb_row column_structure=\u00bb1_4,3_4&#8243; _builder_version=\u00bb4.17.4&#8243; _module_preset=\u00bbdefault\u00bb width=\u00bb100%\u00bb max_width=\u00bb2560px\u00bb global_colors_info=\u00bb{}\u00bb][et_pb_column type=\u00bb1_4&#8243; _builder_version=\u00bb4.17.4&#8243; _module_preset=\u00bbdefault\u00bb global_colors_info=\u00bb{}\u00bb][et_pb_image src=\u00bbhttps:\/\/grupo.us.es\/mujeryeducacion\/wp-content\/uploads\/2023\/05\/WhatsApp-Image-2023-05-09-at-13.04.54-2-e1690449400384.jpeg\u00bb title_text=\u00bbmimeografo\u00bb align_tablet=\u00bbcenter\u00bb align_phone=\u00bbcenter\u00bb align_last_edited=\u00bbon|tablet\u00bb _builder_version=\u00bb4.17.4&#8243; _module_preset=\u00bbdefault\u00bb width=\u00bb100%\u00bb max_width=\u00bb100%\u00bb max_width_tablet=\u00bb100%\u00bb max_width_phone=\u00bb89%\u00bb max_width_last_edited=\u00bbon|phone\u00bb custom_margin=\u00bb||28px|20px|false|false\u00bb global_colors_info=\u00bb{}\u00bb][\/et_pb_image][et_pb_text content_tablet=\u00bb<\/p>\n<p style=%22text-align: center;%22><strong>Pandereta. Museo Pedag\u00f3gico de la Facultad de Ciencias de la Educaci\u00f3n de la Universidad de Sevilla<\/strong><\/p>\n<p>\u00bb content_phone=\u00bb<\/p>\n<p style=%22text-align: center;%22><strong>Pandereta. Museo Pedag\u00f3gico de la Facultad de Ciencias de la Educaci\u00f3n de la Universidad de Sevilla<\/strong><\/p>\n<p>\u00bb content_last_edited=\u00bboff|desktop\u00bb _builder_version=\u00bb4.17.4&#8243; _module_preset=\u00bbdefault\u00bb custom_margin=\u00bb|||20px|false|false\u00bb global_colors_info=\u00bb{}\u00bb]<\/p>\n<p><strong>Mime\u00f3grafo.<\/strong><br \/><strong>Museo Pedag\u00f3gico de la Universidad de Huelva<\/strong><\/p>\n<p>[\/et_pb_text][\/et_pb_column][et_pb_column type=\u00bb3_4&#8243; _builder_version=\u00bb4.17.4&#8243; _module_preset=\u00bbdefault\u00bb global_colors_info=\u00bb{}\u00bb][et_pb_text _builder_version=\u00bb4.17.4&#8243; _module_preset=\u00bbdefault\u00bb text_text_color=\u00bb#000000&#8243; text_font_size=\u00bb18px\u00bb text_line_height=\u00bb1.8em\u00bb max_width_tablet=\u00bb95%\u00bb max_width_phone=\u00bb90%\u00bb max_width_last_edited=\u00bbon|tablet\u00bb custom_margin_tablet=\u00bb|||20px|false|false\u00bb custom_margin_phone=\u00bb|||20px|false|false\u00bb custom_margin_last_edited=\u00bbon|tablet\u00bb text_font_size_tablet=\u00bb16px\u00bb text_font_size_phone=\u00bb16px\u00bb text_font_size_last_edited=\u00bbon|tablet\u00bb global_colors_info=\u00bb{}\u00bb]<\/p>\n<p><strong>La implantaci\u00f3n de un sistema nacional de educaci\u00f3n en Espa\u00f1a en las primeras d\u00e9cadas del siglo XIX fue un avance social cuyo alcance nos es dif\u00edcil valorar adecuadamente ahora, desde nuestra perspectiva de comienzos del siglo XXI. Hasta entonces, poner los medios para que alguien llegara a ser una persona instruida era una responsabilidad no asumida por la Administraci\u00f3n, y algo inalcanzable para la mayor parte de la poblaci\u00f3n. Pero, a partir de esa \u00e9poca, instruir, alfabetizar, ya se convirti\u00f3 en un objetivo de la progresivamente m\u00e1s compleja organizaci\u00f3n administrativa espa\u00f1ola.<\/strong><\/p>\n<p><strong>Esa instrucci\u00f3n, al ser en sus inicios muy b\u00e1sica, no dejaba apenas margen para diferenciar entre los contenidos que deb\u00edan recibir los ni\u00f1os y los que deb\u00edan recibir las ni\u00f1as, ya que todos usaban los mismos carteles colgados de las paredes del local donde se instru\u00edan (el abecedario y el silabario y las cuatro reglas) y similares catecismos. Solo variaba, como en el Antiguo R\u00e9gimen, la duraci\u00f3n de la etapa de escolarizaci\u00f3n, que en el caso de las ni\u00f1as sol\u00eda ser algo m\u00e1s reducida y limitarse al dominio de la lectura y no al de la escritura.<\/strong><\/p>\n<p>[\/et_pb_text][\/et_pb_column][\/et_pb_row][et_pb_row column_structure=\u00bb2_3,1_3&#8243; _builder_version=\u00bb4.17.4&#8243; _module_preset=\u00bbdefault\u00bb width=\u00bb100%\u00bb max_width=\u00bb2560px\u00bb custom_padding=\u00bb41px|||||\u00bb global_colors_info=\u00bb{}\u00bb][et_pb_column type=\u00bb2_3&#8243; _builder_version=\u00bb4.17.4&#8243; _module_preset=\u00bbdefault\u00bb global_colors_info=\u00bb{}\u00bb][et_pb_text _builder_version=\u00bb4.17.4&#8243; _module_preset=\u00bbdefault\u00bb text_text_color=\u00bb#000000&#8243; text_font_size=\u00bb18px\u00bb text_line_height=\u00bb1.8em\u00bb max_width_tablet=\u00bb95%\u00bb max_width_phone=\u00bb90%\u00bb max_width_last_edited=\u00bbon|tablet\u00bb custom_margin=\u00bb|||20px|false|false\u00bb text_font_size_tablet=\u00bb16px\u00bb text_font_size_phone=\u00bb16px\u00bb text_font_size_last_edited=\u00bbon|tablet\u00bb global_colors_info=\u00bb{}\u00bb]<\/p>\n<p><strong>Sin embargo, la loable asunci\u00f3n de la tarea de alfabetizar a ni\u00f1os y ni\u00f1as por parte del Estado no conllev\u00f3 en sus inicios la dedicaci\u00f3n de muchos medios econ\u00f3micos. As\u00ed, habr\u00e1 que esperar hasta 1902 para que los sueldos de los maestros y maestras se incluyan en el presupuesto general del Estado, hasta la d\u00e9cada de los treinta de ese siglo XX para que existan planes ambiciosos de construcciones escolares y hasta comienzos de ese mismo siglo para que exista una industria dedicada a la fabricaci\u00f3n y comercializaci\u00f3n de utillaje escolar espec\u00edfico y de manuales escolares diversos.<\/strong><\/p>\n<p><strong>Los manuales escolares, en efecto, se van convirtiendo en unos recursos cada vez m\u00e1s habituales en las escuelas espa\u00f1olas en los inicios del XX y hasta bien mediado ese siglo. Y en ellos s\u00ed que la intenci\u00f3n de que la educaci\u00f3n sea diferente para los ni\u00f1os y para las ni\u00f1as se comprueba con mucha facilidad.<\/strong><strong><\/strong><\/p>\n<p><strong>Sin embargo, ya en los a\u00f1os cincuenta y sesenta, y debido al renacer en Espa\u00f1a de la preocupaci\u00f3n por utilizar m\u00e9todos de aprendizaje eficaces, que inclu\u00edan la progresiva desaparici\u00f3n de la educaci\u00f3n diferenciada, ya no val\u00eda con los primitivos carteles colgados de las paredes del aula del XIX ni con los posteriores manuales escolares, desgastados de tanto ser usados, de la primera mitad del siglo XX. Se precisaba, evitando la lenta tarea de copiar cada ni\u00f1o o ni\u00f1a lo que iba dictando el profesor en voz alta, dar individualmente a cada alumno materiales escritos que se consideraban importantes para la lecci\u00f3n que se estaba estudiando o, tambi\u00e9n, llevar las preguntas de los ex\u00e1menes ya impresos en la hoja.<\/strong><\/p>\n<p>[\/et_pb_text][\/et_pb_column][et_pb_column type=\u00bb1_3&#8243; _builder_version=\u00bb4.17.4&#8243; _module_preset=\u00bbdefault\u00bb global_colors_info=\u00bb{}\u00bb][et_pb_image src=\u00bbhttps:\/\/grupo.us.es\/mujeryeducacion\/wp-content\/uploads\/2023\/05\/WhatsApp-Image-2023-05-09-at-13.04.54-2-e1690449400384.jpeg\u00bb title_text=\u00bbmimeografo\u00bb align_tablet=\u00bbcenter\u00bb align_phone=\u00bbcenter\u00bb align_last_edited=\u00bbon|tablet\u00bb _builder_version=\u00bb4.17.4&#8243; _module_preset=\u00bbdefault\u00bb global_colors_info=\u00bb{}\u00bb][\/et_pb_image][\/et_pb_column][\/et_pb_row][et_pb_row _builder_version=\u00bb4.17.4&#8243; _module_preset=\u00bbdefault\u00bb width=\u00bb90%\u00bb max_width=\u00bb2560px\u00bb custom_margin=\u00bb|||20px|false|false\u00bb global_colors_info=\u00bb{}\u00bb][et_pb_column type=\u00bb4_4&#8243; _builder_version=\u00bb4.17.4&#8243; _module_preset=\u00bbdefault\u00bb global_colors_info=\u00bb{}\u00bb][et_pb_text _builder_version=\u00bb4.17.4&#8243; _module_preset=\u00bbdefault\u00bb text_text_color=\u00bb#000000&#8243; text_font_size=\u00bb18px\u00bb text_line_height=\u00bb1.8em\u00bb max_width_tablet=\u00bb100%\u00bb max_width_phone=\u00bb100%\u00bb max_width_last_edited=\u00bbon|tablet\u00bb text_font_size_tablet=\u00bb16px\u00bb text_font_size_phone=\u00bb16px\u00bb text_font_size_last_edited=\u00bbon|tablet\u00bb global_colors_info=\u00bb{}\u00bb]<\/p>\n<p><strong>As\u00ed, fueron apareciendo en los centros escolares diversos medios para realizar multicopias, convirti\u00e9ndose la preparaci\u00f3n de ellas en una tarea habitual del profesorado.<\/strong><br \/><strong>Aparte de las multicopistas que se iban comercializando, en los centros escolares se usaron otros ingeniosos m\u00e9todos m\u00e1s modestos para realizar cantidades considerables de copias de un original, como la multicopista de gelatina y el lim\u00f3grafo.<\/strong><\/p>\n<p><strong>La multicopista llamada de gelatina usaba una mezcla de cola de pescado, glicerina, az\u00facar y agua que absorb\u00eda la tinta de lo escrito en un clich\u00e9 para, posteriormente, impresionarse sobre las hojas de papel que se colocaban sobre ella.<\/strong><\/p>\n<p><strong>El lim\u00f3grafo, ya usado por Freinet, fue tambi\u00e9n conocido en Espa\u00f1a con el nombre de vietnamita, por ser el medio usado por la guerrilla del Vietcong para imprimir octavillas durante la Guerra de Vietnam (1965-1975). En Espa\u00f1a tuvo su \u00e9poca de auge en las d\u00e9cadas de los a\u00f1os sesenta y setenta, como medio de elaboraci\u00f3n de propaganda clandestina contra el r\u00e9gimen de Franco. Sin embargo, en los centros escolares tambi\u00e9n estuvo extendido su uso. Con un aspecto parecido a los actuales esc\u00e1neres de sobremesa, su funcionamiento consist\u00eda en una tela fina sujeta a un marco abatible, mediante unas bisagras, sobre una plancha lisa. Se colocaba como clich\u00e9, sujeto con esparadrapo bajo la tela, un papel que se hab\u00eda perforado con una m\u00e1quina de escribir a la que se le hab\u00eda quitado la cinta. Se iban colocando una a una las hojas en blanco sobre la plancha y, al pasar un rodillo entintado por encima de la tela, la tinta se introduc\u00eda por los huecos del clich\u00e9 y se impresionaba el papel.<\/strong><\/p>\n<p><strong>Pero fueron las multicopistas, que se fabricaron por diversas casas comerciales y que funcionaban usando elementos del lim\u00f3grafo y de la imprenta, las que m\u00e1s agilizaron en los centros escolares la realizaci\u00f3n de copias de materiales diversos para el alumnado.<\/strong><\/p>\n<p><strong>La multicopista (denominada tambi\u00e9n mime\u00f3grafo o ciclostil) utilizaba un clich\u00e9, espec\u00edfico para ellas, que se perforaba con la m\u00e1quina de escribir y se enrollaba sobre un tambor entintado que giraba sobre los folios que la propia m\u00e1quina iba desplazando sincronizadamente desde el mont\u00f3n colocado en una bandeja. Al principio, todo el mecanismo, como el mime\u00f3grafo de la imagen, se accionaba manualmente mediante una manivela, para posteriormente fabricarse multicopistas que funcionaban mediante electricidad.<\/strong><\/p>\n<p><strong>Durante unos a\u00f1os, existieron unos copiadores autom\u00e1ticos de clich\u00e9s, para aparecer por \u00faltimo las multicopistas que realizan todo el proceso (copiado y reproducci\u00f3n) autom\u00e1ticamente. Junto con la fotocopiadora, la multicopista ha sido elemento imprescindible de las actividades did\u00e1cticas de los centros escolares desde hace ya muchas d\u00e9cadas.<\/strong><\/p>\n<p><strong><\/strong><\/p>\n<p>[1] \u201c\u00bfQu\u00e9 destacar\u00eda por encima de todo? En La Poblaci\u00f3n, peque\u00f1a concentraci\u00f3n de dos unidades con 22 o 24 ni\u00f1os cada aula, en un entorno especial a orillas del Pantano del Ebro\u2026 sacamos a la luz un hermoso libro: <em>El Pantano del Ebro y sus pueblos<\/em>, escrito e ilustrado completamente a mano, por el cual el Ministerio de Educaci\u00f3n nos concedi\u00f3 un premio en met\u00e1lico con el que nos dimos el lujo de comprar un ordenador\u2026 Lo de tener ordenador en la escuela fue un salto muy grande; s\u00f3lo cuatro a\u00f1os antes, en Sol\u00f3rzano, us\u00e1bamos una `fotocopiadora\u00b4 hecha por nosotras mismas, consistente en un molde de hacer bizcochos de tama\u00f1o A4, que conten\u00eda gelatina y cola de pescado, en el que se presionaba un primer folio calcado con la ficha que previamente hab\u00edamos elaborado, por supuesto, a mano. Sobre ello, pon\u00edamos el papel y presion\u00e1bamos hasta que el calco desparec\u00eda por el uso.\u201d (Julia Rom\u00e1n Nieto. En VV.AA., 2006: 349-350).<\/p>\n<p>[\/et_pb_text][et_pb_text _builder_version=\u00bb4.17.4&#8243; _module_preset=\u00bbdefault\u00bb text_text_color=\u00bb#000000&#8243; text_font_size=\u00bb18px\u00bb text_line_height=\u00bb1.8em\u00bb max_width_tablet=\u00bb100%\u00bb max_width_phone=\u00bb100%\u00bb max_width_last_edited=\u00bbon|tablet\u00bb text_font_size_tablet=\u00bb16px\u00bb text_font_size_phone=\u00bb16px\u00bb text_font_size_last_edited=\u00bbon|tablet\u00bb global_colors_info=\u00bb{}\u00bb]<\/p>\n<p><strong>Referencias bibliogr\u00e1ficas<\/strong><\/p>\n<p>Capel Mart\u00ednez, Rosa Mar\u00eda (coord.) (1982): Mujer y sociedad en Espa\u00f1a (1700-1975). Madrid: Ministerio de Cultura. Direcci\u00f3n General de Juventud y Promoci\u00f3n Socio-Cultural.<br \/>Capel Mart\u00ednez, Rosa Mar\u00eda (1982): El trabajo y la educaci\u00f3n de la mujer en Espa\u00f1a (1900-1930). Madrid: Ministerio de Cultura. Direcci\u00f3n General de Juventud y Promoci\u00f3n Socio-Cultural.<br \/>Escolano Benito, Agust\u00edn (dir.) (1992): Leer y escribir en Espa\u00f1a: doscientos a\u00f1os de alfabetizaci\u00f3n. Madrid. Salamanca: Fundaci\u00f3n Germ\u00e1n S\u00e1nchez Ruip\u00e9rez \/ Ediciones Pir\u00e1mide.<br \/>Escolano Benito, Agust\u00edn (dir.) (1997): Historia ilustrada del libro escolar en Espa\u00f1a (2 vol.). Madrid. Salamanca: Fundaci\u00f3n Germ\u00e1n S\u00e1nchez Ruip\u00e9rez \/ Ediciones Pir\u00e1mide.<br \/>VV.AA. (2006): Vidas Maestras 2005. Santander: Consejer\u00eda de Educaci\u00f3n de Cantabria. <br \/>VV.AA. (2009). Vidas Maestras 2008. Santander: Consejer\u00eda de Educaci\u00f3n de Cantabria. <\/p>\n<p>[\/et_pb_text][\/et_pb_column][\/et_pb_row][\/et_pb_section]<\/p>\n","protected":false},"excerpt":{"rendered":"<p>MIME\u00d3GRAFO. M\u00c1QUINA \u00a0 \u00a0 \u00a0 \u00a0 \u00a0 DE IMPRESI\u00d3N Eduardo Ortiz Garc\u00eda Centro de Recursos, Interpretaci\u00f3n y Estudios de la Escuela de Polanco (Cantabria, Espa\u00f1a) crieme.polanco@educantabria.esMime\u00f3grafo.Museo Pedag\u00f3gico de la Universidad de HuelvaLa implantaci\u00f3n de un sistema nacional de educaci\u00f3n en Espa\u00f1a en las primeras d\u00e9cadas del siglo XIX fue un avance social cuyo alcance nos [&hellip;]<\/p>\n","protected":false},"author":1,"featured_media":0,"parent":0,"menu_order":0,"comment_status":"closed","ping_status":"closed","template":"","meta":{"_et_pb_use_builder":"on","_et_pb_old_content":"","_et_gb_content_width":"","footnotes":""},"class_list":["post-4641","page","type-page","status-publish","hentry"],"_links":{"self":[{"href":"https:\/\/grupo.us.es\/mujeryeducacion\/wp-json\/wp\/v2\/pages\/4641","targetHints":{"allow":["GET"]}}],"collection":[{"href":"https:\/\/grupo.us.es\/mujeryeducacion\/wp-json\/wp\/v2\/pages"}],"about":[{"href":"https:\/\/grupo.us.es\/mujeryeducacion\/wp-json\/wp\/v2\/types\/page"}],"author":[{"embeddable":true,"href":"https:\/\/grupo.us.es\/mujeryeducacion\/wp-json\/wp\/v2\/users\/1"}],"replies":[{"embeddable":true,"href":"https:\/\/grupo.us.es\/mujeryeducacion\/wp-json\/wp\/v2\/comments?post=4641"}],"version-history":[{"count":5,"href":"https:\/\/grupo.us.es\/mujeryeducacion\/wp-json\/wp\/v2\/pages\/4641\/revisions"}],"predecessor-version":[{"id":5117,"href":"https:\/\/grupo.us.es\/mujeryeducacion\/wp-json\/wp\/v2\/pages\/4641\/revisions\/5117"}],"wp:attachment":[{"href":"https:\/\/grupo.us.es\/mujeryeducacion\/wp-json\/wp\/v2\/media?parent=4641"}],"curies":[{"name":"wp","href":"https:\/\/api.w.org\/{rel}","templated":true}]}}