{"id":4488,"date":"2023-07-26T12:25:03","date_gmt":"2023-07-26T12:25:03","guid":{"rendered":"https:\/\/grupo.us.es\/mujeryeducacion\/?page_id=4488"},"modified":"2023-09-07T12:05:35","modified_gmt":"2023-09-07T12:05:35","slug":"027a-album-de-bordados","status":"publish","type":"page","link":"https:\/\/grupo.us.es\/mujeryeducacion\/027a-album-de-bordados\/","title":{"rendered":"027a. \u00c1lbum de bordados"},"content":{"rendered":"<p>[et_pb_section fb_built=\u00bb1&#8243; _builder_version=\u00bb4.17.4&#8243; _module_preset=\u00bbdefault\u00bb background_color=\u00bb#F6EFE7&#8243; custom_padding=\u00bb2px|||||\u00bb custom_css_main_element=\u00bbdisplay=flex;\u00bb global_colors_info=\u00bb{}\u00bb][et_pb_row _builder_version=\u00bb4.17.4&#8243; _module_preset=\u00bbdefault\u00bb width=\u00bb100%\u00bb max_width=\u00bb2560px\u00bb custom_padding=\u00bb0px|||||\u00bb global_colors_info=\u00bb{}\u00bb][et_pb_column type=\u00bb4_4&#8243; _builder_version=\u00bb4.17.4&#8243; _module_preset=\u00bbdefault\u00bb global_colors_info=\u00bb{}\u00bb][et_pb_slider _builder_version=\u00bb4.17.4&#8243; _module_preset=\u00bbdefault\u00bb global_colors_info=\u00bb{}\u00bb][et_pb_slide image=\u00bbhttps:\/\/grupo.us.es\/mujeryeducacion\/wp-content\/uploads\/2023\/05\/WhatsApp-Image-2023-05-09-at-13.05.00-3.jpeg\u00bb _builder_version=\u00bb4.17.4&#8243; _module_preset=\u00bbdefault\u00bb background_color=\u00bbRGBA(255,255,255,0)\u00bb background_enable_color=\u00bbon\u00bb background_image=\u00bbhttps:\/\/grupo.us.es\/mujeryeducacion\/wp-content\/uploads\/2023\/05\/WhatsApp-Image-2023-05-09-at-13.05.00-e1685978438941.jpeg\u00bb background_enable_image=\u00bbon\u00bb global_colors_info=\u00bb{}\u00bb sticky_transition=\u00bbon\u00bb][\/et_pb_slide][\/et_pb_slider][\/et_pb_column][\/et_pb_row][et_pb_row column_structure=\u00bb2_5,3_5&#8243; make_equal=\u00bbon\u00bb _builder_version=\u00bb4.17.4&#8243; _module_preset=\u00bbdefault\u00bb width=\u00bb100%\u00bb max_width=\u00bb2560px\u00bb global_colors_info=\u00bb{}\u00bb][et_pb_column type=\u00bb2_5&#8243; _builder_version=\u00bb4.17.4&#8243; _module_preset=\u00bbdefault\u00bb global_colors_info=\u00bb{}\u00bb][et_pb_image src=\u00bbhttps:\/\/grupo.us.es\/mujeryeducacion\/wp-content\/uploads\/2023\/07\/0-Logo-Museo-Pedagogico-transparente-e1689854632950.png\u00bb title_text=\u00bb0-Logo-Museo-Pedagogico-transparente-recortado\u00bb align_tablet=\u00bb\u00bb align_phone=\u00bbcenter\u00bb align_last_edited=\u00bbon|phone\u00bb _builder_version=\u00bb4.17.4&#8243; _module_preset=\u00bbdefault\u00bb width=\u00bb50%\u00bb width_tablet=\u00bb70%\u00bb width_phone=\u00bb50%\u00bb width_last_edited=\u00bbon|tablet\u00bb hover_enabled=\u00bb0&#8243; global_colors_info=\u00bb{}\u00bb sticky_enabled=\u00bb0&#8243; module_alignment_last_edited=\u00bbon|tablet\u00bb module_alignment_tablet=\u00bbcenter\u00bb module_alignment_phone=\u00bbcenter\u00bb][\/et_pb_image][\/et_pb_column][et_pb_column type=\u00bb3_5&#8243; _builder_version=\u00bb4.17.4&#8243; _module_preset=\u00bbdefault\u00bb global_colors_info=\u00bb{}\u00bb][et_pb_text content_tablet=\u00bb<\/p>\n<p><strong><\/strong><\/p>\n<p style=%22text-align: center;%22><strong>\u00c1LBUM DE BORDADOS<\/strong><\/p>\n<p>\u00bb content_phone=\u00bb<\/p>\n<p><strong><\/strong><\/p>\n<p style=%22text-align: center;%22><strong>\u00c1LBUM DE <\/strong><\/p>\n<p style=%22text-align: center;%22><strong>BORDADOS<\/strong><\/p>\n<p>\u00bb content_last_edited=\u00bbon|phone\u00bb _builder_version=\u00bb4.17.4&#8243; _module_preset=\u00bbdefault\u00bb text_text_color=\u00bb#000000&#8243; text_font_size=\u00bb58px\u00bb transform_scale_tablet=\u00bb\u00bb transform_scale_phone=\u00bb\u00bb transform_scale_last_edited=\u00bbon|desktop\u00bb transform_translate=\u00bb-80px|0px\u00bb transform_translate_tablet=\u00bb72px|-7px\u00bb transform_translate_phone=\u00bb64px|-7px\u00bb transform_translate_last_edited=\u00bbon|tablet\u00bb transform_rotate_tablet=\u00bb\u00bb transform_rotate_phone=\u00bb\u00bb transform_rotate_last_edited=\u00bbon|tablet\u00bb transform_skew_tablet=\u00bb\u00bb transform_skew_phone=\u00bb\u00bb transform_skew_last_edited=\u00bbon|tablet\u00bb transform_origin_tablet=\u00bb\u00bb transform_origin_phone=\u00bb\u00bb transform_origin_last_edited=\u00bbon|tablet\u00bb transform_styles_last_edited=\u00bbon|desktop\u00bb custom_margin=\u00bb|||-127px||\u00bb text_font_size_tablet=\u00bb58px\u00bb text_font_size_phone=\u00bb42px\u00bb text_font_size_last_edited=\u00bbon|phone\u00bb transform_styles_tablet=\u00bb\u00bb transform_styles_phone=\u00bb\u00bb module_alignment_tablet=\u00bbcenter\u00bb module_alignment_phone=\u00bbcenter\u00bb module_alignment_last_edited=\u00bbon|tablet\u00bb global_colors_info=\u00bb{}\u00bb]<\/p>\n<p><strong><\/strong><\/p>\n<p><strong>\u00c1LBUM DE BORDADOS<\/strong><\/p>\n<p>[\/et_pb_text][\/et_pb_column][\/et_pb_row][et_pb_row _builder_version=\u00bb4.17.4&#8243; _module_preset=\u00bbdefault\u00bb global_colors_info=\u00bb{}\u00bb][et_pb_column type=\u00bb4_4&#8243; _builder_version=\u00bb4.17.4&#8243; _module_preset=\u00bbdefault\u00bb global_colors_info=\u00bb{}\u00bb][et_pb_text _builder_version=\u00bb4.17.4&#8243; _module_preset=\u00bbdefault\u00bb global_colors_info=\u00bb{}\u00bb]<\/p>\n<h1 style=\"text-align: center;\">Mar\u00eda Nieves G\u00f3mez Garc\u00eda<\/h1>\n<p><span class=\"EOP SCXW150617363 BCX9\" data-ccp-props=\"{&quot;201341983&quot;:0,&quot;335551550&quot;:3,&quot;335551620&quot;:3,&quot;335559739&quot;:0,&quot;335559740&quot;:240}\"><span class=\"EOP SCXW184100114 BCX9\" data-ccp-props=\"{&quot;201341983&quot;:0,&quot;335551550&quot;:3,&quot;335551620&quot;:3,&quot;335559739&quot;:0,&quot;335559740&quot;:240}\"><span data-contrast=\"auto\" xml:lang=\"ES-ES\" lang=\"ES-ES\" class=\"TextRun SCXW37953205 BCX9\"><span class=\"NormalTextRun SCXW37953205 BCX9\"><span data-contrast=\"auto\" xml:lang=\"ES-ES\" lang=\"ES-ES\" class=\"TextRun SCXW144867011 BCX9\"><span class=\"NormalTextRun SCXW144867011 BCX9\"><span class=\"EOP SCXW91137730 BCX9\" data-ccp-props=\"{&quot;335551550&quot;:3,&quot;335551620&quot;:3}\"><\/span><\/span><\/span><\/span><\/span><\/span><\/span><\/p>\n<h4 style=\"text-align: center;\">Universidad de Sevilla<\/h4>\n<p><span data-contrast=\"auto\" xml:lang=\"ES-ES\" lang=\"ES-ES\" class=\"TextRun SCXW38795511 BCX9\"><span class=\"NormalTextRun SCXW38795511 BCX9\"><\/span><\/span><\/p>\n<p style=\"text-align: center;\"><span data-contrast=\"auto\"><\/span><\/p>\n<h6 style=\"text-align: center;\"><span style=\"color: #8e8e8e;\"><span data-contrast=\"none\" xml:lang=\"ES-ES\" lang=\"ES-ES\" class=\"TextRun Underlined SCXW183494506 BCX9\" style=\"color: #8e8e8e;\"><span class=\"NormalTextRun SCXW183494506 BCX9\" data-ccp-charstyle=\"Hyperlink\"><a class=\"Hyperlink SCXW183494506 BCX9\" href=\"mailto:eulalia@uvic.cat\" target=\"_blank\" rel=\"noreferrer noopener\">nievesgomez@us.es<\/a><\/span><\/span><\/span><\/h6>\n<p>[\/et_pb_text][\/et_pb_column][\/et_pb_row][et_pb_row column_structure=\u00bb1_4,3_4&#8243; _builder_version=\u00bb4.17.4&#8243; _module_preset=\u00bbdefault\u00bb width=\u00bb100%\u00bb max_width=\u00bb2560px\u00bb global_colors_info=\u00bb{}\u00bb][et_pb_column type=\u00bb1_4&#8243; _builder_version=\u00bb4.17.4&#8243; _module_preset=\u00bbdefault\u00bb global_colors_info=\u00bb{}\u00bb][et_pb_image src=\u00bbhttps:\/\/grupo.us.es\/mujeryeducacion\/wp-content\/uploads\/2023\/05\/WhatsApp-Image-2023-05-09-at-13.05.00-3.jpeg\u00bb title_text=\u00bbWhatsApp-Image-2023-05-09-at-13.05.00-3&#8243; align_tablet=\u00bbcenter\u00bb align_phone=\u00bbcenter\u00bb align_last_edited=\u00bbon|tablet\u00bb _builder_version=\u00bb4.17.4&#8243; _module_preset=\u00bbdefault\u00bb width=\u00bb100%\u00bb max_width=\u00bb100%\u00bb max_width_tablet=\u00bb100%\u00bb max_width_phone=\u00bb89%\u00bb max_width_last_edited=\u00bbon|phone\u00bb custom_margin=\u00bb||28px|20px|false|false\u00bb global_colors_info=\u00bb{}\u00bb][\/et_pb_image][et_pb_text content_tablet=\u00bb<\/p>\n<p style=%22text-align: center;%22><strong>Pandereta. Museo Pedag\u00f3gico de la Facultad de Ciencias de la Educaci\u00f3n de la Universidad de Sevilla<\/strong><\/p>\n<p>\u00bb content_phone=\u00bb<\/p>\n<p style=%22text-align: center;%22><strong>Pandereta. Museo Pedag\u00f3gico de la Facultad de Ciencias de la Educaci\u00f3n de la Universidad de Sevilla<\/strong><\/p>\n<p>\u00bb content_last_edited=\u00bboff|desktop\u00bb _builder_version=\u00bb4.17.4&#8243; _module_preset=\u00bbdefault\u00bb custom_margin=\u00bb|||20px|false|false\u00bb global_colors_info=\u00bb{}\u00bb]<\/p>\n<p><strong>\u00c1lbumes de bordados. <\/strong><strong>Museo Pedag\u00f3gico de la Facultad de Ciencias de la Educaci\u00f3n de la Universidad de Sevilla<\/strong><\/p>\n<p>[\/et_pb_text][\/et_pb_column][et_pb_column type=\u00bb3_4&#8243; _builder_version=\u00bb4.17.4&#8243; _module_preset=\u00bbdefault\u00bb global_colors_info=\u00bb{}\u00bb][et_pb_text _builder_version=\u00bb4.17.4&#8243; _module_preset=\u00bbdefault\u00bb text_text_color=\u00bb#000000&#8243; text_font_size=\u00bb18px\u00bb text_line_height=\u00bb1.8em\u00bb max_width_tablet=\u00bb95%\u00bb max_width_phone=\u00bb90%\u00bb max_width_last_edited=\u00bbon|tablet\u00bb custom_margin_tablet=\u00bb|||20px|false|false\u00bb custom_margin_phone=\u00bb|||20px|false|false\u00bb custom_margin_last_edited=\u00bbon|tablet\u00bb text_font_size_tablet=\u00bb16px\u00bb text_font_size_phone=\u00bb16px\u00bb text_font_size_last_edited=\u00bbon|tablet\u00bb global_colors_info=\u00bb{}\u00bb]<\/p>\n<p><strong>Tengo que reconocer que todav\u00eda experimento cierto desasosiego cuando recuerdo mis clases escolares de costura de finales de los cuarenta y cincuenta del pasado siglo. Y m\u00e1s que a la escuela primaria, mis recuerdos se dirigen a los Estudios de Magisterio, en los que la asignatura llamada Labores era obligatoria para las alumnas e impartida por una profesora especializada. Cierto es que en la escuela primaria esta asignatura exist\u00eda desde la Ley de 1857, pero su car\u00e1cter estaba determinado por los conocimientos de la maestra en ese tema y no siempre quedaba espacio para su programaci\u00f3n. Circunstancia que se daba con menos frecuencia en los estudios de bachillerato, pero en los Estudios de Magisterio no hab\u00eda lugar a tal situaci\u00f3n porque su obligatoriedad era incuestionable. Y aprender las variantes de la costura era imprescindible para conseguir el T\u00edtulo de Maestra Nacional.<\/strong><\/p>\n<p>[\/et_pb_text][\/et_pb_column][\/et_pb_row][et_pb_row column_structure=\u00bb2_3,1_3&#8243; _builder_version=\u00bb4.17.4&#8243; _module_preset=\u00bbdefault\u00bb width=\u00bb100%\u00bb max_width=\u00bb2560px\u00bb custom_padding=\u00bb41px|||||\u00bb global_colors_info=\u00bb{}\u00bb][et_pb_column type=\u00bb2_3&#8243; _builder_version=\u00bb4.17.4&#8243; _module_preset=\u00bbdefault\u00bb global_colors_info=\u00bb{}\u00bb][et_pb_text _builder_version=\u00bb4.17.4&#8243; _module_preset=\u00bbdefault\u00bb text_text_color=\u00bb#000000&#8243; text_font_size=\u00bb18px\u00bb text_line_height=\u00bb1.8em\u00bb max_width_tablet=\u00bb95%\u00bb max_width_phone=\u00bb90%\u00bb max_width_last_edited=\u00bbon|tablet\u00bb custom_margin=\u00bb|||20px|false|false\u00bb text_font_size_tablet=\u00bb16px\u00bb text_font_size_phone=\u00bb16px\u00bb text_font_size_last_edited=\u00bbon|tablet\u00bb global_colors_info=\u00bb{}\u00bb]<\/p>\n<p><strong>Con el nombre de Labores se designaba todo lo que tuviera que ver con coser, desde hacer un hilv\u00e1n, un dobladillo, una vainica, un ojal, un zurcido, (\u00a1ah, los zurcidos invisibles!), un remiendo (las s\u00e1banas remendadas no eran extra\u00f1as en ese tiempo), confeccionarse al menos una falda y conocer los distintos bordados. S\u00ed, aprender a bordar en sus distintas modalidades era parte de la asignatura: pespunte, punto de tallo, punto lanzado, punto de cadeneta, punto de mosca o punto de margarita eran los m\u00e1s importantes puntos b\u00e1sicos.<\/strong><\/p>\n<p>[\/et_pb_text][\/et_pb_column][et_pb_column type=\u00bb1_3&#8243; _builder_version=\u00bb4.17.4&#8243; _module_preset=\u00bbdefault\u00bb global_colors_info=\u00bb{}\u00bb][et_pb_image src=\u00bbhttps:\/\/grupo.us.es\/mujeryeducacion\/wp-content\/uploads\/2023\/05\/WhatsApp-Image-2023-05-09-at-13.05.00-e1685978438941.jpeg\u00bb title_text=\u00bbWhatsApp-Image-2023-05-09-at-13.05.00-e1685978438941&#8243; align_tablet=\u00bbcenter\u00bb align_phone=\u00bbcenter\u00bb align_last_edited=\u00bbon|tablet\u00bb _builder_version=\u00bb4.17.4&#8243; _module_preset=\u00bbdefault\u00bb global_colors_info=\u00bb{}\u00bb][\/et_pb_image][\/et_pb_column][\/et_pb_row][et_pb_row _builder_version=\u00bb4.17.4&#8243; _module_preset=\u00bbdefault\u00bb width=\u00bb90%\u00bb max_width=\u00bb2560px\u00bb custom_margin=\u00bb|||20px|false|false\u00bb global_colors_info=\u00bb{}\u00bb][et_pb_column type=\u00bb4_4&#8243; _builder_version=\u00bb4.17.4&#8243; _module_preset=\u00bbdefault\u00bb global_colors_info=\u00bb{}\u00bb][et_pb_text _builder_version=\u00bb4.17.4&#8243; _module_preset=\u00bbdefault\u00bb text_text_color=\u00bb#000000&#8243; text_font_size=\u00bb18px\u00bb text_line_height=\u00bb1.8em\u00bb max_width_tablet=\u00bb100%\u00bb max_width_phone=\u00bb100%\u00bb max_width_last_edited=\u00bbon|tablet\u00bb text_font_size_tablet=\u00bb16px\u00bb text_font_size_phone=\u00bb16px\u00bb text_font_size_last_edited=\u00bbon|tablet\u00bb global_colors_info=\u00bb{}\u00bb]<\/p>\n<p><strong>Y los puntos de remate: fest\u00f3n, punto matizado, de realce con relleno, junto a los puntos contados: de cruz, escapulario, punto al pasado, punto de cuadros. Y el m\u00e1s dif\u00edcil y espectacular: el filtir\u00e9.<\/strong><\/p>\n<p><strong>No ten\u00edan nada que ver los varones con esta asignatura, exclusivamente femenina. Y con la mirada puesta en lo que entonces se consideraban trabajos propios de mujeres ese t\u00e9rmino, Labores, vino a designar el trabajo femenino no cualificado cuando, al rellenar el Documento de Identidad, en la casilla Profesi\u00f3n se colocaba esa palabra anteponi\u00e9ndole la part\u00edcula Sus. Y \u201cSus Labores\u201d acompa\u00f1aron al trabajo de la mujer por d\u00e9cadas. Con lo que las mujeres en la escuela y, sobre todo, en los Estudios de Magisterio (no en balde las maestras ser\u00edan las que iban a trasmitir esos conocimientos y hacerlas buenas amas de casa), deb\u00edan aprender todo lo relativo al cuidado del hogar, siendo la costura parte principal. Y, desde luego, al aprendizaje de los bordados, porque el ajuar de la novia (s\u00e1banas, toallas, manteler\u00edas, t\u00fa y yo, etc.) deb\u00eda ser bordado por la futura esposa. Circunstancia que, en mi caso, tantos dolores de cabeza me produjo porque sencillamente yo no ten\u00eda facilidad para este tipo de costura y no entend\u00eda por qu\u00e9 ten\u00eda que aprender a bordar, sin que me sirviera la respuesta del ajuar. Me gustaba ver los bordados, admiraba a las bordadoras, pero mis manos, al igual que las de otras muchas compa\u00f1eras, manejaban la aguja y el bastidor torpemente, sin conseguir dominar la t\u00e9cnica. Ten\u00edamos, adem\u00e1s, que coleccionar las muestras de esos bordados, en peque\u00f1os trozos de tela, y confeccionar un \u00e1lbum con estas, cuando, repito, nuestra habilidad para bordar era bastante escasa, por no decir nula. Sin embargo, deb\u00edamos obedecer las reglas para conseguir el t\u00edtulo de maestra nacional, por lo que hab\u00eda que agudizar el ingenio y, como otras estudiantes, yo tuve que buscar la ayuda de expertas bordadoras para que esas muestras fueran primorosas (mis \u00e1lbumes tuvieron la inestimable ayuda de Isabel Ballesteros, una maestra nacional que bordaba maravillosamente bien y a la que debo mi notable en esa asignatura. Mi reconocimiento).<\/strong><\/p>\n<p><strong>Ciertamente, hubo muchas alumnas que consiguieron bordar muy bien, con lo que esos \u00e1lbumes fueron preciosas piezas de las Escuelas Normales femeninas. Y, sin duda, desarrollaron el gusto y el placer del bordado, que, creo, es una de las expresiones art\u00edsticas m\u00e1s hermosas, como podemos apreciar en los mantos de las V\u00edrgenes, en los mantones de manila o en las preciosas colchas bordadas, por poner algunos ejemplos. Habr\u00eda, pues, que investigar si esos bordados tuvieron en la escuela un importante impulsor. Porque, aunque en la escuela primaria no llegara a ser realmente obligatorio en estos a\u00f1os aprender a bordar, si hubo maestras que hicieron lo posible por dar los primeros pasos, y los \u00e1lbumes que se conservan de alumnas de primaria son una prueba. Y tambi\u00e9n el hecho de que durante muchos a\u00f1os fuera un oficio femenino, en el que maestras bordadoras regentaban los talleres de bordados, al alim\u00f3n con ciertas congregaciones religiosas femeninas. S\u00ed, siempre eran las mujeres las que sobresal\u00edan en n\u00famero y dedicaci\u00f3n.<\/strong><\/p>\n<p><strong>Y, as\u00ed, en los a\u00f1os citados y en los m\u00e1s cercanos, la Secci\u00f3n Femenina ocup\u00f3 sitio en la ense\u00f1anza de las Labores, de manera que en los Estudios de Bachillerato ser\u00eda una mujer miembro de este grupo, raramente con el t\u00edtulo de maestra, la que impartir\u00eda esas clases. Aunque tanto en la escuela primaria como en la ense\u00f1anza media, el aprendizaje del bordado sigui\u00f3 dependiendo de la afici\u00f3n y gusto de la profesora. Sin embargo, los \u00e1lbumes de bordado aumentaron su n\u00famero y mi recuerdo como directora de un Colegio Libre Adoptado, ya en los a\u00f1os sesenta, me trae la visi\u00f3n de preciosas muestras de esas Labores. Y el placer de contemplar verdaderas obras de arte realizadas por manos femeninas, apenas adolescentes. Que al confeccionar esas muestras se sent\u00edan gozosas de sus creaciones, lejano ya el pensamiento del ajuar como meta final. Aunque, quiz\u00e1s, todav\u00eda perdurase el sentimiento de que bordar era propio de mujeres.<\/strong><\/p>\n<p>[\/et_pb_text][\/et_pb_column][\/et_pb_row][\/et_pb_section]<\/p>\n","protected":false},"excerpt":{"rendered":"<p>\u00c1LBUM DE BORDADOSMar\u00eda Nieves G\u00f3mez Garc\u00eda Universidad de Sevilla nievesgomez@us.es\u00c1lbumes de bordados. Museo Pedag\u00f3gico de la Facultad de Ciencias de la Educaci\u00f3n de la Universidad de SevillaTengo que reconocer que todav\u00eda experimento cierto desasosiego cuando recuerdo mis clases escolares de costura de finales de los cuarenta y cincuenta del pasado siglo. Y m\u00e1s que a [&hellip;]<\/p>\n","protected":false},"author":1,"featured_media":0,"parent":0,"menu_order":0,"comment_status":"closed","ping_status":"closed","template":"","meta":{"_et_pb_use_builder":"on","_et_pb_old_content":"","_et_gb_content_width":"","footnotes":""},"class_list":["post-4488","page","type-page","status-publish","hentry"],"_links":{"self":[{"href":"https:\/\/grupo.us.es\/mujeryeducacion\/wp-json\/wp\/v2\/pages\/4488","targetHints":{"allow":["GET"]}}],"collection":[{"href":"https:\/\/grupo.us.es\/mujeryeducacion\/wp-json\/wp\/v2\/pages"}],"about":[{"href":"https:\/\/grupo.us.es\/mujeryeducacion\/wp-json\/wp\/v2\/types\/page"}],"author":[{"embeddable":true,"href":"https:\/\/grupo.us.es\/mujeryeducacion\/wp-json\/wp\/v2\/users\/1"}],"replies":[{"embeddable":true,"href":"https:\/\/grupo.us.es\/mujeryeducacion\/wp-json\/wp\/v2\/comments?post=4488"}],"version-history":[{"count":4,"href":"https:\/\/grupo.us.es\/mujeryeducacion\/wp-json\/wp\/v2\/pages\/4488\/revisions"}],"predecessor-version":[{"id":5230,"href":"https:\/\/grupo.us.es\/mujeryeducacion\/wp-json\/wp\/v2\/pages\/4488\/revisions\/5230"}],"wp:attachment":[{"href":"https:\/\/grupo.us.es\/mujeryeducacion\/wp-json\/wp\/v2\/media?parent=4488"}],"curies":[{"name":"wp","href":"https:\/\/api.w.org\/{rel}","templated":true}]}}