{"id":4480,"date":"2023-07-26T12:13:06","date_gmt":"2023-07-26T12:13:06","guid":{"rendered":"https:\/\/grupo.us.es\/mujeryeducacion\/?page_id=4480"},"modified":"2023-09-07T12:04:50","modified_gmt":"2023-09-07T12:04:50","slug":"026-misal","status":"publish","type":"page","link":"https:\/\/grupo.us.es\/mujeryeducacion\/026-misal\/","title":{"rendered":"026. Misal"},"content":{"rendered":"<p>[et_pb_section fb_built=\u00bb1&#8243; _builder_version=\u00bb4.17.4&#8243; _module_preset=\u00bbdefault\u00bb background_color=\u00bb#F6EFE7&#8243; custom_padding=\u00bb2px|||||\u00bb custom_css_main_element=\u00bbdisplay=flex;\u00bb global_colors_info=\u00bb{}\u00bb][et_pb_row _builder_version=\u00bb4.17.4&#8243; _module_preset=\u00bbdefault\u00bb width=\u00bb100%\u00bb max_width=\u00bb2560px\u00bb custom_padding=\u00bb0px|||||\u00bb global_colors_info=\u00bb{}\u00bb][et_pb_column type=\u00bb4_4&#8243; _builder_version=\u00bb4.17.4&#8243; _module_preset=\u00bbdefault\u00bb global_colors_info=\u00bb{}\u00bb][et_pb_slider _builder_version=\u00bb4.17.4&#8243; _module_preset=\u00bbdefault\u00bb global_colors_info=\u00bb{}\u00bb][et_pb_slide image=\u00bbhttps:\/\/grupo.us.es\/mujeryeducacion\/wp-content\/uploads\/2023\/05\/Misal.png\u00bb _builder_version=\u00bb4.17.4&#8243; _module_preset=\u00bbdefault\u00bb background_color=\u00bbRGBA(255,255,255,0)\u00bb background_enable_color=\u00bbon\u00bb background_image=\u00bbhttps:\/\/grupo.us.es\/mujeryeducacion\/wp-content\/uploads\/2023\/05\/Misal.png\u00bb background_enable_image=\u00bbon\u00bb global_colors_info=\u00bb{}\u00bb sticky_transition=\u00bbon\u00bb][\/et_pb_slide][\/et_pb_slider][\/et_pb_column][\/et_pb_row][et_pb_row column_structure=\u00bb2_5,3_5&#8243; make_equal=\u00bbon\u00bb _builder_version=\u00bb4.17.4&#8243; _module_preset=\u00bbdefault\u00bb width=\u00bb100%\u00bb max_width=\u00bb2560px\u00bb global_colors_info=\u00bb{}\u00bb][et_pb_column type=\u00bb2_5&#8243; _builder_version=\u00bb4.17.4&#8243; _module_preset=\u00bbdefault\u00bb global_colors_info=\u00bb{}\u00bb][et_pb_image src=\u00bbhttps:\/\/grupo.us.es\/mujeryeducacion\/wp-content\/uploads\/2023\/07\/0-Logo-Museo-Pedagogico-transparente-e1689854632950.png\u00bb title_text=\u00bb0-Logo-Museo-Pedagogico-transparente-recortado\u00bb align_tablet=\u00bb\u00bb align_phone=\u00bbcenter\u00bb align_last_edited=\u00bbon|phone\u00bb _builder_version=\u00bb4.17.4&#8243; _module_preset=\u00bbdefault\u00bb width=\u00bb50%\u00bb width_tablet=\u00bb70%\u00bb width_phone=\u00bb50%\u00bb width_last_edited=\u00bbon|tablet\u00bb hover_enabled=\u00bb0&#8243; global_colors_info=\u00bb{}\u00bb sticky_enabled=\u00bb0&#8243; module_alignment_last_edited=\u00bbon|tablet\u00bb module_alignment_tablet=\u00bbcenter\u00bb module_alignment_phone=\u00bbcenter\u00bb][\/et_pb_image][\/et_pb_column][et_pb_column type=\u00bb3_5&#8243; _builder_version=\u00bb4.17.4&#8243; _module_preset=\u00bbdefault\u00bb global_colors_info=\u00bb{}\u00bb][et_pb_text content_tablet=\u00bb<\/p>\n<p><strong><\/strong><\/p>\n<p style=%22text-align: center;%22><strong>MISAL<\/strong><\/p>\n<p>\u00bb content_phone=\u00bb<\/p>\n<p><strong><\/strong><\/p>\n<p style=%22text-align: center;%22><strong>MISAL<\/strong><\/p>\n<p>\u00bb content_last_edited=\u00bbon|phone\u00bb _builder_version=\u00bb4.17.4&#8243; _module_preset=\u00bbdefault\u00bb text_text_color=\u00bb#000000&#8243; text_font_size=\u00bb58px\u00bb transform_scale_tablet=\u00bb\u00bb transform_scale_phone=\u00bb\u00bb transform_scale_last_edited=\u00bbon|tablet\u00bb transform_translate_tablet=\u00bb72px|-7px\u00bb transform_translate_phone=\u00bb64px|-7px\u00bb transform_translate_last_edited=\u00bbon|tablet\u00bb transform_rotate_tablet=\u00bb\u00bb transform_rotate_phone=\u00bb\u00bb transform_rotate_last_edited=\u00bbon|tablet\u00bb transform_skew_tablet=\u00bb\u00bb transform_skew_phone=\u00bb\u00bb transform_skew_last_edited=\u00bbon|tablet\u00bb transform_origin_tablet=\u00bb\u00bb transform_origin_phone=\u00bb\u00bb transform_origin_last_edited=\u00bbon|tablet\u00bb transform_styles_last_edited=\u00bbon|tablet\u00bb custom_margin=\u00bb|||-127px||\u00bb text_font_size_tablet=\u00bb58px\u00bb text_font_size_phone=\u00bb42px\u00bb text_font_size_last_edited=\u00bbon|phone\u00bb transform_styles_tablet=\u00bb\u00bb transform_styles_phone=\u00bb\u00bb module_alignment_tablet=\u00bbcenter\u00bb module_alignment_phone=\u00bbcenter\u00bb module_alignment_last_edited=\u00bbon|tablet\u00bb global_colors_info=\u00bb{}\u00bb]<\/p>\n<p><strong><\/strong><\/p>\n<p><strong>\u00a0 \u00a0 \u00a0 \u00a0 \u00a0 MISAL<\/strong><\/p>\n<p>[\/et_pb_text][\/et_pb_column][\/et_pb_row][et_pb_row _builder_version=\u00bb4.17.4&#8243; _module_preset=\u00bbdefault\u00bb global_colors_info=\u00bb{}\u00bb][et_pb_column type=\u00bb4_4&#8243; _builder_version=\u00bb4.17.4&#8243; _module_preset=\u00bbdefault\u00bb global_colors_info=\u00bb{}\u00bb][et_pb_text _builder_version=\u00bb4.17.4&#8243; _module_preset=\u00bbdefault\u00bb global_colors_info=\u00bb{}\u00bb]<\/p>\n<h1 style=\"text-align: center;\">Francisco A. Gomera L\u00f3pez<\/h1>\n<p><span class=\"EOP SCXW150617363 BCX9\" data-ccp-props=\"{&quot;201341983&quot;:0,&quot;335551550&quot;:3,&quot;335551620&quot;:3,&quot;335559739&quot;:0,&quot;335559740&quot;:240}\"><span class=\"EOP SCXW184100114 BCX9\" data-ccp-props=\"{&quot;201341983&quot;:0,&quot;335551550&quot;:3,&quot;335551620&quot;:3,&quot;335559739&quot;:0,&quot;335559740&quot;:240}\"><span data-contrast=\"auto\" xml:lang=\"ES-ES\" lang=\"ES-ES\" class=\"TextRun SCXW37953205 BCX9\"><span class=\"NormalTextRun SCXW37953205 BCX9\"><span data-contrast=\"auto\" xml:lang=\"ES-ES\" lang=\"ES-ES\" class=\"TextRun SCXW144867011 BCX9\"><span class=\"NormalTextRun SCXW144867011 BCX9\"><span class=\"EOP SCXW91137730 BCX9\" data-ccp-props=\"{&quot;335551550&quot;:3,&quot;335551620&quot;:3}\"><\/span><\/span><\/span><\/span><\/span><\/span><\/span><\/p>\n<h4 style=\"text-align: center;\">A.C. La Tribu Educa<\/h4>\n<p><span data-contrast=\"auto\" xml:lang=\"ES-ES\" lang=\"ES-ES\" class=\"TextRun SCXW38795511 BCX9\"><span class=\"NormalTextRun SCXW38795511 BCX9\"><\/span><\/span><\/p>\n<p style=\"text-align: center;\"><span data-contrast=\"auto\"><\/span><\/p>\n<h6 style=\"text-align: center;\"><span style=\"color: #8e8e8e;\"><span data-contrast=\"none\" xml:lang=\"ES-ES\" lang=\"ES-ES\" class=\"TextRun Underlined SCXW183494506 BCX9\" style=\"color: #8e8e8e;\"><span class=\"NormalTextRun SCXW183494506 BCX9\" data-ccp-charstyle=\"Hyperlink\"><a class=\"Hyperlink SCXW183494506 BCX9\" href=\"mailto:eulalia@uvic.cat\" target=\"_blank\" rel=\"noreferrer noopener\">mayora.jo@hotmail.es<\/a><\/span><\/span><\/span><\/h6>\n<p>[\/et_pb_text][\/et_pb_column][\/et_pb_row][et_pb_row column_structure=\u00bb1_4,3_4&#8243; _builder_version=\u00bb4.17.4&#8243; _module_preset=\u00bbdefault\u00bb width=\u00bb100%\u00bb max_width=\u00bb2560px\u00bb global_colors_info=\u00bb{}\u00bb][et_pb_column type=\u00bb1_4&#8243; _builder_version=\u00bb4.17.4&#8243; _module_preset=\u00bbdefault\u00bb global_colors_info=\u00bb{}\u00bb][et_pb_image src=\u00bbhttps:\/\/grupo.us.es\/mujeryeducacion\/wp-content\/uploads\/2023\/05\/Misal.png\u00bb title_text=\u00bbMisal\u00bb align_tablet=\u00bbcenter\u00bb align_phone=\u00bbcenter\u00bb align_last_edited=\u00bbon|tablet\u00bb _builder_version=\u00bb4.17.4&#8243; _module_preset=\u00bbdefault\u00bb width=\u00bb100%\u00bb max_width=\u00bb100%\u00bb max_width_tablet=\u00bb100%\u00bb max_width_phone=\u00bb89%\u00bb max_width_last_edited=\u00bbon|phone\u00bb custom_margin=\u00bb||28px|20px|false|false\u00bb global_colors_info=\u00bb{}\u00bb][\/et_pb_image][et_pb_text content_tablet=\u00bb<\/p>\n<p style=%22text-align: center;%22><strong>Pandereta. Museo Pedag\u00f3gico de la Facultad de Ciencias de la Educaci\u00f3n de la Universidad de Sevilla<\/strong><\/p>\n<p>\u00bb content_phone=\u00bb<\/p>\n<p style=%22text-align: center;%22><strong>Pandereta. Museo Pedag\u00f3gico de la Facultad de Ciencias de la Educaci\u00f3n de la Universidad de Sevilla<\/strong><\/p>\n<p>\u00bb content_last_edited=\u00bboff|desktop\u00bb _builder_version=\u00bb4.17.4&#8243; _module_preset=\u00bbdefault\u00bb custom_margin=\u00bb|||20px|false|false\u00bb global_colors_info=\u00bb{}\u00bb]<\/p>\n<p><strong>Misal. <\/strong><strong>Museo Pedag\u00f3gico de la Facultad de Ciencias de la Educaci\u00f3n de la Universidad de Sevilla<\/strong><\/p>\n<p>[\/et_pb_text][\/et_pb_column][et_pb_column type=\u00bb3_4&#8243; _builder_version=\u00bb4.17.4&#8243; _module_preset=\u00bbdefault\u00bb global_colors_info=\u00bb{}\u00bb][et_pb_text _builder_version=\u00bb4.17.4&#8243; _module_preset=\u00bbdefault\u00bb text_text_color=\u00bb#000000&#8243; text_font_size=\u00bb18px\u00bb text_line_height=\u00bb1.8em\u00bb max_width_tablet=\u00bb95%\u00bb max_width_phone=\u00bb90%\u00bb max_width_last_edited=\u00bbon|tablet\u00bb custom_margin_tablet=\u00bb|||20px|false|false\u00bb custom_margin_phone=\u00bb|||20px|false|false\u00bb custom_margin_last_edited=\u00bbon|tablet\u00bb text_font_size_tablet=\u00bb16px\u00bb text_font_size_phone=\u00bb16px\u00bb text_font_size_last_edited=\u00bbon|tablet\u00bb global_colors_info=\u00bb{}\u00bb]<\/p>\n<p><strong>Micaela se cern\u00eda desenfada por la cuesta que le llevaba de su casa al parque de su pueblo. Al fondo, en la otra ladera del valle, se divisaba erguida y sobresaliente la torre de la iglesia. Las campanas dieron el segundo toque a misa. Micaela cuando desescalaba la calle y o\u00eda el sonido de las campanas no pod\u00eda evitar que sus recuerdos no muy lejanos inundaran su mente.<\/strong><br \/><strong>Micaela recordaba casi siempre que bajaba por la empinada calle el d\u00eda en que vestida de primera comuni\u00f3n descend\u00eda con una prudencia infinita los irregulares escalones que conformaban lo que pretend\u00eda ser una acera.<\/strong><strong><\/strong><\/p>\n<p><strong>Despu\u00e9s de unas sesiones interminables de catequesis impartidas por personas con caras de parch\u00eds y que nunca re\u00edan, lleg\u00f3 el d\u00eda que m\u00e1s so\u00f1aba: vestirse de largo y de blanco como una princesa. Sus compa\u00f1eras y ella misma se mostraban muy nerviosas en los ensayos, pero deseaba ansiosamente que llegara el momento en que su madre y sus t\u00edas la trajearan y la engalanaran, le colocaran en la cintura un bolso de gasa bordado por su abuela y la peinaran como a una novia. Las chuches y los regalos tambi\u00e9n le importaban, pero menos. Micaela, a la que su madre le llamaba familiarmente Mi, recordaba c\u00f3mo la cubrieron con un amplio velo, le anudaron en una mu\u00f1eca un largo rosario blanco y en la otra mano un librito con tapas nacaradas con el dibujo de dos angelitos ani\u00f1ados que sujetaban un c\u00e1liz y al que un broche dorado bloqueaba su apertura. Entre los ropajes almidonados y los abalorios prestados por su hermana mayor, Micaela se mov\u00eda tan hier\u00e1tica como un santo en procesi\u00f3n. <\/strong><\/p>\n<p>[\/et_pb_text][\/et_pb_column][\/et_pb_row][et_pb_row column_structure=\u00bb2_3,1_3&#8243; _builder_version=\u00bb4.17.4&#8243; _module_preset=\u00bbdefault\u00bb width=\u00bb100%\u00bb max_width=\u00bb2560px\u00bb custom_padding=\u00bb41px|||||\u00bb global_colors_info=\u00bb{}\u00bb][et_pb_column type=\u00bb2_3&#8243; _builder_version=\u00bb4.17.4&#8243; _module_preset=\u00bbdefault\u00bb global_colors_info=\u00bb{}\u00bb][et_pb_text _builder_version=\u00bb4.17.4&#8243; _module_preset=\u00bbdefault\u00bb text_text_color=\u00bb#000000&#8243; text_font_size=\u00bb18px\u00bb text_line_height=\u00bb1.8em\u00bb max_width_tablet=\u00bb95%\u00bb max_width_phone=\u00bb90%\u00bb max_width_last_edited=\u00bbon|tablet\u00bb custom_margin=\u00bb|||20px|false|false\u00bb text_font_size_tablet=\u00bb16px\u00bb text_font_size_phone=\u00bb16px\u00bb text_font_size_last_edited=\u00bbon|tablet\u00bb global_colors_info=\u00bb{}\u00bb]<\/p>\n<p><strong>A\u00fan no llevaba caminada la mitad de la cuesta cuando bruscamente desaparec\u00edan estos alegres recuerdos y se ve\u00eda bajando ya jovencita vestida de domingo con velo en la cabeza y con un libro en la mano.<\/strong><strong><\/strong><\/p>\n<p><strong>-Mi, sal ya, que vas a llegar tarde a misa- le gritaba su madre o su abuela.<br \/>El velo era negro con un encaje ondulado en los bordes. El libro se lo prestaba su madre. Era un volumen grueso, de pastas oscuras, de cuero arrugado por el uso y con unas letras doradas en el lomo. A Micaela le hab\u00edan dicho que las hojas eran de papel Biblia y que estaban coloreadas en rojo por los filos porque recordaban la sangre de Cristo.<br \/><\/strong><\/p>\n<p>[\/et_pb_text][\/et_pb_column][et_pb_column type=\u00bb1_3&#8243; _builder_version=\u00bb4.17.4&#8243; _module_preset=\u00bbdefault\u00bb global_colors_info=\u00bb{}\u00bb][et_pb_image src=\u00bbhttps:\/\/grupo.us.es\/mujeryeducacion\/wp-content\/uploads\/2023\/05\/Misal.png\u00bb title_text=\u00bbMisal\u00bb align_tablet=\u00bbcenter\u00bb align_phone=\u00bbcenter\u00bb align_last_edited=\u00bbon|tablet\u00bb _builder_version=\u00bb4.17.4&#8243; _module_preset=\u00bbdefault\u00bb global_colors_info=\u00bb{}\u00bb][\/et_pb_image][\/et_pb_column][\/et_pb_row][et_pb_row _builder_version=\u00bb4.17.4&#8243; _module_preset=\u00bbdefault\u00bb width=\u00bb90%\u00bb max_width=\u00bb2560px\u00bb custom_margin=\u00bb|||20px|false|false\u00bb global_colors_info=\u00bb{}\u00bb][et_pb_column type=\u00bb4_4&#8243; _builder_version=\u00bb4.17.4&#8243; _module_preset=\u00bbdefault\u00bb global_colors_info=\u00bb{}\u00bb][et_pb_text _builder_version=\u00bb4.17.4&#8243; _module_preset=\u00bbdefault\u00bb text_text_color=\u00bb#000000&#8243; text_font_size=\u00bb18px\u00bb text_line_height=\u00bb1.8em\u00bb max_width_tablet=\u00bb100%\u00bb max_width_phone=\u00bb100%\u00bb max_width_last_edited=\u00bbon|tablet\u00bb text_font_size_tablet=\u00bb16px\u00bb text_font_size_phone=\u00bb16px\u00bb text_font_size_last_edited=\u00bbon|tablet\u00bb global_colors_info=\u00bb{}\u00bb]<\/p>\n<p><strong>Micaela, apretujando el libro sobre su pecho, se sent\u00eda armada y bien protegida cuando iba a misa aunque fuera sola y no entendiera pr\u00e1cticamente nada de lo que dec\u00edan sus fr\u00e1giles p\u00e1ginas escritas con una letra apretada y min\u00fascula. Lo \u00fanico que le gustaba eran los dibujos a plumilla de santos y v\u00edrgenes es posiciones orantes, inmolados de mala manera y con las caras alzadas como esperando algo del cielo. Le hab\u00edan dicho que ten\u00eda que leer las oraciones que conven\u00edan en cada momento, que se fijara en el santoral de cada d\u00eda y que memorizara algunos p\u00e1rrafos que seg\u00fan le recomendaban eran muy importantes para su formaci\u00f3n religiosa. El libro sin ser un catecismo ten\u00eda vocaci\u00f3n de ser una tabla de multiplicar aplicada al comportamiento bien pensante y a las creencias oficialmente establecidas.<\/strong><br \/><strong>Durante una buena temporada todo sigui\u00f3 seg\u00fan las orientaciones de la escuela, de su familia y del p\u00e1rroco que con el tono de sus palabras advert\u00eda una y otra vez las obligadas costumbres que deber\u00eda observar una buena cristiana y una mujer decente. Micaela apretaba su libro como un amuleto pensando que en \u00e9l se encerraba la verdad absoluta y que era su llave de salvaci\u00f3n.<\/strong><\/p>\n<p><strong>Un d\u00eda observ\u00f3 que los chicos de su misma edad no llevaban velo. Al principio no le dio mucha importancia, pero pasado un cierto tiempo tambi\u00e9n percibi\u00f3 que no solo los muchachos de su edad y los hombres adultos no llevaban velo, sino que tampoco acarreaban, salvo alguna rara excepci\u00f3n, el librito que ella portaba de forma habitual cuando iba a misa y se sentaba detr\u00e1s de los reclinatorios personalizados de las ricas del lugar. Y empez\u00f3 a preguntar. En su familia le dijeron que eso siempre hab\u00eda sido as\u00ed. Que tanto su abuela, su madre, sus t\u00edas y su hermana hab\u00edan llevado el velo y heredado el libro y que ahora le tocaba a ella seguir con la tradici\u00f3n. Que los hombres eran otra cosa. En la escuela, la maestra extra\u00f1ada por sus preguntas en clase de Religi\u00f3n le dijo que el misal \u2013porque as\u00ed se llamaba el libro- era como un manual de buenas pr\u00e1cticas para ser una buena mujer, una buena esposa, una buena madre en su momento y una cristiana ejemplar. No habl\u00f3 de los hombres. Nadie m\u00e1s levant\u00f3 la mano y como en su clase no hab\u00eda nada m\u00e1s que ni\u00f1as no supo cu\u00e1l ser\u00eda la opini\u00f3n de los chicos. No se atrevi\u00f3 a preguntarle al p\u00e1rroco porque le daba verg\u00fcenza. Tambi\u00e9n porque su aguda voz y la velocidad como hablaba le generaba algo de miedo.<\/strong><br \/><strong>Despu\u00e9s de hablar con sus amigas sobre el tema llegaron a la conclusi\u00f3n de que la situaci\u00f3n era muy rara. No entend\u00edan por qu\u00e9 ellas s\u00ed y ellos no. No comprend\u00edan que siendo ya algo mayorcitas ten\u00edan que ir cubiertas y sobre todo llevando un libro que les dec\u00eda cosas que no entend\u00edan y que les obligaban a realizar acciones que no sent\u00edan.<\/strong><br \/><strong>Un buen d\u00eda con su mejor amiga, Micaela tom\u00f3 una decisi\u00f3n. Guard\u00f3 cuidadosamente el velo en un sobre y lo coloc\u00f3 en un caj\u00f3n de la c\u00f3moda del dormitorio de sus padres. Cogi\u00f3 el misal y lo puso cerca de la imagen de Santa Rita que su madre ten\u00eda en la salita. Y sali\u00f3 tranquilamente de su casa, bajando la cuesta sin ataduras en la cabeza ni en las manos pensando que su mejor misal era su conducta e intentar ser buena persona.<\/strong><\/p>\n<p>[\/et_pb_text][\/et_pb_column][\/et_pb_row][\/et_pb_section]<\/p>\n","protected":false},"excerpt":{"rendered":"<p>\u00a0 \u00a0 \u00a0 \u00a0 \u00a0 MISALFrancisco A. Gomera L\u00f3pez A.C. La Tribu Educa mayora.jo@hotmail.esMisal. Museo Pedag\u00f3gico de la Facultad de Ciencias de la Educaci\u00f3n de la Universidad de SevillaMicaela se cern\u00eda desenfada por la cuesta que le llevaba de su casa al parque de su pueblo. Al fondo, en la otra ladera del valle, se [&hellip;]<\/p>\n","protected":false},"author":1,"featured_media":0,"parent":0,"menu_order":0,"comment_status":"closed","ping_status":"closed","template":"","meta":{"_et_pb_use_builder":"on","_et_pb_old_content":"","_et_gb_content_width":"","footnotes":""},"class_list":["post-4480","page","type-page","status-publish","hentry"],"_links":{"self":[{"href":"https:\/\/grupo.us.es\/mujeryeducacion\/wp-json\/wp\/v2\/pages\/4480","targetHints":{"allow":["GET"]}}],"collection":[{"href":"https:\/\/grupo.us.es\/mujeryeducacion\/wp-json\/wp\/v2\/pages"}],"about":[{"href":"https:\/\/grupo.us.es\/mujeryeducacion\/wp-json\/wp\/v2\/types\/page"}],"author":[{"embeddable":true,"href":"https:\/\/grupo.us.es\/mujeryeducacion\/wp-json\/wp\/v2\/users\/1"}],"replies":[{"embeddable":true,"href":"https:\/\/grupo.us.es\/mujeryeducacion\/wp-json\/wp\/v2\/comments?post=4480"}],"version-history":[{"count":4,"href":"https:\/\/grupo.us.es\/mujeryeducacion\/wp-json\/wp\/v2\/pages\/4480\/revisions"}],"predecessor-version":[{"id":5228,"href":"https:\/\/grupo.us.es\/mujeryeducacion\/wp-json\/wp\/v2\/pages\/4480\/revisions\/5228"}],"wp:attachment":[{"href":"https:\/\/grupo.us.es\/mujeryeducacion\/wp-json\/wp\/v2\/media?parent=4480"}],"curies":[{"name":"wp","href":"https:\/\/api.w.org\/{rel}","templated":true}]}}