{"id":4453,"date":"2023-07-26T09:49:59","date_gmt":"2023-07-26T09:49:59","guid":{"rendered":"https:\/\/grupo.us.es\/mujeryeducacion\/?page_id=4453"},"modified":"2023-09-07T12:03:20","modified_gmt":"2023-09-07T12:03:20","slug":"024b-mantilla","status":"publish","type":"page","link":"https:\/\/grupo.us.es\/mujeryeducacion\/024b-mantilla\/","title":{"rendered":"024b. Mantilla"},"content":{"rendered":"<p>[et_pb_section fb_built=\u00bb1&#8243; _builder_version=\u00bb4.17.4&#8243; _module_preset=\u00bbdefault\u00bb background_color=\u00bb#F6EFE7&#8243; custom_padding=\u00bb2px|||||\u00bb custom_css_main_element=\u00bbdisplay=flex;\u00bb global_colors_info=\u00bb{}\u00bb][et_pb_row _builder_version=\u00bb4.17.4&#8243; _module_preset=\u00bbdefault\u00bb width=\u00bb100%\u00bb max_width=\u00bb2560px\u00bb custom_padding=\u00bb0px|||||\u00bb global_colors_info=\u00bb{}\u00bb][et_pb_column type=\u00bb4_4&#8243; _builder_version=\u00bb4.17.4&#8243; _module_preset=\u00bbdefault\u00bb global_colors_info=\u00bb{}\u00bb][et_pb_slider _builder_version=\u00bb4.17.4&#8243; _module_preset=\u00bbdefault\u00bb global_colors_info=\u00bb{}\u00bb][et_pb_slide image=\u00bbhttps:\/\/grupo.us.es\/mujeryeducacion\/wp-content\/uploads\/2023\/05\/image002-15.jpg\u00bb _builder_version=\u00bb4.17.4&#8243; _module_preset=\u00bbdefault\u00bb background_color=\u00bbRGBA(255,255,255,0)\u00bb background_enable_color=\u00bbon\u00bb background_image=\u00bbhttps:\/\/grupo.us.es\/mujeryeducacion\/wp-content\/uploads\/2023\/05\/image002-15.jpg\u00bb background_enable_image=\u00bbon\u00bb global_colors_info=\u00bb{}\u00bb sticky_transition=\u00bbon\u00bb][\/et_pb_slide][\/et_pb_slider][\/et_pb_column][\/et_pb_row][et_pb_row column_structure=\u00bb2_5,3_5&#8243; make_equal=\u00bbon\u00bb _builder_version=\u00bb4.17.4&#8243; _module_preset=\u00bbdefault\u00bb width=\u00bb100%\u00bb max_width=\u00bb2560px\u00bb global_colors_info=\u00bb{}\u00bb][et_pb_column type=\u00bb2_5&#8243; _builder_version=\u00bb4.17.4&#8243; _module_preset=\u00bbdefault\u00bb global_colors_info=\u00bb{}\u00bb][et_pb_image src=\u00bbhttps:\/\/grupo.us.es\/mujeryeducacion\/wp-content\/uploads\/2023\/07\/0-Logo-Museo-Pedagogico-transparente-e1689854632950.png\u00bb title_text=\u00bb0-Logo-Museo-Pedagogico-transparente-recortado\u00bb align_tablet=\u00bb\u00bb align_phone=\u00bbcenter\u00bb align_last_edited=\u00bbon|phone\u00bb _builder_version=\u00bb4.17.4&#8243; _module_preset=\u00bbdefault\u00bb width=\u00bb50%\u00bb width_tablet=\u00bb70%\u00bb width_phone=\u00bb50%\u00bb width_last_edited=\u00bbon|tablet\u00bb hover_enabled=\u00bb0&#8243; global_colors_info=\u00bb{}\u00bb sticky_enabled=\u00bb0&#8243; module_alignment_last_edited=\u00bbon|tablet\u00bb module_alignment_tablet=\u00bbcenter\u00bb module_alignment_phone=\u00bbcenter\u00bb][\/et_pb_image][\/et_pb_column][et_pb_column type=\u00bb3_5&#8243; _builder_version=\u00bb4.17.4&#8243; _module_preset=\u00bbdefault\u00bb global_colors_info=\u00bb{}\u00bb][et_pb_text content_tablet=\u00bb<\/p>\n<p><strong><\/strong><\/p>\n<p style=%22text-align: center;%22><strong>MANTILLA<\/strong><\/p>\n<p>\u00bb content_phone=\u00bb<\/p>\n<p><strong><\/strong><\/p>\n<p style=%22text-align: center;%22><strong>MANTILLA<\/strong><\/p>\n<p>\u00bb content_last_edited=\u00bbon|phone\u00bb _builder_version=\u00bb4.17.4&#8243; _module_preset=\u00bbdefault\u00bb text_text_color=\u00bb#000000&#8243; text_font_size=\u00bb58px\u00bb transform_scale_tablet=\u00bb\u00bb transform_scale_phone=\u00bb\u00bb transform_scale_last_edited=\u00bbon|tablet\u00bb transform_translate_tablet=\u00bb72px|-7px\u00bb transform_translate_phone=\u00bb64px|-7px\u00bb transform_translate_last_edited=\u00bbon|tablet\u00bb transform_rotate_tablet=\u00bb\u00bb transform_rotate_phone=\u00bb\u00bb transform_rotate_last_edited=\u00bbon|tablet\u00bb transform_skew_tablet=\u00bb\u00bb transform_skew_phone=\u00bb\u00bb transform_skew_last_edited=\u00bbon|tablet\u00bb transform_origin_tablet=\u00bb\u00bb transform_origin_phone=\u00bb\u00bb transform_origin_last_edited=\u00bbon|tablet\u00bb transform_styles_last_edited=\u00bbon|tablet\u00bb custom_margin=\u00bb|||-127px||\u00bb text_font_size_tablet=\u00bb58px\u00bb text_font_size_phone=\u00bb42px\u00bb text_font_size_last_edited=\u00bbon|phone\u00bb transform_styles_tablet=\u00bb\u00bb transform_styles_phone=\u00bb\u00bb module_alignment_tablet=\u00bbcenter\u00bb module_alignment_phone=\u00bbcenter\u00bb module_alignment_last_edited=\u00bbon|tablet\u00bb global_colors_info=\u00bb{}\u00bb]<\/p>\n<p><strong><\/strong><\/p>\n<p><strong>\u00a0 \u00a0 \u00a0 \u00a0MANTILLA<\/strong><\/p>\n<p>[\/et_pb_text][et_pb_text content_tablet=\u00bb<\/p>\n<p style=%22text-align: center;%22><strong><\/strong><\/p>\n<p style=%22text-align: center;%22><strong>ENTRE LA CULTURA Y SOCIALIZACI\u00d3N DE <\/strong><\/p>\n<p style=%22text-align: center;%22><strong>MUJERES <\/strong><strong>Y NI\u00d1AS DESDE EL SIGLO XIX<\/strong><\/p>\n<p>\u00bb content_phone=\u00bb<\/p>\n<p style=%22text-align: center;%22><strong><\/strong><\/p>\n<p style=%22text-align: center;%22><strong>ENTRE LA CULTURA Y <\/strong><\/p>\n<p style=%22text-align: center;%22><strong>SOCIALIZACI\u00d3N <\/strong><strong>DE MUJERES Y <\/strong><\/p>\n<p style=%22text-align: center;%22><strong>NI\u00d1AS DESDE EL SIGLO XIX<\/strong><\/p>\n<p>\u00bb content_last_edited=\u00bbon|phone\u00bb _builder_version=\u00bb4.17.4&#8243; _module_preset=\u00bbdefault\u00bb text_text_color=\u00bb#8E8E8E\u00bb text_font_size=\u00bb32px\u00bb text_line_height=\u00bb1.8em\u00bb transform_scale_tablet=\u00bb\u00bb transform_scale_phone=\u00bb\u00bb transform_scale_last_edited=\u00bbon|tablet\u00bb transform_translate_tablet=\u00bb151px|-10px\u00bb transform_translate_phone=\u00bb151px|-10px\u00bb transform_translate_last_edited=\u00bbon|tablet\u00bb transform_rotate_tablet=\u00bb\u00bb transform_rotate_phone=\u00bb\u00bb transform_rotate_last_edited=\u00bbon|tablet\u00bb transform_skew_tablet=\u00bb\u00bb transform_skew_phone=\u00bb\u00bb transform_skew_last_edited=\u00bbon|tablet\u00bb transform_origin_tablet=\u00bb\u00bb transform_origin_phone=\u00bb\u00bb transform_origin_last_edited=\u00bbon|tablet\u00bb transform_styles_last_edited=\u00bbon|tablet\u00bb custom_margin=\u00bb|||-295px||\u00bb text_font_size_tablet=\u00bb32px\u00bb text_font_size_phone=\u00bb24px\u00bb text_font_size_last_edited=\u00bbon|desktop\u00bb transform_styles_tablet=\u00bb\u00bb transform_styles_phone=\u00bb\u00bb global_colors_info=\u00bb{}\u00bb]<\/p>\n<p><strong>\u00a0 \u00a0 \u00a0ENTRE LA CULTURA Y SOCIALIZACI\u00d3N DE <\/strong><strong style=\"font-size: 32px;\">MUJERES <\/strong><\/p>\n<p><strong style=\"font-size: 32px;\">\u00a0 \u00a0 \u00a0 \u00a0 \u00a0 \u00a0 \u00a0 \u00a0 \u00a0 \u00a0 \u00a0 \u00a0 Y NI\u00d1AS DESDE EL SIGLO XIX<\/strong><\/p>\n<p>[\/et_pb_text][\/et_pb_column][\/et_pb_row][et_pb_row _builder_version=\u00bb4.17.4&#8243; _module_preset=\u00bbdefault\u00bb global_colors_info=\u00bb{}\u00bb][et_pb_column type=\u00bb4_4&#8243; _builder_version=\u00bb4.17.4&#8243; _module_preset=\u00bbdefault\u00bb global_colors_info=\u00bb{}\u00bb][et_pb_text _builder_version=\u00bb4.17.4&#8243; _module_preset=\u00bbdefault\u00bb global_colors_info=\u00bb{}\u00bb]<\/p>\n<h1 style=\"text-align: center;\">Carlos Sanz Sim\u00f3n<\/h1>\n<p><span class=\"EOP SCXW150617363 BCX9\" data-ccp-props=\"{&quot;201341983&quot;:0,&quot;335551550&quot;:3,&quot;335551620&quot;:3,&quot;335559739&quot;:0,&quot;335559740&quot;:240}\"><span class=\"EOP SCXW184100114 BCX9\" data-ccp-props=\"{&quot;201341983&quot;:0,&quot;335551550&quot;:3,&quot;335551620&quot;:3,&quot;335559739&quot;:0,&quot;335559740&quot;:240}\"><span data-contrast=\"auto\" xml:lang=\"ES-ES\" lang=\"ES-ES\" class=\"TextRun SCXW37953205 BCX9\"><span class=\"NormalTextRun SCXW37953205 BCX9\"><span data-contrast=\"auto\" xml:lang=\"ES-ES\" lang=\"ES-ES\" class=\"TextRun SCXW144867011 BCX9\"><span class=\"NormalTextRun SCXW144867011 BCX9\"><span class=\"EOP SCXW91137730 BCX9\" data-ccp-props=\"{&quot;335551550&quot;:3,&quot;335551620&quot;:3}\"><\/span><\/span><\/span><\/span><\/span><\/span><\/span><\/p>\n<h4 style=\"text-align: center;\">Universidad Complutense de Madrid<\/h4>\n<p><span data-contrast=\"auto\" xml:lang=\"ES-ES\" lang=\"ES-ES\" class=\"TextRun SCXW38795511 BCX9\"><span class=\"NormalTextRun SCXW38795511 BCX9\"><\/span><\/span><\/p>\n<p style=\"text-align: center;\"><span data-contrast=\"auto\"><\/span><\/p>\n<h6 style=\"text-align: center;\"><span style=\"color: #8e8e8e;\"><span data-contrast=\"none\" xml:lang=\"ES-ES\" lang=\"ES-ES\" class=\"TextRun Underlined SCXW183494506 BCX9\" style=\"color: #8e8e8e;\"><span class=\"NormalTextRun SCXW183494506 BCX9\" data-ccp-charstyle=\"Hyperlink\"><a class=\"Hyperlink SCXW183494506 BCX9\" href=\"mailto:eulalia@uvic.cat\" target=\"_blank\" rel=\"noreferrer noopener\">csa02@ucm.es<\/a><\/span><\/span><\/span><\/h6>\n<p>[\/et_pb_text][\/et_pb_column][\/et_pb_row][et_pb_row column_structure=\u00bb1_4,3_4&#8243; _builder_version=\u00bb4.17.4&#8243; _module_preset=\u00bbdefault\u00bb width=\u00bb100%\u00bb max_width=\u00bb2560px\u00bb global_colors_info=\u00bb{}\u00bb][et_pb_column type=\u00bb1_4&#8243; _builder_version=\u00bb4.17.4&#8243; _module_preset=\u00bbdefault\u00bb global_colors_info=\u00bb{}\u00bb][et_pb_image src=\u00bbhttps:\/\/grupo.us.es\/mujeryeducacion\/wp-content\/uploads\/2023\/05\/image002-15.jpg\u00bb title_text=\u00bbimage002-15&#8243; align_tablet=\u00bbcenter\u00bb align_phone=\u00bbcenter\u00bb align_last_edited=\u00bbon|tablet\u00bb _builder_version=\u00bb4.17.4&#8243; _module_preset=\u00bbdefault\u00bb width=\u00bb100%\u00bb max_width=\u00bb100%\u00bb max_width_tablet=\u00bb100%\u00bb max_width_phone=\u00bb89%\u00bb max_width_last_edited=\u00bbon|phone\u00bb custom_margin=\u00bb||28px|20px|false|false\u00bb global_colors_info=\u00bb{}\u00bb][\/et_pb_image][et_pb_text content_tablet=\u00bb<\/p>\n<p style=%22text-align: center;%22><strong>Pandereta. Museo Pedag\u00f3gico de la Facultad de Ciencias de la Educaci\u00f3n de la Universidad de Sevilla<\/strong><\/p>\n<p>\u00bb content_phone=\u00bb<\/p>\n<p style=%22text-align: center;%22><strong>Pandereta. Museo Pedag\u00f3gico de la Facultad de Ciencias de la Educaci\u00f3n de la Universidad de Sevilla<\/strong><\/p>\n<p>\u00bb content_last_edited=\u00bboff|desktop\u00bb _builder_version=\u00bb4.17.4&#8243; _module_preset=\u00bbdefault\u00bb custom_margin=\u00bb|||20px|false|false\u00bb global_colors_info=\u00bb{}\u00bb]<\/p>\n<p><strong>Mantilla. <\/strong><strong>Museo Pedag\u00f3gico de la Facultad de Ciencias de la Educaci\u00f3n de la Universidad de Sevilla<\/strong><\/p>\n<p>[\/et_pb_text][\/et_pb_column][et_pb_column type=\u00bb3_4&#8243; _builder_version=\u00bb4.17.4&#8243; _module_preset=\u00bbdefault\u00bb global_colors_info=\u00bb{}\u00bb][et_pb_text _builder_version=\u00bb4.17.4&#8243; _module_preset=\u00bbdefault\u00bb text_text_color=\u00bb#000000&#8243; text_font_size=\u00bb18px\u00bb text_line_height=\u00bb1.8em\u00bb max_width_tablet=\u00bb95%\u00bb max_width_phone=\u00bb90%\u00bb max_width_last_edited=\u00bbon|tablet\u00bb custom_margin_tablet=\u00bb|||20px|false|false\u00bb custom_margin_phone=\u00bb|||20px|false|false\u00bb custom_margin_last_edited=\u00bbon|tablet\u00bb text_font_size_tablet=\u00bb16px\u00bb text_font_size_phone=\u00bb16px\u00bb text_font_size_last_edited=\u00bbon|tablet\u00bb global_colors_info=\u00bb{}\u00bb]<\/p>\n<p><strong>La mantilla es una de las prendas femeninas m\u00e1s representativas del folclore en Espa\u00f1a. Su presencia se extendi\u00f3 a los pa\u00edses de cultura hispana, si bien su uso se generaliz\u00f3 en el siglo XVIII. En esta \u00e9poca, el pa\u00eds estaba sumido en la monarqu\u00eda isabelina y en los trazados de Francisco de Goya, quien se preocup\u00f3 por reflejar la tendencia castiza de aquellas mujeres espa\u00f1olas que luc\u00edan la basqui\u00f1a \u2014una falda negra\u2014, y la prenda que nos ata\u00f1e. Ambos, atuendos ubicados dentro de la corriente estil\u00edstica denominada majismo (Leira, 2007), una tendencia propia del estilo neomanierista \u2014comprendido entre 1828 y 1836\u2014, en el cual se aprecia de forma generalizada el cabello femenino cubierto con ella.<\/strong><strong><\/strong><\/p>\n<p><strong>El reinado de Isabel II fue, por tanto, el periodo de mayor \u00e9xito para este complemento. Como refleja Pablo Pena, \u201chacia 1830 no hab\u00eda mujer en Espa\u00f1a que se privara de mantilla\u201d (Pena, 2007, p. 103), si bien tan solo dos d\u00e9cadas despu\u00e9s su uso ya se encontraba restringido para eventos y festividades muy concretos: principalmente las celebraciones taurinas y la Semana Santa. No obstante, este boom dio pie, incluso, a su exportaci\u00f3n al resto de Europa en las d\u00e9cadas posteriores hasta su paulatina desaparici\u00f3n, tambi\u00e9n en el pa\u00eds de origen, hacia mediados de la centuria decimon\u00f3nica (Pena, 2007). La mantilla, por tanto, engalan\u00f3 los tocados de las mujeres espa\u00f1olas durante m\u00e1s de veinte a\u00f1os y su utilizaci\u00f3n se redujo progresivamente hasta menguar su presencia en la esfera p\u00fablica. <\/strong><\/p>\n<p>[\/et_pb_text][\/et_pb_column][\/et_pb_row][et_pb_row column_structure=\u00bb2_3,1_3&#8243; _builder_version=\u00bb4.17.4&#8243; _module_preset=\u00bbdefault\u00bb width=\u00bb100%\u00bb max_width=\u00bb2560px\u00bb custom_padding=\u00bb41px|||||\u00bb global_colors_info=\u00bb{}\u00bb][et_pb_column type=\u00bb2_3&#8243; _builder_version=\u00bb4.17.4&#8243; _module_preset=\u00bbdefault\u00bb global_colors_info=\u00bb{}\u00bb][et_pb_text _builder_version=\u00bb4.17.4&#8243; _module_preset=\u00bbdefault\u00bb text_text_color=\u00bb#000000&#8243; text_font_size=\u00bb18px\u00bb text_line_height=\u00bb1.8em\u00bb max_width_tablet=\u00bb95%\u00bb max_width_phone=\u00bb90%\u00bb max_width_last_edited=\u00bbon|tablet\u00bb custom_margin=\u00bb|||20px|false|false\u00bb text_font_size_tablet=\u00bb16px\u00bb text_font_size_phone=\u00bb16px\u00bb text_font_size_last_edited=\u00bbon|tablet\u00bb global_colors_info=\u00bb{}\u00bb]<\/p>\n<p><strong>Sin embargo, su uso testimonial hizo que, como se ha se\u00f1alado, quedara estrechamente vinculada a ceremonias intr\u00ednsecamente relacionadas con la vida cultural m\u00e1s sustantiva del pa\u00eds. La liturgia y la tauromaquia asimilaron esta prenda como un elemento de culto, tambi\u00e9n en el siglo XX. De hecho, en este periodo encontramos otra \u00e9poca de auge en su uso. Los a\u00f1os cuarenta representaron el racionamiento, el oscurantismo y la represi\u00f3n de la dictadura de Franco. Este ambiente ostracista \u2014unido a una situaci\u00f3n econ\u00f3mica delicada\u2014 hizo que las mujeres tuvieran que reciclar prendas anteriores, con una producci\u00f3n de telas m\u00e1s \u00e1speras y sobrias (Vaquero, 2007). As\u00ed las cosas, la vuelta a las costumbres y el integrismo propio del catolicismo trajeron de vuelta esta prenda con una peculiaridad: el color negro. De este modo, la mantilla se integr\u00f3 plenamente en los c\u00f3digos de vestimenta de las mujeres espa\u00f1olas de la \u00e9poca, en una tradici\u00f3n que se traslad\u00f3 generaci\u00f3n tras generaci\u00f3n y que se convirti\u00f3 en un requisito para asistir a la iglesia (Escudero, 2007; Manrique, 2008). Las ni\u00f1as espa\u00f1olas ve\u00edan a sus madres y abuelas lucir este atuendo en dichas ceremonias, el cual progresivamente fueron incorporando a sus vidas.<\/strong><\/p>\n<p>[\/et_pb_text][\/et_pb_column][et_pb_column type=\u00bb1_3&#8243; _builder_version=\u00bb4.17.4&#8243; _module_preset=\u00bbdefault\u00bb global_colors_info=\u00bb{}\u00bb][et_pb_image src=\u00bbhttps:\/\/grupo.us.es\/mujeryeducacion\/wp-content\/uploads\/2023\/05\/image002-15.jpg\u00bb title_text=\u00bbimage002-15&#8243; align_tablet=\u00bbcenter\u00bb align_phone=\u00bbcenter\u00bb align_last_edited=\u00bbon|tablet\u00bb _builder_version=\u00bb4.17.4&#8243; _module_preset=\u00bbdefault\u00bb global_colors_info=\u00bb{}\u00bb][\/et_pb_image][\/et_pb_column][\/et_pb_row][et_pb_row _builder_version=\u00bb4.17.4&#8243; _module_preset=\u00bbdefault\u00bb width=\u00bb90%\u00bb max_width=\u00bb2560px\u00bb custom_margin=\u00bb|||20px|false|false\u00bb global_colors_info=\u00bb{}\u00bb][et_pb_column type=\u00bb4_4&#8243; _builder_version=\u00bb4.17.4&#8243; _module_preset=\u00bbdefault\u00bb global_colors_info=\u00bb{}\u00bb][et_pb_text _builder_version=\u00bb4.17.4&#8243; _module_preset=\u00bbdefault\u00bb text_text_color=\u00bb#000000&#8243; text_font_size=\u00bb18px\u00bb text_line_height=\u00bb1.8em\u00bb max_width_tablet=\u00bb100%\u00bb max_width_phone=\u00bb100%\u00bb max_width_last_edited=\u00bbon|tablet\u00bb text_font_size_tablet=\u00bb16px\u00bb text_font_size_phone=\u00bb16px\u00bb text_font_size_last_edited=\u00bbon|tablet\u00bb global_colors_info=\u00bb{}\u00bb]<\/p>\n<p><strong>Este canon de estilismo y belleza tambi\u00e9n se reprodujo desde las escuelas. En la vida diaria del nacionalcatolicismo, las ni\u00f1as vestir\u00edan esta prenda principalmente en los actos lit\u00fargicos. Su uso, no obstante, no quedar\u00eda mediado \u00fanicamente por la mera imitaci\u00f3n de costumbres. Desde los textos escolares tambi\u00e9n se dio cabida a esta prenda. Es el caso del libro Hispania M\u00e1ter. El alma de la raza, redactado por el inspector de primera ense\u00f1anza Alfredo Gil Mu\u00f1iz \u2014de la provincia de C\u00f3rdoba\u2014, quien dedic\u00f3 entre sus p\u00e1ginas un poema espec\u00edfico a la prenda, titulado La mantilla espa\u00f1ola. En \u00e9l, se dec\u00eda exaltaba la belleza de la mujer que la luc\u00eda y su capacidad para cortejar a los hombres:<\/strong><\/p>\n<p style=\"text-align: center;\"><em>La mantilla es el tocado<\/em><br \/><em>que m\u00e1s gracias ha donado<\/em><br \/><em>a la mujer espa\u00f1ola [\u2026]<\/em><br \/><em>Bello adorno que reintegra<\/em><br \/><em>el encanto feminil [\u2026]<\/em><br \/><em>Que, adornando una cabeza,<\/em><br \/><em>a los hombres extas\u00eda<\/em><br \/><em>por su atrayente guapeza. (Gil, 1927: 62-63)<\/em><\/p>\n<p><strong>Finalmente, cabe destacar que los materiales m\u00e1s empleados para la confecci\u00f3n de la mantilla fueron la seda, el tul o el Chantilly, con distintas variantes en funci\u00f3n de la zona geogr\u00e1fica \u2014andaluza, aragonesa, castellana o leonesa\u2014 e, incluso, adoptando distintas variantes en funci\u00f3n del acto realizado, como se ha indicado anteriormente. En la actualidad, el uso de la mantilla contin\u00faa restringido a este tipo de actos, si bien su presencia en la liturgia diaria es anecd\u00f3tica.<\/strong><\/p>\n<p>&nbsp;<\/p>\n<p>[\/et_pb_text][et_pb_text _builder_version=\u00bb4.17.4&#8243; _module_preset=\u00bbdefault\u00bb text_text_color=\u00bb#000000&#8243; text_font_size=\u00bb18px\u00bb text_line_height=\u00bb1.8em\u00bb max_width_tablet=\u00bb100%\u00bb max_width_phone=\u00bb100%\u00bb max_width_last_edited=\u00bbon|tablet\u00bb text_font_size_tablet=\u00bb16px\u00bb text_font_size_phone=\u00bb16px\u00bb text_font_size_last_edited=\u00bbon|tablet\u00bb global_colors_info=\u00bb{}\u00bb]<\/p>\n<p><strong>Referencias bibliogr\u00e1ficas<\/strong><\/p>\n<p>Escudero And\u00fajar, Fuensanta (2007): <em>Dictadura y oposici\u00f3n al franquismo en Murcia. De las c\u00e1rceles de posguerra a las primeras elecciones. <\/em>Murcia: Universidad DL.<\/p>\n<p>Gil Mu\u00f1iz, Alfonso (1927): <em>Hispania M\u00e1ter. El alma de la raza<\/em>. Burgos: Hijos de Santiago Rodr\u00edguez.<\/p>\n<p>Leira S\u00e1nchez, Amelia (2007): La moda en Espa\u00f1a durante el siglo XVIII. <em>Indumenta: Revista del Museo del Traje, <\/em>n\u00ba. 0, 87-94.<\/p>\n<p>Manrique Arribas, Juan Carlos (2008): <em>La mujer y la educaci\u00f3n f\u00edsica durante el franquismo<\/em>. Valladolid: Universidad de Valladolid.<\/p>\n<p>Pena Gonz\u00e1lez, Pablo (2007): Indumentaria en Espa\u00f1a: el periodo isabelino (1830-1868). <em>Indumenta: Revista del Museo del Traje, <\/em>n\u00ba. 0, 95-106.<\/p>\n<p>Rabazas Romero, Teresa y Sanz Sim\u00f3n, Carlos (2019): Entre la tradici\u00f3n y la modernidad. Modelos y discursos educativos de la mujer espa\u00f1ola en los textos escolares durante la Segunda Rep\u00fablica (1931-1936). En Gonz\u00e1lez, Teresa (Coord.): <em>La educaci\u00f3n de las mujeres en Iberoam\u00e9rica. An\u00e1lisis hist\u00f3rico<\/em>. Valencia: Tirant Humanidades, pp. 447-489.<\/p>\n<p>Vaquero Arg\u00fcelles, Isabel (2007): El reinado de la Alta Costura: la moda de la primera mitad del siglo XX. <em>Indumenta: Revista del Museo del Traje<\/em>, n\u00ba. 0, 123-134.<\/p>\n<p>[\/et_pb_text][\/et_pb_column][\/et_pb_row][\/et_pb_section]<\/p>\n","protected":false},"excerpt":{"rendered":"<p>\u00a0 \u00a0 \u00a0 \u00a0MANTILLA\u00a0 \u00a0 \u00a0ENTRE LA CULTURA Y SOCIALIZACI\u00d3N DE MUJERES \u00a0 \u00a0 \u00a0 \u00a0 \u00a0 \u00a0 \u00a0 \u00a0 \u00a0 \u00a0 \u00a0 \u00a0 Y NI\u00d1AS DESDE EL SIGLO XIXCarlos Sanz Sim\u00f3n Universidad Complutense de Madrid csa02@ucm.esMantilla. Museo Pedag\u00f3gico de la Facultad de Ciencias de la Educaci\u00f3n de la Universidad de SevillaLa mantilla es una [&hellip;]<\/p>\n","protected":false},"author":1,"featured_media":0,"parent":0,"menu_order":0,"comment_status":"closed","ping_status":"closed","template":"","meta":{"_et_pb_use_builder":"on","_et_pb_old_content":"","_et_gb_content_width":"","footnotes":""},"class_list":["post-4453","page","type-page","status-publish","hentry"],"_links":{"self":[{"href":"https:\/\/grupo.us.es\/mujeryeducacion\/wp-json\/wp\/v2\/pages\/4453","targetHints":{"allow":["GET"]}}],"collection":[{"href":"https:\/\/grupo.us.es\/mujeryeducacion\/wp-json\/wp\/v2\/pages"}],"about":[{"href":"https:\/\/grupo.us.es\/mujeryeducacion\/wp-json\/wp\/v2\/types\/page"}],"author":[{"embeddable":true,"href":"https:\/\/grupo.us.es\/mujeryeducacion\/wp-json\/wp\/v2\/users\/1"}],"replies":[{"embeddable":true,"href":"https:\/\/grupo.us.es\/mujeryeducacion\/wp-json\/wp\/v2\/comments?post=4453"}],"version-history":[{"count":6,"href":"https:\/\/grupo.us.es\/mujeryeducacion\/wp-json\/wp\/v2\/pages\/4453\/revisions"}],"predecessor-version":[{"id":5224,"href":"https:\/\/grupo.us.es\/mujeryeducacion\/wp-json\/wp\/v2\/pages\/4453\/revisions\/5224"}],"wp:attachment":[{"href":"https:\/\/grupo.us.es\/mujeryeducacion\/wp-json\/wp\/v2\/media?parent=4453"}],"curies":[{"name":"wp","href":"https:\/\/api.w.org\/{rel}","templated":true}]}}