{"id":455,"date":"2020-03-16T19:30:12","date_gmt":"2020-03-16T19:30:12","guid":{"rendered":"http:\/\/grupo.us.es\/minerva\/?post_type=portfolio&#038;p=455"},"modified":"2020-03-16T21:21:10","modified_gmt":"2020-03-16T21:21:10","slug":"desarrollo-de-comunidades-locales-energeticamente-positivas-con-sistemas-hibridos-de-generacion-renovable-y-almacenamiento","status":"publish","type":"portfolio","link":"https:\/\/grupo.us.es\/minerva\/proyecto\/desarrollo-de-comunidades-locales-energeticamente-positivas-con-sistemas-hibridos-de-generacion-renovable-y-almacenamiento\/","title":{"rendered":"Desarrollo De Comunidades Locales Energ\u00e9ticamente Positivas Con Sistemas H\u00edbridos De Generaci\u00f3n Renovable Y Almacenamiento"},"content":{"rendered":"<p lang=\"es-ES\"><span style=\"font-family: Times New Roman, serif;\"><span style=\"font-size: medium;\"><i>EMPRESA\/ADMINISTRACI\u00d3N FINANCIADORA:<\/i> <i>Centro de Excelencia Cervera en la tecnolog\u00eda<\/i><i> Transici\u00f3n Energ\u00e9tica. (<\/i><span lang=\"es-ES-u-co-trad\"><i>CER-20191019)<\/i><\/span><\/span><\/span><\/p>\n<p class=\"western\" lang=\"es-ES-u-co-trad\" align=\"justify\"><span style=\"font-family: Times New Roman, serif;\"><span style=\"font-size: small;\"><span style=\"font-size: medium;\"><i>CENTRO TECNOLOGICOS PARTICIPANTES:<\/i><\/span><b> <\/b><span style=\"font-family: ArialNarrow, sans-serif;\"><span lang=\"es-ES\">INSTITUTO TECNOLOGICO DE LA ENERGIA &#8211; ASOCIACION INSTITUTO DE TECNOLOGIA ELECTRICA,<\/span><\/span><b> <\/b><span style=\"font-family: ArialNarrow, sans-serif;\"><span lang=\"es-ES\">ASOCIACION DE INVESTIGACION Y COOPERACION INDUSTRIAL DE ANDALUCIA \u201cF. DE PAULA ROJAS\u201d, FUNDACION CARTIF, FUNDACION INSTITUTO TECNOLOGICO DE GALICIA y IK4-IKERLAN<\/span><\/span><\/span><\/span><\/p>\n<p class=\"western\" lang=\"es-ES-u-co-trad\" align=\"justify\"><span style=\"font-family: Times New Roman, serif;\"><span style=\"font-size: medium;\"><i>DURACI\u00d3N desde: enero 2020 hasta 2023<\/i><\/span><\/span><\/p>\n<p class=\"western\" lang=\"es-ES-u-co-trad\" align=\"justify\"><span style=\"font-family: Times New Roman, serif;\"><span style=\"font-size: small;\"><span style=\"font-size: medium;\"><i>Presupuesto Total: 3.738.200,00 \u20ac<\/i><\/span><\/span><\/span><\/p>\n<p class=\"western\" lang=\"es-ES-u-co-trad\" align=\"justify\"><span style=\"font-family: Times New Roman, serif;\"><span style=\"font-size: small;\"><span style=\"font-size: medium;\"><i>INVESTIGADOR PRINCIPAL AICIA: Jes\u00fas Riquelme Santos<\/i><\/span><\/span><\/span><\/p>\n<p class=\"western\" lang=\"es-ES-u-co-trad\" align=\"justify\"><span style=\"font-family: Times New Roman, serif;\"><span style=\"font-size: small;\"><span style=\"font-size: medium;\"><i>PRESUPUESTO PARCIAL AICIA: 648.947,00 \u20ac<\/i><\/span><\/span><\/span><\/p>\n","protected":false},"featured_media":0,"menu_order":0,"template":"","portfolio-category":[24],"portfolio-tag":[],"class_list":["post-455","portfolio","type-portfolio","status-publish","hentry","portfolio-category-empresa","post-item clearfix"],"_links":{"self":[{"href":"https:\/\/grupo.us.es\/minerva\/wp-json\/wp\/v2\/portfolio\/455","targetHints":{"allow":["GET"]}}],"collection":[{"href":"https:\/\/grupo.us.es\/minerva\/wp-json\/wp\/v2\/portfolio"}],"about":[{"href":"https:\/\/grupo.us.es\/minerva\/wp-json\/wp\/v2\/types\/portfolio"}],"wp:attachment":[{"href":"https:\/\/grupo.us.es\/minerva\/wp-json\/wp\/v2\/media?parent=455"}],"wp:term":[{"taxonomy":"portfolio-category","embeddable":true,"href":"https:\/\/grupo.us.es\/minerva\/wp-json\/wp\/v2\/portfolio-category?post=455"},{"taxonomy":"portfolio-tag","embeddable":true,"href":"https:\/\/grupo.us.es\/minerva\/wp-json\/wp\/v2\/portfolio-tag?post=455"}],"curies":[{"name":"wp","href":"https:\/\/api.w.org\/{rel}","templated":true}]}}

Desarrollo De Comunidades Locales Energéticamente Positivas Con Sistemas Híbridos De Generación Renovable Y Almacenamiento

<p lang="es-ES"><span style="font-family: Times New Roman, serif;"><span style="font-size: medium;"><i>EMPRESA/ADMINISTRACIÓN FINANCIADORA:</i> <i>Centro de Excelencia Cervera en la tecnología</i><i> Transición Energética. (</i><span lang="es-ES-u-co-trad"><i>CER-20191019)</i></span></span></span></p>
<p class="western" lang="es-ES-u-co-trad" align="justify"><span style="font-family: Times New Roman, serif;"><span style="font-size: small;"><span style="font-size: medium;"><i>CENTRO TECNOLOGICOS PARTICIPANTES:</i></span><b> </b><span style="font-family: ArialNarrow, sans-serif;"><span lang="es-ES">INSTITUTO TECNOLOGICO DE LA ENERGIA &#8211; ASOCIACION INSTITUTO DE TECNOLOGIA ELECTRICA,</span></span><b> </b><span style="font-family: ArialNarrow, sans-serif;"><span lang="es-ES">ASOCIACION DE INVESTIGACION Y COOPERACION INDUSTRIAL DE ANDALUCIA “F. DE PAULA ROJAS”, FUNDACION CARTIF, FUNDACION INSTITUTO TECNOLOGICO DE GALICIA y IK4-IKERLAN</span></span></span></span></p>
<p class="western" lang="es-ES-u-co-trad" align="justify"><span style="font-family: Times New Roman, serif;"><span style="font-size: medium;"><i>DURACIÓN desde: enero 2020 hasta 2023</i></span></span></p>
<p class="western" lang="es-ES-u-co-trad" align="justify"><span style="font-family: Times New Roman, serif;"><span style="font-size: small;"><span style="font-size: medium;"><i>Presupuesto Total: 3.738.200,00 €</i></span></span></span></p>
<p class="western" lang="es-ES-u-co-trad" align="justify"><span style="font-family: Times New Roman, serif;"><span style="font-size: small;"><span style="font-size: medium;"><i>INVESTIGADOR PRINCIPAL AICIA: Jesús Riquelme Santos</i></span></span></span></p>
<p class="western" lang="es-ES-u-co-trad" align="justify"><span style="font-family: Times New Roman, serif;"><span style="font-size: small;"><span style="font-size: medium;"><i>PRESUPUESTO PARCIAL AICIA: 648.947,00 €</i></span></span></span></p>
