{"id":752,"date":"2021-01-01T12:00:00","date_gmt":"2021-01-01T12:00:00","guid":{"rendered":"https:\/\/grupo.us.es\/minerva\/evolutionary-3d-image-segmentation-of-curve-epithelial-tissues-of-drosophila-melanogaster\/"},"modified":"2021-01-01T12:00:00","modified_gmt":"2021-01-01T12:00:00","slug":"evolutionary-3d-image-segmentation-of-curve-epithelial-tissues-of-drosophila-melanogaster","status":"publish","type":"page","link":"https:\/\/grupo.us.es\/minerva\/evolutionary-3d-image-segmentation-of-curve-epithelial-tissues-of-drosophila-melanogaster\/","title":{"rendered":"Evolutionary 3D Image Segmentation of Curve Epithelial Tissues of Drosophila melanogaster"},"content":{"rendered":"<p><div class=\"tp_single_publication\"><span class=\"tp_single_author\">Carlos Capit\u00e1n-Agudo, Beatriz Pontes, Pedro G\u00f3mez-G\u00e1lvez, Pablo Vicente-Munuera: <\/span> <span class=\"tp_single_title\">Evolutionary 3D Image Segmentation of Curve Epithelial Tissues of Drosophila melanogaster<\/span>. <span class=\"tp_single_additional\"><span class=\"tp_pub_additional_in\">En: <\/span><span class=\"tp_pub_additional_journal\">Applied Sciences, <\/span><span class=\"tp_pub_additional_volume\">vol. 11, <\/span><span class=\"tp_pub_additional_pages\">pp. 6410, <\/span><span class=\"tp_pub_additional_year\">2021<\/span>.<\/span><\/div><!--more--><\/p>\n<h2 class=\"tp_abstract\">Resumen<\/h2><p class=\"tp_abstract\"><\/p>\n<h2 class=\"tp_links\">Enlaces<\/h2><p class=\"tp_abstract\"><ul class=\"tp_pub_list\"><li><i class=\"fas fa-globe\"><\/i><a class=\"tp_pub_list\" href=\"https:\/\/doi.org\/10.3390\/app11146410\" title=\"https:\/\/doi.org\/10.3390\/app11146410\" target=\"_blank\">https:\/\/doi.org\/10.3390\/app11146410<\/a><\/li><li><i class=\"ai ai-doi\"><\/i><a class=\"tp_pub_list\" href=\"https:\/\/dx.doi.org\/10.3390\/app11146410\" title=\"DOI de seguimiento:10.3390\/app11146410\" target=\"_blank\">doi:10.3390\/app11146410<\/a><\/li><\/ul><\/p>\n<h2 class=\"tp_bibtex\">BibTeX (<a href=\"https:\/\/grupo.us.es\/minerva?feed=tp_pub_bibtex&amp;key=10.3390\/app11146410\">Download<\/a>)<\/h2><pre class=\"tp_bibtex\">@article{10.3390\/app11146410,\r\ntitle = {Evolutionary 3D Image Segmentation of Curve Epithelial Tissues of Drosophila melanogaster},\r\nauthor = {Carlos Capit\u00e1n-Agudo and Beatriz Pontes and Pedro G\u00f3mez-G\u00e1lvez and Pablo Vicente-Munuera},\r\nurl = {https:\/\/doi.org\/10.3390\/app11146410},\r\ndoi = {10.3390\/app11146410},\r\nyear  = {2021},\r\ndate = {2021-01-01},\r\njournal = {Applied Sciences},\r\nvolume = {11},\r\npages = {6410},\r\nkeywords = {},\r\npubstate = {published},\r\ntppubtype = {article}\r\n}\r\n<\/pre>\n","protected":false},"excerpt":{"rendered":"","protected":false},"author":1,"featured_media":0,"parent":0,"menu_order":0,"comment_status":"closed","ping_status":"closed","template":"","meta":{"footnotes":""},"class_list":["post-752","page","type-page","status-publish","hentry","post-item clearfix"],"_links":{"self":[{"href":"https:\/\/grupo.us.es\/minerva\/wp-json\/wp\/v2\/pages\/752","targetHints":{"allow":["GET"]}}],"collection":[{"href":"https:\/\/grupo.us.es\/minerva\/wp-json\/wp\/v2\/pages"}],"about":[{"href":"https:\/\/grupo.us.es\/minerva\/wp-json\/wp\/v2\/types\/page"}],"author":[{"embeddable":true,"href":"https:\/\/grupo.us.es\/minerva\/wp-json\/wp\/v2\/users\/1"}],"replies":[{"embeddable":true,"href":"https:\/\/grupo.us.es\/minerva\/wp-json\/wp\/v2\/comments?post=752"}],"version-history":[{"count":0,"href":"https:\/\/grupo.us.es\/minerva\/wp-json\/wp\/v2\/pages\/752\/revisions"}],"wp:attachment":[{"href":"https:\/\/grupo.us.es\/minerva\/wp-json\/wp\/v2\/media?parent=752"}],"curies":[{"name":"wp","href":"https:\/\/api.w.org\/{rel}","templated":true}]}}