{"id":419,"date":"2019-01-31T12:00:00","date_gmt":"2019-01-31T12:00:00","guid":{"rendered":"http:\/\/grupo.us.es\/minerva\/a-framework-for-evaluating-land-use-and-land-cover-classification-using-convolutional-neural-networks-3\/"},"modified":"2019-01-31T12:00:00","modified_gmt":"2019-01-31T12:00:00","slug":"a-framework-for-evaluating-land-use-and-land-cover-classification-using-convolutional-neural-networks-3","status":"publish","type":"page","link":"https:\/\/grupo.us.es\/minerva\/a-framework-for-evaluating-land-use-and-land-cover-classification-using-convolutional-neural-networks-3\/","title":{"rendered":"A Framework for Evaluating Land Use and Land Cover Classification Using Convolutional Neural Networks"},"content":{"rendered":"<p><div class=\"tp_single_publication\"><span class=\"tp_single_author\">M Carranza-Garc\u00eda, J Garc\u00eda-Guti\u00e9rrez, J C Riquelme: <\/span> <span class=\"tp_single_title\">A Framework for Evaluating Land Use and Land Cover Classification Using Convolutional Neural Networks<\/span>. <span class=\"tp_single_additional\"><span class=\"tp_pub_additional_in\">En: <\/span><span class=\"tp_pub_additional_journal\">Remote Sensing, <\/span><span class=\"tp_pub_additional_volume\">vol. 11 (3), <\/span><span class=\"tp_pub_additional_number\">no 274, <\/span><span class=\"tp_pub_additional_year\">2019<\/span><span class=\"tp_pub_additional_note\">, (JCR(2018): 4.118)<\/span>.<\/span><\/div><!--more--><\/p>\n<h2 class=\"tp_abstract\">Resumen<\/h2><p class=\"tp_abstract\"><\/p>\n<h2 class=\"tp_links\">Enlaces<\/h2><p class=\"tp_abstract\"><ul class=\"tp_pub_list\"><li><i class=\"ai ai-doi\"><\/i><a class=\"tp_pub_list\" href=\"https:\/\/dx.doi.org\/10.3390\/rs11030274\" title=\"DOI de seguimiento:10.3390\/rs11030274\" target=\"_blank\">doi:10.3390\/rs11030274<\/a><\/li><\/ul><\/p>\n<h2 class=\"tp_bibtex\">BibTeX (<a href=\"https:\/\/grupo.us.es\/minerva?feed=tp_pub_bibtex&amp;key=M2019\">Download<\/a>)<\/h2><pre class=\"tp_bibtex\">@article{M2019,\r\ntitle = {A Framework for Evaluating Land Use and Land Cover Classification Using Convolutional Neural Networks},\r\nauthor = {M Carranza-Garc\u00eda and J Garc\u00eda-Guti\u00e9rrez and J C Riquelme},\r\ndoi = {10.3390\/rs11030274},\r\nyear  = {2019},\r\ndate = {2019-01-31},\r\njournal = {Remote Sensing},\r\nvolume = {11 (3)},\r\nnumber = {274},\r\nnote = {JCR(2018): 4.118},\r\nkeywords = {machine learning},\r\npubstate = {published},\r\ntppubtype = {article}\r\n}\r\n<\/pre>\n","protected":false},"excerpt":{"rendered":"","protected":false},"author":2,"featured_media":0,"parent":0,"menu_order":0,"comment_status":"closed","ping_status":"closed","template":"","meta":{"footnotes":""},"class_list":["post-419","page","type-page","status-publish","hentry","post-item clearfix"],"_links":{"self":[{"href":"https:\/\/grupo.us.es\/minerva\/wp-json\/wp\/v2\/pages\/419","targetHints":{"allow":["GET"]}}],"collection":[{"href":"https:\/\/grupo.us.es\/minerva\/wp-json\/wp\/v2\/pages"}],"about":[{"href":"https:\/\/grupo.us.es\/minerva\/wp-json\/wp\/v2\/types\/page"}],"author":[{"embeddable":true,"href":"https:\/\/grupo.us.es\/minerva\/wp-json\/wp\/v2\/users\/2"}],"replies":[{"embeddable":true,"href":"https:\/\/grupo.us.es\/minerva\/wp-json\/wp\/v2\/comments?post=419"}],"version-history":[{"count":0,"href":"https:\/\/grupo.us.es\/minerva\/wp-json\/wp\/v2\/pages\/419\/revisions"}],"wp:attachment":[{"href":"https:\/\/grupo.us.es\/minerva\/wp-json\/wp\/v2\/media?parent=419"}],"curies":[{"name":"wp","href":"https:\/\/api.w.org\/{rel}","templated":true}]}}