{"id":406,"date":"2011-01-01T12:00:00","date_gmt":"2011-01-01T12:00:00","guid":{"rendered":"http:\/\/grupo.us.es\/minerva\/an-evolutionary-algorithm-to-discover-quantitative-association-rules-in-multidimensional-time-series-2\/"},"modified":"2011-01-01T12:00:00","modified_gmt":"2011-01-01T12:00:00","slug":"an-evolutionary-algorithm-to-discover-quantitative-association-rules-in-multidimensional-time-series-2","status":"publish","type":"page","link":"https:\/\/grupo.us.es\/minerva\/an-evolutionary-algorithm-to-discover-quantitative-association-rules-in-multidimensional-time-series-2\/","title":{"rendered":"An Evolutionary Algorithm to Discover Quantitative Association Rules in Multidimensional Time Series"},"content":{"rendered":"<p><div class=\"tp_single_publication\"><span class=\"tp_single_author\">M Mart\u00ednez-Ballesteros, Troncoso A, Mart\u00ednez-\u00c1lvarez F., J C Riquelme: <\/span> <span class=\"tp_single_title\">An Evolutionary Algorithm to Discover Quantitative Association Rules in Multidimensional Time Series<\/span>. <span class=\"tp_single_additional\"><span class=\"tp_pub_additional_in\">En: <\/span><span class=\"tp_pub_additional_journal\">Soft Computing, <\/span><span class=\"tp_pub_additional_volume\">vol. 15, <\/span><span class=\"tp_pub_additional_number\">no 10, <\/span><span class=\"tp_pub_additional_pages\">pp. 2065-2084, <\/span><span class=\"tp_pub_additional_year\">2011<\/span><span class=\"tp_pub_additional_note\">, (IF 1.880 24\/99 Int App Q1, 30\/111 Art Int Q2)<\/span>.<\/span><\/div><!--more--><\/p>\n<h2 class=\"tp_abstract\">Resumen<\/h2><p class=\"tp_abstract\"><\/p>\n<h2 class=\"tp_links\">Enlaces<\/h2><p class=\"tp_abstract\"><ul class=\"tp_pub_list\"><li><i class=\"ai ai-doi\"><\/i><a class=\"tp_pub_list\" href=\"https:\/\/dx.doi.org\/10.1007\/s00500-011-0705-4\" title=\"DOI de seguimiento:10.1007\/s00500-011-0705-4\" target=\"_blank\">doi:10.1007\/s00500-011-0705-4<\/a><\/li><\/ul><\/p>\n<h2 class=\"tp_bibtex\">BibTeX (<a href=\"https:\/\/grupo.us.es\/minerva?feed=tp_pub_bibtex&amp;key=mmr11\">Download<\/a>)<\/h2><pre class=\"tp_bibtex\">@article{mmr11,\r\ntitle = {An Evolutionary Algorithm to Discover Quantitative Association Rules in Multidimensional Time Series},\r\nauthor = {M Mart\u00ednez-Ballesteros and Troncoso A and Mart\u00ednez-\u00c1lvarez F. and J C Riquelme},\r\ndoi = {10.1007\/s00500-011-0705-4},\r\nyear  = {2011},\r\ndate = {2011-01-01},\r\njournal = {Soft Computing},\r\nvolume = {15},\r\nnumber = {10},\r\npages = {2065-2084},\r\nnote = {IF 1.880 24\/99 Int App Q1, 30\/111 Art Int Q2},\r\nkeywords = {},\r\npubstate = {published},\r\ntppubtype = {article}\r\n}\r\n<\/pre>\n","protected":false},"excerpt":{"rendered":"","protected":false},"author":1,"featured_media":0,"parent":0,"menu_order":0,"comment_status":"closed","ping_status":"closed","template":"","meta":{"footnotes":""},"class_list":["post-406","page","type-page","status-publish","hentry","post-item clearfix"],"_links":{"self":[{"href":"https:\/\/grupo.us.es\/minerva\/wp-json\/wp\/v2\/pages\/406","targetHints":{"allow":["GET"]}}],"collection":[{"href":"https:\/\/grupo.us.es\/minerva\/wp-json\/wp\/v2\/pages"}],"about":[{"href":"https:\/\/grupo.us.es\/minerva\/wp-json\/wp\/v2\/types\/page"}],"author":[{"embeddable":true,"href":"https:\/\/grupo.us.es\/minerva\/wp-json\/wp\/v2\/users\/1"}],"replies":[{"embeddable":true,"href":"https:\/\/grupo.us.es\/minerva\/wp-json\/wp\/v2\/comments?post=406"}],"version-history":[{"count":0,"href":"https:\/\/grupo.us.es\/minerva\/wp-json\/wp\/v2\/pages\/406\/revisions"}],"wp:attachment":[{"href":"https:\/\/grupo.us.es\/minerva\/wp-json\/wp\/v2\/media?parent=406"}],"curies":[{"name":"wp","href":"https:\/\/api.w.org\/{rel}","templated":true}]}}