{"id":233,"date":"2018-12-20T09:54:00","date_gmt":"2018-12-20T09:54:00","guid":{"rendered":"http:\/\/grupo.us.es\/minerva\/?page_id=233"},"modified":"2018-12-20T10:21:00","modified_gmt":"2018-12-20T10:21:00","slug":"listado-de-proyectos","status":"publish","type":"page","link":"https:\/\/grupo.us.es\/minerva\/listado-de-proyectos\/","title":{"rendered":"Listado de proyectos"},"content":{"rendered":"<div id=\"pl-233\"  class=\"panel-layout\" ><div id=\"pg-233-0\"  class=\"panel-grid panel-has-style\" ><div style=\"padding-top: 0px; padding-bottom: 0px; \" data-mobile-padding=\"0px\" data-overlay-color=\"#000000\" class=\"panel-row-style panel-row-style-for-233-0\" ><div id=\"pgc-233-0-0\"  class=\"panel-grid-cell\" ><div id=\"panel-233-0-0-0\" class=\"so-panel widget widget_text panel-first-child panel-last-child\" data-index=\"0\" ><div style=\"text-align: left;\" data-title-color=\"#2d3142\" data-headings-color=\"#2d3142\" class=\"panel-widget-style panel-widget-style-for-233-0-0-0\" >\t\t\t<div class=\"textwidget\"><h3>Direcci\u00f3n de Proyectos de I+D financiados en Convocatorias p\u00fablicas<\/h3>\n<p><strong><strong>T\u00edtulo del proyecto<\/strong><\/strong>: Definici\u00f3n y dise\u00f1o de un sistema de m\u00e9tricas para la valoraci\u00f3n y estimaci\u00f3n de proyectos de Ingenier\u00eda del Software<\/p>\n<p>P\u00e1gina web: <a href=\"http:\/\/www.sc.ehu.es\/jiwdocoj\/argo\/argo.html\">http:\/\/www.sc.ehu.es\/jiwdocoj\/argo\/argo.html<\/a><\/p>\n<p>Entidad financiadora: CICYT TIC2001-1143-C03-02<\/p>\n<p>Entidades participantes subproyecto: U. de Sevilla, U. de Huelva, U. de C\u00e1diz y SADIEL SA<\/p>\n<p>Entidades participantes en el coordinado: U. del Pa\u00eds Vasco, U. de Sevilla y U. de Oviedo<\/p>\n<p>Duraci\u00f3n, desde: 2002 hasta: 2004<\/p>\n<p>Investigador Principal del subproyecto: Jos\u00e9 C. Riquelme<\/p>\n<p>Financiaci\u00f3n subproyecto: 16.135.000 ptas.<\/p>\n<p>&nbsp;<\/p>\n<p><strong>T\u00edtulo del proyecto<\/strong>: Planificaci\u00f3n de los sistemas de distribuci\u00f3n y generaci\u00f3n de energ\u00eda el\u00e9ctrica mediante t\u00e9cnicas de optimizaci\u00f3n y miner\u00eda de datos.<\/p>\n<p>Entidad Financiadora: C. de Educaci\u00f3n y Ciencia-Junta de Andaluc\u00eda ACC-1021-TIC-2002<\/p>\n<p>Entidades participantes: Departamento de Lenguajes y Sistemas Inform\u00e1ticos y Departamento de Ingenier\u00eda El\u00e9ctrica. Universidad de Sevilla.<\/p>\n<p>Duraci\u00f3n: 2003-04<\/p>\n<p>Investigador coordinador: Jos\u00e9 C. Riquelme<\/p>\n<p>Financiaci\u00f3n: 23.392 euros<\/p>\n<p>&nbsp;<\/p>\n<p><strong>T\u00edtulo del proyecto<\/strong>: Red Espa\u00f1ola de Miner\u00eda de Datos y Aprendizaje Autom\u00e1tico.<\/p>\n<p>Entidad Financiadora: CICYT TIC2002-11124-E<\/p>\n<p>P\u00e1gina web: <a href=\"http:\/\/www.lsi.us.es\/~riquelme\/redmidas\">http:\/\/www.lsi.us.es\/~riquelme\/redmidas<\/a><\/p>\n<p>Entidades participantes: 17 grupos de 15 universidades.. M\u00e1s de 100 investigadores, 50 de ellos doctores.<\/p>\n<p>Duraci\u00f3n: 2003-04<\/p>\n<p>Investigador coordinador: Jos\u00e9 C. Riquelme<\/p>\n<p>Financiaci\u00f3n: 18.000 euros<\/p>\n<p>&nbsp;<\/p>\n<p><strong>T\u00edtulo del proyecto<\/strong>: MINERVA: T\u00e9cnicas emergentes de miner\u00eda de datos para la extracci\u00f3n de conocimiento de grandes vol\u00famenes de informaci\u00f3n: aplicaci\u00f3n a datos cient\u00edficos e industriales.<\/p>\n<p>Entidad Financiadora: MEC TIN2004-00159<\/p>\n<p>P\u00e1gina web: <a href=\"http:\/\/www.lsi.us.es\/minerva\">http:\/\/www.lsi.us.es\/minerva<\/a><\/p>\n<p>Entidades participantes: Universidad de Sevilla y Universidad de Huelva.<\/p>\n<p>Duraci\u00f3n: 2005-07<\/p>\n<p>Investigador principal: Jos\u00e9 C. Riquelme<\/p>\n<p>Financiaci\u00f3n: 82.570 euros<\/p>\n<p>&nbsp;<\/p>\n<p><strong>T\u00edtulo del proyecto<\/strong>: Red Espa\u00f1ola de Miner\u00eda de Datos y Aprendizaje Autom\u00e1tico.<\/p>\n<p>Entidad Financiadora: MEC TIN2004-21343-E<\/p>\n<p>P\u00e1gina web: <a href=\"http:\/\/www.lsi.us.es\/redmidas\">http:\/\/www.lsi.us.es\/redmidas<\/a><\/p>\n<p>Entidades participantes: 25 grupos de 22 universidades. 220 investigadores, 130 doctores.<\/p>\n<p>Duraci\u00f3n: 2005-06<\/p>\n<p>Investigador coordinador. Jos\u00e9 C. Riquelme<\/p>\n<p>Financiaci\u00f3n: 12.000 euros<\/p>\n<p>&nbsp;<\/p>\n<p>&nbsp;<\/p>\n<p><strong>T\u00edtulo del proyecto<\/strong>: Sistemas Inform\u00e1ticos<\/p>\n<p>Entidad Financiadora: Plan Andaluz de Investigaci\u00f3n. Junta de Andaluc\u00eda.<\/p>\n<p>Entidades participantes: Universidad de Sevilla<\/p>\n<p>Duraci\u00f3n: anual desde 2004<\/p>\n<p>Investigador coordinador: Jos\u00e9 C. Riquelme<\/p>\n<p>Financiaci\u00f3n: Entre 30.000 y 35.000 euros anuales<\/p>\n<p>&nbsp;<\/p>\n<p><strong>T\u00edtulo del proyecto<\/strong>: Red Espa\u00f1ola de Miner\u00eda de Datos y Aprendizaje<\/p>\n<p>Entidad Financiadora: MEC TIN2006-27675-E<\/p>\n<p>P\u00e1gina web: <a href=\"http:\/\/www.lsi.us.es\/redmidas\">http:\/\/www.lsi.us.es\/redmidas<\/a><\/p>\n<p>Entidades participantes: 37 grupos de 30 universidades. M\u00e1s de 300 investigadores, 150 doctores.<\/p>\n<p>Duraci\u00f3n: 2007-08<\/p>\n<p>Investigador coordinador. Jos\u00e9 C. Riquelme<\/p>\n<p>Financiaci\u00f3n: 15.000 euros<\/p>\n<p>&nbsp;<\/p>\n<p><strong>T\u00edtulo del subproyecto: HERCULES: Heur\u00edsticas Escalables para la Extracci\u00f3n de Conocimiento en Grandes Vol\u00famenes de Informaci\u00f3n<\/strong><\/p>\n<p>T\u00edtulo del Coordinado: Modelos Avanzados en Miner\u00eda de Datos: Escalabilidad y Aplicaci\u00f3n Biol\u00f3gica<\/p>\n<p>Entidad Financiadora: MEC TIN 2007-68084-C02-02<\/p>\n<p>P\u00e1gina web: <a href=\"http:\/\/www.lsi.us.es\/minerva\">http:\/\/www.lsi.us.es\/minerva<\/a><\/p>\n<p>Entidades participantes: Universidad de Sevilla<\/p>\n<p>Duraci\u00f3n: 2008-10<\/p>\n<p>Investigador principal: Jos\u00e9 C. Riquelme<\/p>\n<p>Financiaci\u00f3n: 99.200 euros<\/p>\n<p>&nbsp;<\/p>\n<p><strong>T\u00edtulo del proyecto<\/strong>: Red Espa\u00f1ola de Miner\u00eda de Datos y Aprendizaje<\/p>\n<p>Entidad Financiadora: MICINN TIN2010-09163-E<\/p>\n<p>P\u00e1gina web: <a href=\"http:\/\/www.lsi.us.es\/redmidas\">http:\/\/www.lsi.us.es\/redmidas<\/a><\/p>\n<p>Entidades participantes: 43 grupos de m\u00e1s de 30 universidades.<\/p>\n<p>Duraci\u00f3n: 2010-12<\/p>\n<p>Investigador coordinador. Jos\u00e9 C. Riquelme<\/p>\n<p>Financiaci\u00f3n: 10.000 euros<\/p>\n<p>&nbsp;<\/p>\n<p><strong>T\u00edtulo del proyecto<\/strong>: An\u00e1lisis Inteligente de Informaci\u00f3n Biol\u00f3gica y Medioambiental<\/p>\n<p>Entidad Financiadora: MICINN TIN2011-28956-C02-02<\/p>\n<p>Entidades participantes: Universidad de Sevilla<\/p>\n<p>Duraci\u00f3n: 2011-14<\/p>\n<p>Investigador principal: Jos\u00e9 C. Riquelme<\/p>\n<p>Financiaci\u00f3n: 47.000 euros<\/p>\n<p>&nbsp;<\/p>\n<p><strong>T\u00edtulo del proyecto<\/strong>: Big Time-Aware Data: An\u00e1lisis de Datos Masivos Indexados en el Tiempo. Reglas y Clustering<\/p>\n<p>Entidad Financiadora: MICINN TIN2014-55894-C2-1-R<\/p>\n<p>Entidades participantes: Universidad de Sevilla<\/p>\n<p>Duraci\u00f3n: 2015-17<\/p>\n<p>Investigador principal: Jos\u00e9 C. Riquelme<\/p>\n<p>Financiaci\u00f3n: 124.751 euros<\/p>\n<p>&nbsp;<\/p>\n<p><strong>T\u00edtulo del proyecto<\/strong>: Big Data Streaming: Analisis De Datos Masivos Continuos. Modelos Descriptivos<\/p>\n<p>Entidad Financiadora: MICINN TIN2017-88209-C2-2-R<\/p>\n<p>Entidades participantes: Universidad de Sevilla<\/p>\n<p>Duraci\u00f3n: 2018-20<\/p>\n<p>Investigador principal: Jos\u00e9 C. Riquelme<\/p>\n<p>Financiaci\u00f3n: 116.039 euros<\/p>\n<p><strong>\u00a0<\/strong><\/p>\n<p><strong>\u00a0<\/strong><\/p>\n<p><strong>\u00a0<\/strong><\/p>\n<p><strong>Participaci\u00f3n en Proyectos de I+D financiados en Convocatorias p\u00fablicas<\/strong><\/p>\n<p>&nbsp;<\/p>\n<p><strong>T\u00edtulo del proyecto<\/strong>: Control y supervisi\u00f3n de procesos industriales<\/p>\n<p>Entidad financiadora: CICYT ROB89-0614-C03-01<\/p>\n<p>Entidades participantes: Universidad de Sevilla y Universidad de Vigo<\/p>\n<p>Duraci\u00f3n, desde: 1989\u00a0\u00a0\u00a0\u00a0\u00a0\u00a0\u00a0\u00a0\u00a0\u00a0\u00a0\u00a0\u00a0\u00a0\u00a0\u00a0\u00a0\u00a0\u00a0\u00a0\u00a0 hasta: 1992<\/p>\n<p>Investigador responsable: Javier Aracil<\/p>\n<p>N\u00famero de investigadores participantes: 20<\/p>\n<p>&nbsp;<\/p>\n<p>&nbsp;<\/p>\n<p><strong>T\u00edtulo del proyecto<\/strong>: Automatizaci\u00f3n del razonamiento cualitativo en sistemas din\u00e1micos complejos<\/p>\n<p>Entidad financiadora: CICYT TIC94-0282<\/p>\n<p>Entidades participantes: Universidad de Sevilla<\/p>\n<p>Duraci\u00f3n, desde: 1994\u00a0\u00a0\u00a0\u00a0\u00a0\u00a0\u00a0\u00a0\u00a0\u00a0\u00a0\u00a0\u00a0\u00a0\u00a0\u00a0\u00a0\u00a0\u00a0\u00a0\u00a0 hasta: 1997<\/p>\n<p>Investigador responsable: Miguel Toro<\/p>\n<p>N\u00famero de investigadores participantes: 9<\/p>\n<p>&nbsp;<\/p>\n<p><strong>T\u00edtulo del proyecto<\/strong>: T\u00e9cnicas de control predictivo de procesos industriales<\/p>\n<p>Entidad financiadora: CICYT TAP96-884<\/p>\n<p>Entidades participantes: Universidad de Sevilla<\/p>\n<p>Duraci\u00f3n, desde: 1996\u00a0\u00a0\u00a0\u00a0\u00a0\u00a0\u00a0\u00a0\u00a0\u00a0\u00a0\u00a0\u00a0\u00a0\u00a0\u00a0\u00a0\u00a0\u00a0\u00a0\u00a0 hasta: 1999<\/p>\n<p>Investigador responsable: Eduardo F. Camacho<\/p>\n<p>N\u00famero de investigadores participantes: 10<\/p>\n<p>&nbsp;<\/p>\n<p><strong>T\u00edtulo del proyecto<\/strong>: Reuniones del grupo ARCA (Automatizaci\u00f3n del Razonamiento Cualitativo y Aprendizaje)<\/p>\n<p>Entidad financiadora: CICYT TIC98-1635-E<\/p>\n<p>Entidades participantes: 7 universidades espa\u00f1olas<\/p>\n<p>Duraci\u00f3n, desde: 1998\u00a0\u00a0\u00a0\u00a0\u00a0\u00a0\u00a0\u00a0\u00a0\u00a0\u00a0\u00a0\u00a0\u00a0\u00a0\u00a0\u00a0\u00a0\u00a0\u00a0\u00a0 hasta: 1999<\/p>\n<p>Investigador responsable: Miguel Toro<\/p>\n<p>N\u00famero de investigadores participantes: 15<\/p>\n<p>&nbsp;<\/p>\n<p><strong>T\u00edtulo del proyecto<\/strong>: Modelado y control \u00f3ptimo de sistemas no lineales multivariables integrando l\u00f3gica, predicci\u00f3n y priorizaci\u00f3n de objetivos<\/p>\n<p>Entidad financiadora: CICYT QUI99-0663-C02-01<\/p>\n<p>Entidades participantes: Universidad de Sevilla y Universidad de Almer\u00eda<\/p>\n<p>Duraci\u00f3n, desde: 1999\u00a0\u00a0\u00a0\u00a0\u00a0\u00a0\u00a0\u00a0\u00a0\u00a0\u00a0\u00a0\u00a0\u00a0\u00a0\u00a0\u00a0\u00a0\u00a0\u00a0\u00a0 hasta: 2001<\/p>\n<p>Investigador responsable: Eduardo F. Camacho<\/p>\n<p>N\u00famero de investigadores participantes: 15<\/p>\n<p>&nbsp;<\/p>\n<p><strong>T\u00edtulo del proyecto<\/strong>: Sistema de entrenamiento para la gesti\u00f3n de proyectos software (SEGESOFT)<\/p>\n<p>Entidad financiadora: CICYT TIC99-0351<\/p>\n<p>Entidades participantes: U. del Pa\u00eds Vasco, U. de Oviedo y U. de Sevilla<\/p>\n<p>Duraci\u00f3n, desde: 1999\u00a0\u00a0\u00a0\u00a0\u00a0\u00a0\u00a0\u00a0\u00a0\u00a0\u00a0\u00a0\u00a0\u00a0\u00a0\u00a0\u00a0\u00a0\u00a0\u00a0\u00a0 hasta: 2001<\/p>\n<p>Investigador responsable: Javier Dolado<\/p>\n<p>N\u00famero de investigadores participantes: 10<\/p>\n<p>P\u00e1gina web: <a href=\"http:\/\/www.sc.ehu.es\/jiwdocoj\/segesoft\/segesoft.htm\">http:\/\/www.sc.ehu.es\/jiwdocoj\/segesoft\/segesoft.htm<\/a><\/p>\n<p>&nbsp;<\/p>\n<p>Titulo del proyecto: Predicci\u00f3n de la producci\u00f3n de energ\u00edas renovables para su integraci\u00f3n en redes de distribuci\u00f3n<\/p>\n<p>Entidad financiadora: Junta de Andaluc\u00eda (Acciones Coordinadas PAI-2003\/032)<\/p>\n<p>Duraci\u00f3n: 2004-06<\/p>\n<p>Investigador principal: Antonio G\u00f3mez Exp\u00f3sito<\/p>\n<p>&nbsp;<\/p>\n<p><strong>T\u00edtulo del proyecto<\/strong>: Advanced Data &#8211; and Knowledge &#8211; Driven Methods for State Failure Risk Assessment<\/p>\n<p>Entidad financiadora: <a href=\"http:\/\/www.nato.int\/science\/\">NATO Security Through Science Programme<\/a>.<\/p>\n<p>Entidades participantes: Rudjer Boskovic Institute (Croacia), University of Ulster (Reino Unido) y Universidad de Sevilla<\/p>\n<p>Duraci\u00f3n: 2004 &#8211; 2005<\/p>\n<p>Investigador responsable: Francisco Azuaje (University of Ulster)<\/p>\n<p>N\u00famero de investigadores participantes: 14<\/p>\n<p>P\u00e1gina web: <a href=\"http:\/\/june.irb.hr\/~nato-clg\/\">http:\/\/june.irb.hr\/~nato-clg\/<\/a><\/p>\n<p>&nbsp;<\/p>\n<p><strong>T\u00edtulo del proyecto<\/strong>: Knowledge Discovery in Data Streams.<\/p>\n<p>Entidad financiadora: Acci\u00f3n integrada Hispano-Lusa<\/p>\n<p>Entidades participantes: Universidad de Oporto y Universidad de Sevilla<\/p>\n<p>Duraci\u00f3n: 2005-06<\/p>\n<p>Investigador responsable: Joao Gama (U. de Oporto)<\/p>\n<p>&nbsp;<\/p>\n<p>&nbsp;<\/p>\n<p><strong>T\u00edtulo del proyecto<\/strong>: Knowledge Discovery Network of Excellence<\/p>\n<p>Entidad Financiadora: Uni\u00f3n Europea (IST-2001-33086)<\/p>\n<p>Duraci\u00f3n: 2001-05<\/p>\n<p>Investigador coordinador: Codrina Lauth (Instituto Fraunhofer)<\/p>\n<p>P\u00e1gina web: <a href=\"http:\/\/www.kdnet.org\">http:\/\/www.kdnet.org<\/a><\/p>\n<p>&nbsp;<\/p>\n<p>&nbsp;<\/p>\n<p><strong>T\u00edtulo del proyecto<\/strong>: MINer\u00eda de DATos Para Los USuarios en diferentes \u00e1reas de aplicaci\u00f3n (MINDAT-PLUS)<\/p>\n<p>Entidad financiadora: Junta de Andaluc\u00eda<\/p>\n<p>Entidades participantes: 10 grupos de universidades andaluzas<\/p>\n<p>Duraci\u00f3n: 2006-08<\/p>\n<p>Investigador principal: F. Herrera (U. de Granada)<\/p>\n<p>Financiaci\u00f3n: 84.000 euros<\/p>\n<p>P\u00e1gina web: <a href=\"http:\/\/www.kdnet.org\">http:\/\/sci2s.ugr.es\/MINDAT-PLUS\/<\/a><\/p>\n<p>&nbsp;<\/p>\n<p><strong>T\u00edtulo del proyecto<\/strong>: Desarrollo de nuevos sistemas y dispositivos para la mejora de la calidad del suministro el\u00e9ctrico<\/p>\n<p>Entidad financiadora: Junta de Andaluc\u00eda. P06-TEP-01882<\/p>\n<p>Entidades participantes: Departamento de Ingenier\u00eda El\u00e9ctrica, Organizaci\u00f3n Industrial y Lenguajes y Sistemas Inform\u00e1ticos de la U. de Sevilla<\/p>\n<p>Duraci\u00f3n: 2007-09<\/p>\n<p>Investigador principal: A. G\u00f3mez Exp\u00f3sito<\/p>\n<p>Financiaci\u00f3n: 216.300 euros<\/p>\n<p>&nbsp;<\/p>\n<p><strong>T\u00edtulo del proyecto<\/strong>: Big Data y An\u00e1lisis de Datos Escalable (Red tem\u00e1tica)<\/p>\n<p>Entidad financiadora: Ministerio de Econom\u00eda y Competitividad. TIN2014-56425-REDT<\/p>\n<p>Entidades participantes: 10 grupos de diversas universidades espa\u00f1olas<\/p>\n<p>Duraci\u00f3n: 2015-16<\/p>\n<p>Investigador principal: Francisco Herrera (U. de Granada)<\/p>\n<p>Financiaci\u00f3n: 13.500 euros<\/p>\n<p>&nbsp;<\/p>\n<h3>Participaci\u00f3n en contratos de I+D de especial relevancia con Empresas<\/h3>\n<p>&nbsp;<\/p>\n<p>T\u00edtulo del contrato\/proyecto: Proyecto MEREA: Modelado mediante din\u00e1mica de sistemas y estudio prospectivo de la demanda el\u00e9ctrica en Andaluc\u00eda<\/p>\n<p>&nbsp;<\/p>\n<p>Tipo de contrato: a trav\u00e9s de AICIA (Asociaci\u00f3n de Investigaci\u00f3n y Cooperaci\u00f3n Industrial de Andaluc\u00eda)<\/p>\n<p>Empresa\/Administraci\u00f3n financiadora: OCIDE programa PIE 150019<\/p>\n<p>Entidades participantes: Compa\u00f1\u00eda Sevillana de Electricidad<\/p>\n<p>Duraci\u00f3n, desde: 1990\u00a0\u00a0\u00a0\u00a0\u00a0\u00a0 hasta: 1993<\/p>\n<p>Investigador responsable: Antonio Lara y Javier Aracil<\/p>\n<p>N\u00famero de investigadores participantes: 12<\/p>\n<p><strong>PRECIO TOTAL DEL PROYECTO:<\/strong> 20.000.000 ptas.<\/p>\n<p>&nbsp;<\/p>\n<p>&nbsp;<\/p>\n<p>T\u00edtulo del contrato\/proyecto: Modelado y estudio prospectivo de la demanda del mercado de las telecomunicaciones<\/p>\n<p>&nbsp;<\/p>\n<p>Tipo de contrato: a trav\u00e9s de AICIA (Asociaci\u00f3n de Investigaci\u00f3n y Cooperaci\u00f3n Industrial de Andaluc\u00eda)<\/p>\n<p>Empresa\/Administraci\u00f3n financiadora: Compa\u00f1\u00eda Telef\u00f3nica de Espa\u00f1a<\/p>\n<p>Entidades participantes: Departamento de Ingenier\u00eda de Sistemas y Autom\u00e1tica<\/p>\n<p>Duraci\u00f3n, desde: 1992\u00a0\u00a0\u00a0\u00a0\u00a0\u00a0 hasta: 1993<\/p>\n<p>Investigador responsable: Silvio Mart\u00ednez y Javier Aracil<\/p>\n<p>N\u00famero de investigadores participantes: 13<\/p>\n<p>PRECIO TOTAL DEL PROYECTO: 4.000.000 ptas.<\/p>\n<p>&nbsp;<\/p>\n<p>T\u00edtulo del contrato\/proyecto: Estudio de condicionantes de la ocurrencia de incendios forestales y de cambios de la ocupaci\u00f3n del suelo en Andaluc\u00eda mediante la aplicaci\u00f3n de t\u00e9cnicas de miner\u00eda de datos<\/p>\n<p>Tipo de contrato: a trav\u00e9s de FIDETIA (Fundaci\u00f3n para el Desarrollo de las Tecnolog\u00edas de la Informaci\u00f3n en Andaluc\u00eda)<\/p>\n<p>Empresa\/Administraci\u00f3n financiadora: Empresa de Gestion Medioambiental EGMASA<\/p>\n<p>Entidades participantes: Universidad de Sevilla y Universidad Pablo de Olavide de Sevilla<\/p>\n<p>Duraci\u00f3n, desde: 2008 hasta 2010<\/p>\n<p>Investigador responsable: Jos\u00e9 C. Riquelme<\/p>\n<p>N\u00famero de investigadores participantes: 4<\/p>\n<p>PRECIO TOTAL DEL PROYECTO: 17.000 euros<\/p>\n<p>&nbsp;<\/p>\n<p>Programa: FEDER &#8211; INNTERCONECTA &#8211; Andaluc\u00eda<\/p>\n<p>Proyecto: ITC-20131007<\/p>\n<p>T\u00edtulo: PISCIS: Paradigmas de Innovaci\u00f3n, Social y Colaborativo aplicados a Ingenier\u00eda del Software<\/p>\n<p>Empresa lider: INDRA software labs, S.L.<\/p>\n<p>Duraci\u00f3n, desde 2014 a 2016<\/p>\n<p><a href=\"http:\/\/innterconectapiscis.es\">http:\/\/innterconectapiscis.es<\/a><\/p>\n<p>FINANCIACI\u00d3N TOTAL DEL PROYECTO: 1.152.663,00 \u20ac<\/p>\n<p>FINANCIACI\u00d3N TOTAL OPI: 145.236,00 \u20ac<\/p>\n<p>&nbsp;<\/p>\n<p><strong>T\u00edtulo del proyecto<\/strong>: CECOVEL. Desarrollo de un Previsor de Demanda para Veh\u00edculo El\u00e9ctrico<\/p>\n<p>Empresa: Red El\u00e9ctrica de Espa\u00f1a<\/p>\n<p>Participantes: AICIA (Grupo de Ingenier\u00eda El\u00e9ctrica) y FIDETIA (Grupo Minerva)<\/p>\n<p>FINANCIACI\u00d3N: 25.000,00 \u20ac<\/p>\n<p>&nbsp;<\/p>\n<p>&nbsp;<\/p>\n<p>Programa: FEDER-INNTERCONECTA &#8211; Andaluc\u00eda<\/p>\n<p>Proyecto: ITC-20151078<\/p>\n<p>T\u00edtulo: Optimizaci\u00f3n de la conservaci\u00f3n de infraestructura ferroviaria para transporte urbano<\/p>\n<p>Empresa l\u00edder: Azvi S. A.<\/p>\n<p>Entidades participantes: Azvi, S.A., AGC Market View, Soltel IT Solutions, Romivatica, Universidad Pablo de Olavide<\/p>\n<p>Duraci\u00f3n,\u00a0 desde 2015 hasta: 2017<\/p>\n<p>FINANCIACI\u00d3N TOTAL DEL PROYECTO: 1.2 M \u20ac<\/p>\n<p>FINANCIACI\u00d3N TOTAL OPI: 54.540 \u20ac<\/p>\n<p>&nbsp;<\/p>\n<p>Programa: Retos-Colaboraci\u00f3n<\/p>\n<p>Proyecto: RTC-2016-5524-2<\/p>\n<p>T\u00edtulo: Inteligencia Artificial aplicada a la Gesti\u00f3n de Plagas, IA2GIP<\/p>\n<p>Empresa l\u00edder: AGC Market View Services<\/p>\n<p>Entidades participantes: AGC Market View Services, Novadrone SL, Instituto Andaluz de Tecnolog\u00eda, U. Pablo de Olavide, U. de Sevilla<\/p>\n<p>Duraci\u00f3n,\u00a0 desde 2016 hasta: 20178<\/p>\n<p>FINANCIACI\u00d3N TOTAL DEL PROYECTO: 656.149,34 \u20ac<\/p>\n<p>FINANCIACI\u00d3N TOTAL OPI: 38.672,6 \u20ac<\/p>\n<\/div>\n\t\t<\/div><\/div><\/div><\/div><\/div><\/div>","protected":false},"excerpt":{"rendered":"<p>Direcci\u00f3n de Proyectos de I+D financiados en Convocatorias p\u00fablicas T\u00edtulo del proyecto: Definici\u00f3n y dise\u00f1o de un sistema de m\u00e9tricas <a class=\"read-more\" href=\"https:\/\/grupo.us.es\/minerva\/listado-de-proyectos\/\">Leer m\u00e1s<\/a><\/p>\n","protected":false},"author":1,"featured_media":0,"parent":0,"menu_order":0,"comment_status":"closed","ping_status":"closed","template":"page-templates\/template_fullwidth.php","meta":{"footnotes":""},"class_list":["post-233","page","type-page","status-publish","hentry","post-item clearfix"],"_links":{"self":[{"href":"https:\/\/grupo.us.es\/minerva\/wp-json\/wp\/v2\/pages\/233","targetHints":{"allow":["GET"]}}],"collection":[{"href":"https:\/\/grupo.us.es\/minerva\/wp-json\/wp\/v2\/pages"}],"about":[{"href":"https:\/\/grupo.us.es\/minerva\/wp-json\/wp\/v2\/types\/page"}],"author":[{"embeddable":true,"href":"https:\/\/grupo.us.es\/minerva\/wp-json\/wp\/v2\/users\/1"}],"replies":[{"embeddable":true,"href":"https:\/\/grupo.us.es\/minerva\/wp-json\/wp\/v2\/comments?post=233"}],"version-history":[{"count":0,"href":"https:\/\/grupo.us.es\/minerva\/wp-json\/wp\/v2\/pages\/233\/revisions"}],"wp:attachment":[{"href":"https:\/\/grupo.us.es\/minerva\/wp-json\/wp\/v2\/media?parent=233"}],"curies":[{"name":"wp","href":"https:\/\/api.w.org\/{rel}","templated":true}]}}