{"id":119,"date":"2026-04-20T17:20:18","date_gmt":"2026-04-20T15:20:18","guid":{"rendered":"http:\/\/grupo.us.es\/meycom\/?page_id=119"},"modified":"2026-04-29T15:34:36","modified_gmt":"2026-04-29T13:34:36","slug":"equipo","status":"publish","type":"page","link":"http:\/\/grupo.us.es\/meycom\/?page_id=119","title":{"rendered":"Equipo"},"content":{"rendered":"\n<h2 class=\"wp-block-heading alignfull\" style=\"font-size:clamp(0.875rem, 0.875rem + ((1vw - 0.2rem) * 0.529), 1.1rem);font-style:normal;font-weight:400;letter-spacing:0px;line-height:1.3\">Lorem ipsum dolor sit amet, consectetur adipiscing elit. Sed a diam et sem viverra facilisis. Fusce blandit eget nisl eu vehicula. Morbi convallis, diam quis elementum viverra, urna dui aliquam mi, id cursus orci massa vitae mauris. Nulla tincidunt pharetra arcu, ac ultrices purus sollicitudin ut. Proin iaculis, arcu in fermentum consequat, libero diam suscipit risus, eget luctus nunc felis ac nisl. Curabitur erat ante, molestie non aliquet et, efficitur sed est. Proin id mollis libero. Fusce vitae euismod nibh. Integer gravida massa vitae mollis posuere. Fusce cursus porttitor dui, quis volutpat felis pulvinar nec. Pellentesque faucibus hendrerit vestibulum. Vestibulum in magna vulputate, lacinia nisl vitae, molestie enim. Vestibulum fringilla tellus ipsum, vitae efficitur nisl tincidunt vel.<\/h2>\n\n\n\n<hr class=\"wp-block-separator alignwide has-alpha-channel-opacity\" style=\"margin-top:var(--wp--preset--spacing--60);margin-bottom:var(--wp--preset--spacing--60)\"\/>\n\n\n\n<div class=\"wp-block-media-text alignfull is-stacked-on-mobile is-vertically-aligned-center\" style=\"margin-right:0;margin-left:0;grid-template-columns:15% auto\"><figure class=\"wp-block-media-text__media\"><img loading=\"lazy\" decoding=\"async\" width=\"340\" height=\"340\" src=\"http:\/\/grupo.us.es\/meycom\/wp-content\/uploads\/2026\/04\/Lorito-10.png\" alt=\"\" class=\"wp-image-423 size-full\" srcset=\"http:\/\/grupo.us.es\/meycom\/wp-content\/uploads\/2026\/04\/Lorito-10.png 340w, http:\/\/grupo.us.es\/meycom\/wp-content\/uploads\/2026\/04\/Lorito-10-300x300.png 300w, http:\/\/grupo.us.es\/meycom\/wp-content\/uploads\/2026\/04\/Lorito-10-150x150.png 150w\" sizes=\"auto, (max-width: 340px) 100vw, 340px\" \/><\/figure><div class=\"wp-block-media-text__content\">\n<details class=\"wp-block-details is-layout-flow wp-container-core-details-is-layout-e3bd77dc wp-block-details-is-layout-flow\" style=\"margin-right:var(--wp--preset--spacing--20);margin-left:var(--wp--preset--spacing--20);font-size:clamp(18.959px, 1.185rem + ((1vw - 3.2px) * 1.624), 30px);font-style:normal;font-weight:600\"><summary>Miguel V\u00e1zquez Li\u00f1\u00e1n<\/summary>\n<p class=\"has-small-font-size\" style=\"font-style:normal;font-weight:400\">Lorem ipsum dolor sit amet, consectetur adipiscing elit. Sed a diam et sem viverra facilisis. Fusce blandit eget nisl eu vehicula. Morbi convallis, diam quis elementum viverra, urna dui aliquam mi, id cursus orci massa vitae mauris. Nulla tincidunt pharetra arcu, ac ultrices purus sollicitudin ut. Proin iaculis, arcu in fermentum consequat, libero diam suscipit risus, eget luctus nunc felis ac nisl. Curabitur erat ante, molestie non aliquet et, efficitur sed est. Proin id mollis libero. Fusce vitae euismod nibh. Integer gravida massa vitae mollis posuere. Fusce cursus porttitor dui, quis volutpat felis pulvinar nec. Pellentesque faucibus hendrerit vestibulum. Vestibulum in magna vulputate, lacinia nisl vitae, molestie enim. Vestibulum fringilla tellus ipsum, vitae efficitur nisl tincidunt vel.<\/p>\n<\/details>\n\n\n\n<ul class=\"wp-block-list\">\n<li style=\"font-size:clamp(14px, 0.875rem + ((1vw - 3.2px) * 0.147), 15px);\">ORCID<\/li>\n\n\n\n<li style=\"font-size:clamp(14px, 0.875rem + ((1vw - 3.2px) * 0.147), 15px);\">Google Scholar<\/li>\n\n\n\n<li style=\"font-size:clamp(14px, 0.875rem + ((1vw - 3.2px) * 0.147), 15px);\">ResearchGate<\/li>\n<\/ul>\n<\/div><\/div>\n\n\n\n<div class=\"wp-block-group is-nowrap is-layout-flex wp-container-core-group-is-layout-6c531013 wp-block-group-is-layout-flex\">\n<div class=\"wp-block-group is-vertical is-content-justification-center is-layout-flex wp-container-core-group-is-layout-ce155fab wp-block-group-is-layout-flex\">\n<hr class=\"wp-block-separator has-alpha-channel-opacity\"\/>\n\n\n\n<hr class=\"wp-block-separator has-alpha-channel-opacity is-style-default\" style=\"margin-top:var(--wp--preset--spacing--30);margin-bottom:var(--wp--preset--spacing--30)\"\/>\n<\/div>\n<\/div>\n","protected":false},"excerpt":{"rendered":"<p>Lorem ipsum dolor sit amet, consectetur adipiscing elit. Sed a diam et sem viverra facilisis. Fusce blandit eget nisl eu vehicula. Morbi convallis, diam quis elementum viverra, urna dui aliquam mi, id cursus orci massa vitae mauris. Nulla tincidunt pharetra arcu, ac ultrices purus sollicitudin ut. Proin iaculis, arcu in fermentum consequat, libero diam suscipit [&hellip;]<\/p>\n","protected":false},"author":1,"featured_media":0,"parent":0,"menu_order":0,"comment_status":"closed","ping_status":"closed","template":"","meta":{"footnotes":""},"class_list":["post-119","page","type-page","status-publish","hentry"],"_links":{"self":[{"href":"http:\/\/grupo.us.es\/meycom\/index.php?rest_route=\/wp\/v2\/pages\/119","targetHints":{"allow":["GET"]}}],"collection":[{"href":"http:\/\/grupo.us.es\/meycom\/index.php?rest_route=\/wp\/v2\/pages"}],"about":[{"href":"http:\/\/grupo.us.es\/meycom\/index.php?rest_route=\/wp\/v2\/types\/page"}],"author":[{"embeddable":true,"href":"http:\/\/grupo.us.es\/meycom\/index.php?rest_route=\/wp\/v2\/users\/1"}],"replies":[{"embeddable":true,"href":"http:\/\/grupo.us.es\/meycom\/index.php?rest_route=%2Fwp%2Fv2%2Fcomments&post=119"}],"version-history":[{"count":97,"href":"http:\/\/grupo.us.es\/meycom\/index.php?rest_route=\/wp\/v2\/pages\/119\/revisions"}],"predecessor-version":[{"id":471,"href":"http:\/\/grupo.us.es\/meycom\/index.php?rest_route=\/wp\/v2\/pages\/119\/revisions\/471"}],"wp:attachment":[{"href":"http:\/\/grupo.us.es\/meycom\/index.php?rest_route=%2Fwp%2Fv2%2Fmedia&parent=119"}],"curies":[{"name":"wp","href":"https:\/\/api.w.org\/{rel}","templated":true}]}}