{"id":64,"date":"2022-03-15T08:44:16","date_gmt":"2022-03-15T08:44:16","guid":{"rendered":"https:\/\/grupo.us.es\/labhtlnet\/?page_id=64"},"modified":"2022-06-21T06:59:22","modified_gmt":"2022-06-21T06:59:22","slug":"postgrado","status":"publish","type":"page","link":"https:\/\/grupo.us.es\/labhtlnet\/postgrado\/","title":{"rendered":"Postgrado"},"content":{"rendered":"\t\t<div data-elementor-type=\"wp-page\" data-elementor-id=\"64\" class=\"elementor elementor-64\" data-elementor-post-type=\"page\">\n\t\t\t\t\t\t<section class=\"elementor-section elementor-top-section elementor-element elementor-element-2396459 elementor-section-boxed elementor-section-height-default elementor-section-height-default\" data-id=\"2396459\" data-element_type=\"section\">\n\t\t\t\t\t\t<div class=\"elementor-container elementor-column-gap-default\">\n\t\t\t\t\t<div class=\"elementor-column elementor-col-100 elementor-top-column elementor-element elementor-element-8b26218 elementor-invisible\" data-id=\"8b26218\" data-element_type=\"column\" data-settings=\"{&quot;animation&quot;:&quot;fadeInLeft&quot;}\">\n\t\t\t<div class=\"elementor-widget-wrap elementor-element-populated\">\n\t\t\t\t\t\t<div class=\"elementor-element elementor-element-553ed52 elementor-widget elementor-widget-heading\" data-id=\"553ed52\" data-element_type=\"widget\" data-widget_type=\"heading.default\">\n\t\t\t\t<div class=\"elementor-widget-container\">\n\t\t\t\t\t<h3 class=\"elementor-heading-title elementor-size-large\">M\u00e1ster Universitario en Arquitectura (habilitante)<\/h3>\t\t\t\t<\/div>\n\t\t\t\t<\/div>\n\t\t\t\t<div class=\"elementor-element elementor-element-8aab1c7 elementor-widget elementor-widget-text-editor\" data-id=\"8aab1c7\" data-element_type=\"widget\" data-widget_type=\"text-editor.default\">\n\t\t\t\t<div class=\"elementor-widget-container\">\n\t\t\t\t\t\t\t\t\t<h4>Escuela T\u00e9cnica Superior de Arquitectura, Universidad de Sevilla, Curso 2021-2022<\/h4><p>Tema: El tema del proyecto fin de M\u00e1ster invita a pensar en el potencial operativo de la arquitectura como medio desde el que impulsar una visi\u00f3n del patrimonio minero como recurso activo para la sociedad. Su \u00e1mbito de trabajo son las canteras de Gerena (Sevilla), un paisaje minero en pausa que evoca un pasado de ferviente actividad industrial ligado al resurgir de la explotaci\u00f3n minera de finales del XIX. Las canteras de granito de Gerena generaron un importante impulso econ\u00f3mico su municipio durante este periodo. Ahora, las canteras reclaman operaciones arquitect\u00f3nicas que les permitan albergar nuevos usos contempor\u00e1neos, de modo que puedan funcionar como espacios socioculturales activos y productivos para la poblaci\u00f3n.<\/p><p><strong>Antonio Tejedor<\/strong>, profesor responsable, junto a <strong>Mercedes Linares<\/strong> y <strong>Carlos Plaza<\/strong> como profesores de Expresi\u00f3n Gr\u00e1fica Arquitect\u00f3nica e Historia, Teor\u00eda y Composici\u00f3n Arquitect\u00f3nicas respectivamente.<\/p>\t\t\t\t\t\t\t\t<\/div>\n\t\t\t\t<\/div>\n\t\t\t\t\t<\/div>\n\t\t<\/div>\n\t\t\t\t\t<\/div>\n\t\t<\/section>\n\t\t\t\t<section class=\"elementor-section elementor-top-section elementor-element elementor-element-eb102bc elementor-section-boxed elementor-section-height-default elementor-section-height-default\" data-id=\"eb102bc\" data-element_type=\"section\">\n\t\t\t\t\t\t<div class=\"elementor-container elementor-column-gap-default\">\n\t\t\t\t\t<div class=\"elementor-column elementor-col-100 elementor-top-column elementor-element elementor-element-1b2da07 elementor-invisible\" data-id=\"1b2da07\" data-element_type=\"column\" data-settings=\"{&quot;animation&quot;:&quot;fadeInLeft&quot;}\">\n\t\t\t<div class=\"elementor-widget-wrap elementor-element-populated\">\n\t\t\t\t\t\t<div class=\"elementor-element elementor-element-171cbcd elementor-widget elementor-widget-heading\" data-id=\"171cbcd\" data-element_type=\"widget\" data-widget_type=\"heading.default\">\n\t\t\t\t<div class=\"elementor-widget-container\">\n\t\t\t\t\t<h3 class=\"elementor-heading-title elementor-size-large\">M\u00e1ster Universitario en Arquitectura (habilitante)<\/h3>\t\t\t\t<\/div>\n\t\t\t\t<\/div>\n\t\t\t\t<div class=\"elementor-element elementor-element-c644a5e elementor-widget elementor-widget-text-editor\" data-id=\"c644a5e\" data-element_type=\"widget\" data-widget_type=\"text-editor.default\">\n\t\t\t\t<div class=\"elementor-widget-container\">\n\t\t\t\t\t\t\t\t\t<h4>Escuela T\u00e9cnica Superior de Arquitectura, Universidad de Sevilla, Cursos 2018-2019, 2019-2020, 2020-2021<\/h4><p>Tema: El proyecto fin de M\u00e1ster enfoca su escenario de debate en los yacimientos arqueol\u00f3gicos en sus \u00e1reas territoriales y, concretamente, en el \u00e1mbito del Conjunto Arqueol\u00f3gico de It\u00e1lica y Santiponce. El proyecto de arquitectura como mediador entre estos conceptos, como vector para el desarrollo del demandado v\u00ednculo entre los valores patrimoniales del territorio y el desarrollo socioecon\u00f3mico sostenible, es el argumento central de este curso.<br \/>El curso sugiere la b\u00fasqueda de estrategias arquitect\u00f3nicas para superar una visi\u00f3n objetual de la ruina arqueol\u00f3gica, inconexa a su realidad paisaj\u00edstica, fomentando lecturas integrales que reflexionan acerca del papel urbano y territorial de It\u00e1lica. La rede\u00adfinici\u00f3n de los l\u00edmites, el replanteamiento de los actuales recorridos y la reactivaci\u00f3n de los puntos de la ciudad que hasta ahora han gozado de menor atenci\u00f3n se plantean como l\u00edneas de acci\u00f3n fundamentales de los proyectos.<\/p><p><strong>Antonio Tejedor<\/strong>, profesor responsable, junto a <strong>Mercedes Linares<\/strong> y <strong>Carlos Plaza<\/strong> como profesores de Expresi\u00f3n Gr\u00e1fica Arquitect\u00f3nica e Historia, Teor\u00eda y Composici\u00f3n Arquitect\u00f3nicas respectivamente.<\/p>\t\t\t\t\t\t\t\t<\/div>\n\t\t\t\t<\/div>\n\t\t\t\t\t<\/div>\n\t\t<\/div>\n\t\t\t\t\t<\/div>\n\t\t<\/section>\n\t\t\t\t<section class=\"elementor-section elementor-top-section elementor-element elementor-element-167db78 elementor-section-boxed elementor-section-height-default elementor-section-height-default\" data-id=\"167db78\" data-element_type=\"section\">\n\t\t\t\t\t\t<div class=\"elementor-container elementor-column-gap-default\">\n\t\t\t\t\t<div class=\"elementor-column elementor-col-100 elementor-top-column elementor-element elementor-element-c776865 elementor-invisible\" data-id=\"c776865\" data-element_type=\"column\" data-settings=\"{&quot;animation&quot;:&quot;fadeInLeft&quot;}\">\n\t\t\t<div class=\"elementor-widget-wrap elementor-element-populated\">\n\t\t\t\t\t\t<div class=\"elementor-element elementor-element-b3afba4 elementor-widget elementor-widget-heading\" data-id=\"b3afba4\" data-element_type=\"widget\" data-widget_type=\"heading.default\">\n\t\t\t\t<div class=\"elementor-widget-container\">\n\t\t\t\t\t<h3 class=\"elementor-heading-title elementor-size-large\">Bachelor of Science degree in Architecture Design -\u00a0Final Design Workshop - 3rd year - 4 CFU - ICAR\/14.<\/h3>\t\t\t\t<\/div>\n\t\t\t\t<\/div>\n\t\t\t\t<div class=\"elementor-element elementor-element-361527c elementor-widget elementor-widget-text-editor\" data-id=\"361527c\" data-element_type=\"widget\" data-widget_type=\"text-editor.default\">\n\t\t\t\t<div class=\"elementor-widget-container\">\n\t\t\t\t\t\t\t\t\t<h4>A.Y. 2021-22 &#8211; Politecnico di Milano &#8211; Scuola di Architettura Urbanistica e Ingegneria delle Costruzioni.<\/h4><p>Tema: el estudio aborda el tema del proyecto arquitect\u00f3nico, en sus diversas escalas, en relaci\u00f3n con el car\u00e1cter y las especificidades de los lugares. El caso de estudio elegido -el territorio ligur de las Cinque Terre- ofrece la oportunidad de intentar tejer, a trav\u00e9s del proyecto, un di\u00e1logo entre arquitectura, historia y paisaje. El objeto de la experimentaci\u00f3n proyectual es un edificio dedicado a albergar algunos servicios y un peque\u00f1o centro de interpretaci\u00f3n de las Cinque Terre, destinado a describir los caracteres y la fragilidad del territorio y a narrar el largo tiempo de construcci\u00f3n de un paisaje espec\u00edfico.<\/p><p><strong>Viola Bertini<\/strong>, profesora responsable<\/p>\t\t\t\t\t\t\t\t<\/div>\n\t\t\t\t<\/div>\n\t\t\t\t\t<\/div>\n\t\t<\/div>\n\t\t\t\t\t<\/div>\n\t\t<\/section>\n\t\t\t\t<section class=\"elementor-section elementor-top-section elementor-element elementor-element-458ac08 elementor-section-boxed elementor-section-height-default elementor-section-height-default\" data-id=\"458ac08\" data-element_type=\"section\">\n\t\t\t\t\t\t<div class=\"elementor-container elementor-column-gap-default\">\n\t\t\t\t\t<div class=\"elementor-column elementor-col-100 elementor-top-column elementor-element elementor-element-2e4f9e6 elementor-invisible\" data-id=\"2e4f9e6\" data-element_type=\"column\" data-settings=\"{&quot;animation&quot;:&quot;fadeInLeft&quot;}\">\n\t\t\t<div class=\"elementor-widget-wrap elementor-element-populated\">\n\t\t\t\t\t\t<div class=\"elementor-element elementor-element-86b3c18 elementor-widget elementor-widget-heading\" data-id=\"86b3c18\" data-element_type=\"widget\" data-widget_type=\"heading.default\">\n\t\t\t\t<div class=\"elementor-widget-container\">\n\t\t\t\t\t<h3 class=\"elementor-heading-title elementor-size-large\">Bachelor degree in architecture Techniques and Cultures of the Project - 3rd year Studio, Didactic Unit Urban Design - ICAR\/14<\/h3>\t\t\t\t<\/div>\n\t\t\t\t<\/div>\n\t\t\t\t<div class=\"elementor-element elementor-element-55f4641 elementor-widget elementor-widget-text-editor\" data-id=\"55f4641\" data-element_type=\"widget\" data-widget_type=\"text-editor.default\">\n\t\t\t\t<div class=\"elementor-widget-container\">\n\t\t\t\t\t\t\t\t\t<h4>A.A. 2020-21 \u2013 Universit\u00e0 Iuav di Venezia &#8211; Dipartimento di Culture del progetto\u00a0<\/h4><p>Tema: partiendo de una lectura cr\u00edtica de la ciudad de Aquileia, declarada por la Unesco Patrimonio de la Humanidad en 1998, el estudio se centra en una propuesta de proyecto de Museo-Archivo dedicado a la obra del dibujante italiano Francesco Tullio Altan.<\/p><p><strong>Mauro Marzo<\/strong>, profesor responsable, junto a <strong>Viola Bertini<\/strong> como asistente de docencia.<\/p>\t\t\t\t\t\t\t\t<\/div>\n\t\t\t\t<\/div>\n\t\t\t\t\t<\/div>\n\t\t<\/div>\n\t\t\t\t\t<\/div>\n\t\t<\/section>\n\t\t\t\t<section class=\"elementor-section elementor-top-section elementor-element elementor-element-47e80cb elementor-section-boxed elementor-section-height-default elementor-section-height-default\" data-id=\"47e80cb\" data-element_type=\"section\">\n\t\t\t\t\t\t<div class=\"elementor-container elementor-column-gap-default\">\n\t\t\t\t\t<div class=\"elementor-column elementor-col-100 elementor-top-column elementor-element elementor-element-5b0dde2 elementor-invisible\" data-id=\"5b0dde2\" data-element_type=\"column\" data-settings=\"{&quot;animation&quot;:&quot;fadeInLeft&quot;}\">\n\t\t\t<div class=\"elementor-widget-wrap elementor-element-populated\">\n\t\t\t\t\t\t<div class=\"elementor-element elementor-element-e472b98 elementor-widget elementor-widget-heading\" data-id=\"e472b98\" data-element_type=\"widget\" data-widget_type=\"heading.default\">\n\t\t\t\t<div class=\"elementor-widget-container\">\n\t\t\t\t\t<h3 class=\"elementor-heading-title elementor-size-large\">Bachelor degree in architecture: Techniques and Cultures of the Project - 3rd year Studio, Didactic Unit Urban Design - ICAR\/14<\/h3>\t\t\t\t<\/div>\n\t\t\t\t<\/div>\n\t\t\t\t<div class=\"elementor-element elementor-element-79b726e elementor-widget elementor-widget-text-editor\" data-id=\"79b726e\" data-element_type=\"widget\" data-widget_type=\"text-editor.default\">\n\t\t\t\t<div class=\"elementor-widget-container\">\n\t\t\t\t\t\t\t\t\t<h4>A.A. 2018-19 \u2013 Universit\u00e0 Iuav di Venezia &#8211; Dipartimento di Culture del progetto<\/h4><p>Tema: El estudio aborda el tema de la relaci\u00f3n entre la arquitectura y el turismo a trav\u00e9s del estudio de caso del territorio italiano de Cinque Terre. En una primera fase se realiza un estudio a gran escala sobre la zona para reflexionar sobre el significado del paisaje cultural. En una segunda fase se lleva a cabo una experimentaci\u00f3n de dise\u00f1o en Monterosso dirigida al dise\u00f1o de un museo de Cinque Terre.<\/p><p><strong>Mauro Marzo<\/strong>, profesor responsable, junto a <strong>Viola Bertini<\/strong> como asistente de docencia.<\/p>\t\t\t\t\t\t\t\t<\/div>\n\t\t\t\t<\/div>\n\t\t\t\t\t<\/div>\n\t\t<\/div>\n\t\t\t\t\t<\/div>\n\t\t<\/section>\n\t\t\t\t<section class=\"elementor-section elementor-top-section elementor-element elementor-element-af1d0dc elementor-section-boxed elementor-section-height-default elementor-section-height-default\" data-id=\"af1d0dc\" data-element_type=\"section\">\n\t\t\t\t\t\t<div class=\"elementor-container elementor-column-gap-default\">\n\t\t\t\t\t<div class=\"elementor-column elementor-col-100 elementor-top-column elementor-element elementor-element-16d50af elementor-invisible\" data-id=\"16d50af\" data-element_type=\"column\" data-settings=\"{&quot;animation&quot;:&quot;fadeInLeft&quot;}\">\n\t\t\t<div class=\"elementor-widget-wrap elementor-element-populated\">\n\t\t\t\t\t\t<div class=\"elementor-element elementor-element-3a6ad00 elementor-widget elementor-widget-heading\" data-id=\"3a6ad00\" data-element_type=\"widget\" data-widget_type=\"heading.default\">\n\t\t\t\t<div class=\"elementor-widget-container\">\n\t\t\t\t\t<h3 class=\"elementor-heading-title elementor-size-large\">Bachelor degree in architecture: Techniques and Cultures of the Project - 3rd year Studio, Didactic Unit Urban Design - ICAR\/14<\/h3>\t\t\t\t<\/div>\n\t\t\t\t<\/div>\n\t\t\t\t<div class=\"elementor-element elementor-element-bb337a6 elementor-widget elementor-widget-text-editor\" data-id=\"bb337a6\" data-element_type=\"widget\" data-widget_type=\"text-editor.default\">\n\t\t\t\t<div class=\"elementor-widget-container\">\n\t\t\t\t\t\t\t\t\t<h4>A.A. 2017-18 \u2013 Universit\u00e0 Iuav di Venezia &#8211; Dipartimento di Culture del progetto<\/h4><p>Tema: El estudio aborda el tema de la relaci\u00f3n entre arquitectura y turismo a trav\u00e9s del estudio de caso del territorio italiano de Cinque Terre. Se elige el pueblo de Manarola para el desarrollo de un proyecto arquitect\u00f3nico de un Museo del territorio de las Cinque Terre. La definici\u00f3n del programa del museo es una oportunidad para reflexionar sobre la fragilidad y los recursos del contexto, sobre los elementos y las figuras que conforman el paisaje, sobre las relaciones existentes entre los centros y los elementos patrimoniales generalizados, sobre los recursos tangibles e intangibles y, en general, sobre los elementos marcadores de identidad.<\/p><p><strong>Mauro Marzo<\/strong>, profesor responsable, junto a <strong>Viola Bertini<\/strong> como asistente de docencia<\/p>\t\t\t\t\t\t\t\t<\/div>\n\t\t\t\t<\/div>\n\t\t\t\t\t<\/div>\n\t\t<\/div>\n\t\t\t\t\t<\/div>\n\t\t<\/section>\n\t\t\t\t<section class=\"elementor-section elementor-top-section elementor-element elementor-element-2175820d elementor-section-boxed elementor-section-height-default elementor-section-height-default\" data-id=\"2175820d\" data-element_type=\"section\">\n\t\t\t\t\t\t<div class=\"elementor-container elementor-column-gap-default\">\n\t\t\t\t\t<div class=\"elementor-column elementor-col-100 elementor-top-column elementor-element elementor-element-280c85f3 elementor-invisible\" data-id=\"280c85f3\" data-element_type=\"column\" data-settings=\"{&quot;animation&quot;:&quot;fadeInLeft&quot;}\">\n\t\t\t<div class=\"elementor-widget-wrap elementor-element-populated\">\n\t\t\t\t\t\t<div class=\"elementor-element elementor-element-1e4ad0c elementor-widget elementor-widget-heading\" data-id=\"1e4ad0c\" data-element_type=\"widget\" data-widget_type=\"heading.default\">\n\t\t\t\t<div class=\"elementor-widget-container\">\n\t\t\t\t\t<h3 class=\"elementor-heading-title elementor-size-large\">Bachelor degree in architecture: Techniques and Cultures of the Project - 3rd year Studio, Didactic Unit Urban Design - ICAR\/14<\/h3>\t\t\t\t<\/div>\n\t\t\t\t<\/div>\n\t\t\t\t<div class=\"elementor-element elementor-element-145a41f5 elementor-widget elementor-widget-text-editor\" data-id=\"145a41f5\" data-element_type=\"widget\" data-widget_type=\"text-editor.default\">\n\t\t\t\t<div class=\"elementor-widget-container\">\n\t\t\t\t\t\t\t\t\t<h4>A.A. 2015-16 \u2013 Universit\u00e0 Iuav di Venezia &#8211; Dipartimento di Culture del progetto<\/h4><p>Tema: El estudio aborda el tema de la relaci\u00f3n entre la arquitectura, el turismo y las zonas marginales. Los experimentos de dise\u00f1o tienen como objetivo la mejora tur\u00edstica de las zonas marginales de la regi\u00f3n del V\u00e9neto mediante la creaci\u00f3n de itinerarios peatonales y ciclistas, lugares de descanso, espacios p\u00fablicos y peque\u00f1os museos.<\/p><p><strong>Mauro Marzo<\/strong>, profesor responsable, junto a <strong>Viola Bertini<\/strong> como asistente de docencia.<\/p>\t\t\t\t\t\t\t\t<\/div>\n\t\t\t\t<\/div>\n\t\t\t\t\t<\/div>\n\t\t<\/div>\n\t\t\t\t\t<\/div>\n\t\t<\/section>\n\t\t\t\t<\/div>\n\t\t","protected":false},"excerpt":{"rendered":"<p>M\u00e1ster Universitario en Arquitectura (habilitante) Escuela T\u00e9cnica Superior de Arquitectura, Universidad de Sevilla, Curso 2021-2022 Tema: El tema del proyecto fin de M\u00e1ster invita a pensar en el potencial operativo de la arquitectura como medio desde el que impulsar una visi\u00f3n del patrimonio minero como recurso activo para la sociedad. Su \u00e1mbito de trabajo son [&hellip;]<\/p>\n","protected":false},"author":1,"featured_media":0,"parent":0,"menu_order":0,"comment_status":"closed","ping_status":"closed","template":"","meta":{"footnotes":""},"class_list":["post-64","page","type-page","status-publish","hentry"],"yoast_head":"<!-- This site is optimized with the Yoast SEO plugin v26.2 - https:\/\/yoast.com\/wordpress\/plugins\/seo\/ -->\n<title>Postgrado - Laboratorio de Redes de Patrimonio Turismo y Paisaje<\/title>\n<meta name=\"robots\" content=\"index, follow, max-snippet:-1, max-image-preview:large, max-video-preview:-1\" \/>\n<link rel=\"canonical\" href=\"https:\/\/grupo.us.es\/labhtlnet\/postgrado\/\" \/>\n<meta property=\"og:locale\" content=\"es_ES\" \/>\n<meta property=\"og:type\" content=\"article\" \/>\n<meta property=\"og:title\" content=\"Postgrado - Laboratorio de Redes de Patrimonio Turismo y Paisaje\" \/>\n<meta property=\"og:description\" content=\"M\u00e1ster Universitario en Arquitectura (habilitante) Escuela T\u00e9cnica Superior de Arquitectura, Universidad de Sevilla, Curso 2021-2022 Tema: El tema del proyecto fin de M\u00e1ster invita a pensar en el potencial operativo de la arquitectura como medio desde el que impulsar una visi\u00f3n del patrimonio minero como recurso activo para la sociedad. Su \u00e1mbito de trabajo son [&hellip;]\" \/>\n<meta property=\"og:url\" content=\"https:\/\/grupo.us.es\/labhtlnet\/postgrado\/\" \/>\n<meta property=\"og:site_name\" content=\"Laboratorio de Redes de Patrimonio Turismo y Paisaje\" \/>\n<meta property=\"article:modified_time\" content=\"2022-06-21T06:59:22+00:00\" \/>\n<meta name=\"twitter:card\" content=\"summary_large_image\" \/>\n<meta name=\"twitter:label1\" content=\"Tiempo de lectura\" \/>\n\t<meta name=\"twitter:data1\" content=\"5 minutos\" \/>\n<script type=\"application\/ld+json\" class=\"yoast-schema-graph\">{\"@context\":\"https:\/\/schema.org\",\"@graph\":[{\"@type\":\"WebPage\",\"@id\":\"https:\/\/grupo.us.es\/labhtlnet\/postgrado\/\",\"url\":\"https:\/\/grupo.us.es\/labhtlnet\/postgrado\/\",\"name\":\"Postgrado - Laboratorio de Redes de Patrimonio Turismo y Paisaje\",\"isPartOf\":{\"@id\":\"https:\/\/grupo.us.es\/labhtlnet\/#website\"},\"datePublished\":\"2022-03-15T08:44:16+00:00\",\"dateModified\":\"2022-06-21T06:59:22+00:00\",\"inLanguage\":\"es\",\"potentialAction\":[{\"@type\":\"ReadAction\",\"target\":[\"https:\/\/grupo.us.es\/labhtlnet\/postgrado\/\"]}]},{\"@type\":\"WebSite\",\"@id\":\"https:\/\/grupo.us.es\/labhtlnet\/#website\",\"url\":\"https:\/\/grupo.us.es\/labhtlnet\/\",\"name\":\"Laboratorio de Redes de Patrimonio Turismo y Paisaje\",\"description\":\"\",\"publisher\":{\"@id\":\"https:\/\/grupo.us.es\/labhtlnet\/#organization\"},\"potentialAction\":[{\"@type\":\"SearchAction\",\"target\":{\"@type\":\"EntryPoint\",\"urlTemplate\":\"https:\/\/grupo.us.es\/labhtlnet\/?s={search_term_string}\"},\"query-input\":{\"@type\":\"PropertyValueSpecification\",\"valueRequired\":true,\"valueName\":\"search_term_string\"}}],\"inLanguage\":\"es\"},{\"@type\":\"Organization\",\"@id\":\"https:\/\/grupo.us.es\/labhtlnet\/#organization\",\"name\":\"Laboratorio de Redes de Patrimonio Turismo y Paisaje\",\"url\":\"https:\/\/grupo.us.es\/labhtlnet\/\",\"logo\":{\"@type\":\"ImageObject\",\"inLanguage\":\"es\",\"@id\":\"https:\/\/grupo.us.es\/labhtlnet\/#\/schema\/logo\/image\/\",\"url\":\"https:\/\/grupo.us.es\/labhtlnet\/wp-content\/uploads\/2022\/06\/cropped-Logo-LAB-1.jpg\",\"contentUrl\":\"https:\/\/grupo.us.es\/labhtlnet\/wp-content\/uploads\/2022\/06\/cropped-Logo-LAB-1.jpg\",\"width\":200,\"height\":44,\"caption\":\"Laboratorio de Redes de Patrimonio Turismo y Paisaje\"},\"image\":{\"@id\":\"https:\/\/grupo.us.es\/labhtlnet\/#\/schema\/logo\/image\/\"}}]}<\/script>\n<!-- \/ Yoast SEO plugin. -->","yoast_head_json":{"title":"Postgrado - Laboratorio de Redes de Patrimonio Turismo y Paisaje","robots":{"index":"index","follow":"follow","max-snippet":"max-snippet:-1","max-image-preview":"max-image-preview:large","max-video-preview":"max-video-preview:-1"},"canonical":"https:\/\/grupo.us.es\/labhtlnet\/postgrado\/","og_locale":"es_ES","og_type":"article","og_title":"Postgrado - Laboratorio de Redes de Patrimonio Turismo y Paisaje","og_description":"M\u00e1ster Universitario en Arquitectura (habilitante) Escuela T\u00e9cnica Superior de Arquitectura, Universidad de Sevilla, Curso 2021-2022 Tema: El tema del proyecto fin de M\u00e1ster invita a pensar en el potencial operativo de la arquitectura como medio desde el que impulsar una visi\u00f3n del patrimonio minero como recurso activo para la sociedad. Su \u00e1mbito de trabajo son [&hellip;]","og_url":"https:\/\/grupo.us.es\/labhtlnet\/postgrado\/","og_site_name":"Laboratorio de Redes de Patrimonio Turismo y Paisaje","article_modified_time":"2022-06-21T06:59:22+00:00","twitter_card":"summary_large_image","twitter_misc":{"Tiempo de lectura":"5 minutos"},"schema":{"@context":"https:\/\/schema.org","@graph":[{"@type":"WebPage","@id":"https:\/\/grupo.us.es\/labhtlnet\/postgrado\/","url":"https:\/\/grupo.us.es\/labhtlnet\/postgrado\/","name":"Postgrado - Laboratorio de Redes de Patrimonio Turismo y Paisaje","isPartOf":{"@id":"https:\/\/grupo.us.es\/labhtlnet\/#website"},"datePublished":"2022-03-15T08:44:16+00:00","dateModified":"2022-06-21T06:59:22+00:00","inLanguage":"es","potentialAction":[{"@type":"ReadAction","target":["https:\/\/grupo.us.es\/labhtlnet\/postgrado\/"]}]},{"@type":"WebSite","@id":"https:\/\/grupo.us.es\/labhtlnet\/#website","url":"https:\/\/grupo.us.es\/labhtlnet\/","name":"Laboratorio de Redes de Patrimonio Turismo y Paisaje","description":"","publisher":{"@id":"https:\/\/grupo.us.es\/labhtlnet\/#organization"},"potentialAction":[{"@type":"SearchAction","target":{"@type":"EntryPoint","urlTemplate":"https:\/\/grupo.us.es\/labhtlnet\/?s={search_term_string}"},"query-input":{"@type":"PropertyValueSpecification","valueRequired":true,"valueName":"search_term_string"}}],"inLanguage":"es"},{"@type":"Organization","@id":"https:\/\/grupo.us.es\/labhtlnet\/#organization","name":"Laboratorio de Redes de Patrimonio Turismo y Paisaje","url":"https:\/\/grupo.us.es\/labhtlnet\/","logo":{"@type":"ImageObject","inLanguage":"es","@id":"https:\/\/grupo.us.es\/labhtlnet\/#\/schema\/logo\/image\/","url":"https:\/\/grupo.us.es\/labhtlnet\/wp-content\/uploads\/2022\/06\/cropped-Logo-LAB-1.jpg","contentUrl":"https:\/\/grupo.us.es\/labhtlnet\/wp-content\/uploads\/2022\/06\/cropped-Logo-LAB-1.jpg","width":200,"height":44,"caption":"Laboratorio de Redes de Patrimonio Turismo y Paisaje"},"image":{"@id":"https:\/\/grupo.us.es\/labhtlnet\/#\/schema\/logo\/image\/"}}]}},"_links":{"self":[{"href":"https:\/\/grupo.us.es\/labhtlnet\/wp-json\/wp\/v2\/pages\/64","targetHints":{"allow":["GET"]}}],"collection":[{"href":"https:\/\/grupo.us.es\/labhtlnet\/wp-json\/wp\/v2\/pages"}],"about":[{"href":"https:\/\/grupo.us.es\/labhtlnet\/wp-json\/wp\/v2\/types\/page"}],"author":[{"embeddable":true,"href":"https:\/\/grupo.us.es\/labhtlnet\/wp-json\/wp\/v2\/users\/1"}],"replies":[{"embeddable":true,"href":"https:\/\/grupo.us.es\/labhtlnet\/wp-json\/wp\/v2\/comments?post=64"}],"version-history":[{"count":0,"href":"https:\/\/grupo.us.es\/labhtlnet\/wp-json\/wp\/v2\/pages\/64\/revisions"}],"wp:attachment":[{"href":"https:\/\/grupo.us.es\/labhtlnet\/wp-json\/wp\/v2\/media?parent=64"}],"curies":[{"name":"wp","href":"https:\/\/api.w.org\/{rel}","templated":true}]}}