{"id":60,"date":"2025-03-02T11:03:18","date_gmt":"2025-03-02T10:03:18","guid":{"rendered":"http:\/\/grupo.us.es\/labdescyc\/?page_id=60"},"modified":"2025-07-23T19:31:52","modified_gmt":"2025-07-23T17:31:52","slug":"equipo","status":"publish","type":"page","link":"http:\/\/grupo.us.es\/labdescyc\/?page_id=60","title":{"rendered":"Equipo"},"content":{"rendered":"\n<h3 class=\"wp-block-heading has-background\" style=\"background-color:#f3e8d7;font-size:26px\">En investigaciones en curso<\/h3>\n\n\n\n<ul class=\"wp-block-list\">\n<li>David Vila-Vi\u00f1as. Investigador Ram\u00f3n y Cajal de Filosof\u00eda del Derecho. Universidad de Sevilla<\/li>\n\n\n\n<li>Teresa Picont\u00f3 Novales. Catedr\u00e1tica de Filosof\u00eda del Derecho en la Universidad de Zaragoza<\/li>\n\n\n\n<li>Fernando H. Llano Alonso. Catedr\u00e1tico de Filosof\u00eda del Derecho en la Universidad de Sevilla<\/li>\n\n\n\n<li>Cristina Monereo Atienza. Catedr\u00e1tica de Filosof\u00eda del Derecho en la Universidad de M\u00e1laga<\/li>\n\n\n\n<li>David S\u00e1nchez Rubio. Profesor titular de Filosof\u00eda del Derecho en la Universidad de Sevilla<\/li>\n\n\n\n<li>Jos\u00e9 Mar\u00eda Mu\u00f1oz Terr\u00f3n. Profesor titular de Filosof\u00eda en la Universidad de Almer\u00eda<\/li>\n\n\n\n<li>Maria Pina Fersini. Profesora ayudante doctora de Filosof\u00eda del Derecho en la Universidad de M\u00e1laga<\/li>\n\n\n\n<li>Jes\u00fas Ignacio Delgado Rojas. Profesor ayudante doctor de Filosof\u00eda del Derecho en la Universidad de Sevilla<\/li>\n\n\n\n<li>Ana Dom\u00ednguez Morales. Profesor ayudante doctora de Derecho del Trabajo en la Universidad de Sevilla<\/li>\n\n\n\n<li>Mar\u00eda Purificaci\u00f3n L\u00f3pez Igual. Profesora asociada de Econom\u00eda en la Universidad Pablo de Olavide<\/li>\n\n\n\n<li>Luis Oca\u00f1a Escolar. Profesor asociado de Derecho del Trabajo en la Universidad de Sevilla.<\/li>\n\n\n\n<li>Thomas Casadei \u2013 Profesor ordinario Dipartimento di Giurisprudenza. Universit\u00e0 degli Studi di Modena e Reggio Emilia<\/li>\n\n\n\n<li>Barbara Giovanna Bello. Tenure Track Assistant Professor of Philosophy of Law at the University of Tuscia<\/li>\n\n\n\n<li>Rosaria Pirosa \u2013 Ricercatore Dipartimento di Giurisprudenza. Universit\u00e0 degli Studi di Modena e Reggio Emilia<\/li>\n\n\n\n<li>Luciana \u00c1lvarez Bauza. Profesora titular de Filosof\u00eda del Derecho en la Universidad de Cuyo (Argentina)<\/li>\n\n\n\n<li>Claudia Severi. Doctoranda Dipartimento di Giurisprudenza. Universit\u00e0 degli Studi di Modena e Reggio Emilia<\/li>\n\n\n\n<li>Marco Mondello. Doctorando Dipartimento di Giurisprudenza. Universit\u00e0 degli Studi di Modena e Reggio Emilia<\/li>\n\n\n\n<li>Andr\u00e9 D\u00edas Pereira. Professor Associado da Faculdade de Direito da Universidade de Coimbra (Portugal)<\/li>\n\n\n\n<li>Ana Elisabete Ferreira. Investigadora integrada. Instituto Jur\u00eddico, Faculdade de Direito. Universidade de Coimbra (Portugal)<\/li>\n\n\n\n<li>Velina Todorova. Associate Professor at Law School in Plovdiv University (Bulgaria)<\/li>\n\n\n\n<li>Pilar Cruz Z\u00fa\u00f1iga. PSI de Sociolog\u00eda en la Universidad Pablo de Olavide.<\/li>\n\n\n\n<li>Paz Olaciregui Rodr\u00edguez. PSI de Pol\u00edticas Sociales en la Universidad de Zaragoza.<\/li>\n\n\n\n<li>Carmen Mesa Raya. Profesora asociada de Trabajo Social en la Universidad de Zaragoza.<\/li>\n\n\n\n<li>Carlos Granados Dom\u00ednguez. Investigador predoctoral en Filosof\u00eda del Derecho en la Universidad de Sevilla.<\/li>\n\n\n\n<li>Miguel de As\u00eds Pulido. Investigador doctor de Filosof\u00eda del Derecho en la UNED.<\/li>\n\n\n\n<li>Alessandra E. Castagnedi Ram\u00edrez. Investigadora predoctoral en Filosof\u00eda del Derecho en la Universidad de Sevilla<\/li>\n\n\n\n<li>Manuel P\u00e9rez Sarabia. Investigador predoctoral en la Facultad de Derecho en la Universidad de Sevilla.<\/li>\n\n\n\n<li>Carlos Ib\u00e1\u00f1ez. Investigador predoctoral en la Facultad de Derecho en la Universidad de Sevilla.<\/li>\n\n\n\n<li>Roc\u00edo Poyatos P\u00e9rez. Investigadora predoctoral en la Facultad de Derecho de la Universidad Carlos III de Madrid.<\/li>\n\n\n\n<li>Elisa Alb\u00e1s Sus\u00edn. Investigadora predoctoral en la Facultad de Ciencias Sociales en la Universidad de Zaragoza.<\/li>\n<\/ul>\n\n\n\n<div class=\"wp-block-columns is-layout-flex wp-container-core-columns-is-layout-2 wp-block-columns-is-layout-flex\">\n<div class=\"wp-block-column is-layout-flow wp-block-column-is-layout-flow\">\n<div class=\"wp-block-columns is-layout-flex wp-container-core-columns-is-layout-1 wp-block-columns-is-layout-flex\">\n<div class=\"wp-block-column is-layout-flow wp-block-column-is-layout-flow\">\n<p><\/p>\n<\/div>\n\n\n\n<div class=\"wp-block-column is-layout-flow wp-block-column-is-layout-flow\">\n<div style=\"height:44px\" aria-hidden=\"true\" class=\"wp-block-spacer\"><\/div>\n<\/div>\n<\/div>\n<\/div>\n<\/div>\n\n\n\n<h3 class=\"wp-block-heading has-background\" style=\"background-color:#f3e8d7;font-size:26px\">En investigaciones anteriores:<\/h3>\n\n\n\n<ul class=\"wp-block-list\">\n<li>Alicia Brox S\u00e1enz de la Calzada. Profesora ayudante doctora de Derecho en la Universidad de Zaragoza.<\/li>\n\n\n\n<li>Esther Carrizosa Prieto. Profesora titular de Derecho del Trabajo en la Universidad Pablo de Olavide<\/li>\n\n\n\n<li>Emmanuel Chamorro S\u00e1nchez. Investigador postdoctoral en Filosof\u00eda en la Universidad de Sevilla.<\/li>\n\n\n\n<li>Sof\u00eda Jim\u00e9nez Castill\u00f3n. Soci\u00f3loga.<\/li>\n\n\n\n<li>Mar\u00eda Jos\u00e9 Lozano Vega. Profesora Titular de Sociolog\u00eda de la Universidad de Sevilla.<\/li>\n\n\n\n<li>Elena R. Pilcher P\u00e9rez. Doctora en Sociolog\u00eda Jur\u00eddica por la Universidad de Zaragoza.<\/li>\n\n\n\n<li>Noelia Rodr\u00edguez Su\u00e1rez. PSI de Derecho del Trabajo de la Universidad de Sevilla<\/li>\n\n\n\n<li>Esperanza Macarena Sierra Ben\u00edtez. Profesora Titular de Derecho del Trabajo de la Universidad de Sevilla<\/li>\n\n\n\n<li>Luisa Winter Pereira. Investigadora predoctoral en Derecho Constitucional en la Universidad de Sevilla<\/li>\n\n\n\n<li>Gabriel Sotomayor Rivera. Colaborador. Doctorando en Filosof\u00eda en la Universidad de C\u00e1diz.<\/li>\n<\/ul>\n\n\n\n<div style=\"height:100px\" aria-hidden=\"true\" class=\"wp-block-spacer\"><\/div>\n","protected":false},"excerpt":{"rendered":"<p>En investigaciones en curso En investigaciones anteriores:<\/p>\n","protected":false},"author":1,"featured_media":0,"parent":0,"menu_order":0,"comment_status":"closed","ping_status":"closed","template":"","meta":{"footnotes":""},"class_list":["post-60","page","type-page","status-publish","hentry"],"_links":{"self":[{"href":"http:\/\/grupo.us.es\/labdescyc\/index.php?rest_route=\/wp\/v2\/pages\/60","targetHints":{"allow":["GET"]}}],"collection":[{"href":"http:\/\/grupo.us.es\/labdescyc\/index.php?rest_route=\/wp\/v2\/pages"}],"about":[{"href":"http:\/\/grupo.us.es\/labdescyc\/index.php?rest_route=\/wp\/v2\/types\/page"}],"author":[{"embeddable":true,"href":"http:\/\/grupo.us.es\/labdescyc\/index.php?rest_route=\/wp\/v2\/users\/1"}],"replies":[{"embeddable":true,"href":"http:\/\/grupo.us.es\/labdescyc\/index.php?rest_route=%2Fwp%2Fv2%2Fcomments&post=60"}],"version-history":[{"count":16,"href":"http:\/\/grupo.us.es\/labdescyc\/index.php?rest_route=\/wp\/v2\/pages\/60\/revisions"}],"predecessor-version":[{"id":442,"href":"http:\/\/grupo.us.es\/labdescyc\/index.php?rest_route=\/wp\/v2\/pages\/60\/revisions\/442"}],"wp:attachment":[{"href":"http:\/\/grupo.us.es\/labdescyc\/index.php?rest_route=%2Fwp%2Fv2%2Fmedia&parent=60"}],"curies":[{"name":"wp","href":"https:\/\/api.w.org\/{rel}","templated":true}]}}

<h3 class="wp-block-heading has-background" style="background-color:#f3e8d7;font-size:26px">En investigaciones en curso</h3>



<ul class="wp-block-list">
<li>David Vila-Viñas. Investigador Ramón y Cajal de Filosofía del Derecho. Universidad de Sevilla</li>



<li>Teresa Picontó Novales. Catedrática de Filosofía del Derecho en la Universidad de Zaragoza</li>



<li>Fernando H. Llano Alonso. Catedrático de Filosofía del Derecho en la Universidad de Sevilla</li>



<li>Cristina Monereo Atienza. Catedrática de Filosofía del Derecho en la Universidad de Málaga</li>



<li>David Sánchez Rubio. Profesor titular de Filosofía del Derecho en la Universidad de Sevilla</li>



<li>José María Muñoz Terrón. Profesor titular de Filosofía en la Universidad de Almería</li>



<li>Maria Pina Fersini. Profesora ayudante doctora de Filosofía del Derecho en la Universidad de Málaga</li>



<li>Jesús Ignacio Delgado Rojas. Profesor ayudante doctor de Filosofía del Derecho en la Universidad de Sevilla</li>



<li>Ana Domínguez Morales. Profesor ayudante doctora de Derecho del Trabajo en la Universidad de Sevilla</li>



<li>María Purificación López Igual. Profesora asociada de Economía en la Universidad Pablo de Olavide</li>



<li>Luis Ocaña Escolar. Profesor asociado de Derecho del Trabajo en la Universidad de Sevilla.</li>



<li>Thomas Casadei – Profesor ordinario Dipartimento di Giurisprudenza. Università degli Studi di Modena e Reggio Emilia</li>



<li>Barbara Giovanna Bello. Tenure Track Assistant Professor of Philosophy of Law at the University of Tuscia</li>



<li>Rosaria Pirosa – Ricercatore Dipartimento di Giurisprudenza. Università degli Studi di Modena e Reggio Emilia</li>



<li>Luciana Álvarez Bauza. Profesora titular de Filosofía del Derecho en la Universidad de Cuyo (Argentina)</li>



<li>Claudia Severi. Doctoranda Dipartimento di Giurisprudenza. Università degli Studi di Modena e Reggio Emilia</li>



<li>Marco Mondello. Doctorando Dipartimento di Giurisprudenza. Università degli Studi di Modena e Reggio Emilia</li>



<li>André Días Pereira. Professor Associado da Faculdade de Direito da Universidade de Coimbra (Portugal)</li>



<li>Ana Elisabete Ferreira. Investigadora integrada. Instituto Jurídico, Faculdade de Direito. Universidade de Coimbra (Portugal)</li>



<li>Velina Todorova. Associate Professor at Law School in Plovdiv University (Bulgaria)</li>



<li>Pilar Cruz Zúñiga. PSI de Sociología en la Universidad Pablo de Olavide.</li>



<li>Paz Olaciregui Rodríguez. PSI de Políticas Sociales en la Universidad de Zaragoza.</li>



<li>Carmen Mesa Raya. Profesora asociada de Trabajo Social en la Universidad de Zaragoza.</li>



<li>Carlos Granados Domínguez. Investigador predoctoral en Filosofía del Derecho en la Universidad de Sevilla.</li>



<li>Miguel de Asís Pulido. Investigador doctor de Filosofía del Derecho en la UNED.</li>



<li>Alessandra E. Castagnedi Ramírez. Investigadora predoctoral en Filosofía del Derecho en la Universidad de Sevilla</li>



<li>Manuel Pérez Sarabia. Investigador predoctoral en la Facultad de Derecho en la Universidad de Sevilla.</li>



<li>Carlos Ibáñez. Investigador predoctoral en la Facultad de Derecho en la Universidad de Sevilla.</li>



<li>Rocío Poyatos Pérez. Investigadora predoctoral en la Facultad de Derecho de la Universidad Carlos III de Madrid.</li>



<li>Elisa Albás Susín. Investigadora predoctoral en la Facultad de Ciencias Sociales en la Universidad de Zaragoza.</li>
</ul>



<div class="wp-block-columns is-layout-flex wp-container-core-columns-is-layout-2 wp-block-columns-is-layout-flex">
<div class="wp-block-column is-layout-flow wp-block-column-is-layout-flow">
<div class="wp-block-columns is-layout-flex wp-container-core-columns-is-layout-1 wp-block-columns-is-layout-flex">
<div class="wp-block-column is-layout-flow wp-block-column-is-layout-flow">
<p></p>
</div>



<div class="wp-block-column is-layout-flow wp-block-column-is-layout-flow">
<div style="height:44px" aria-hidden="true" class="wp-block-spacer"></div>
</div>
</div>
</div>
</div>



<h3 class="wp-block-heading has-background" style="background-color:#f3e8d7;font-size:26px">En investigaciones anteriores:</h3>



<ul class="wp-block-list">
<li>Alicia Brox Sáenz de la Calzada. Profesora ayudante doctora de Derecho en la Universidad de Zaragoza.</li>



<li>Esther Carrizosa Prieto. Profesora titular de Derecho del Trabajo en la Universidad Pablo de Olavide</li>



<li>Emmanuel Chamorro Sánchez. Investigador postdoctoral en Filosofía en la Universidad de Sevilla.</li>



<li>Sofía Jiménez Castillón. Socióloga.</li>



<li>María José Lozano Vega. Profesora Titular de Sociología de la Universidad de Sevilla.</li>



<li>Elena R. Pilcher Pérez. Doctora en Sociología Jurídica por la Universidad de Zaragoza.</li>



<li>Noelia Rodríguez Suárez. PSI de Derecho del Trabajo de la Universidad de Sevilla</li>



<li>Esperanza Macarena Sierra Benítez. Profesora Titular de Derecho del Trabajo de la Universidad de Sevilla</li>



<li>Luisa Winter Pereira. Investigadora predoctoral en Derecho Constitucional en la Universidad de Sevilla</li>



<li>Gabriel Sotomayor Rivera. Colaborador. Doctorando en Filosofía en la Universidad de Cádiz.</li>
</ul>



<div style="height:100px" aria-hidden="true" class="wp-block-spacer"></div>
