{"id":9042,"date":"2025-04-28T08:52:09","date_gmt":"2025-04-28T06:52:09","guid":{"rendered":"http:\/\/grupo.us.es\/newiwpr\/?page_id=9042"},"modified":"2025-04-28T08:55:05","modified_gmt":"2025-04-28T06:55:05","slug":"aspectos-preventivos-del-trabexit","status":"publish","type":"page","link":"https:\/\/grupo.us.es\/iwpr\/aspectos-preventivos-del-trabexit\/","title":{"rendered":"Aspectos preventivos del Trabexit"},"content":{"rendered":"<p style=\"text-align: center;\"><strong>[P\u00c1GINA EN DESARROLLO]<\/strong><\/p>\n<p>Resultan numerosos los distintos aspectos en materia de prevenci\u00f3n de riesgos laborales que afectan al fen\u00f3meno del Trabexit. Sin duda uno de los m\u00e1s destacados y, a su vez, de los m\u00e1s estudiados en los \u00faltimos tiempos es el de los riesgos psicosociales,<\/p>\n","protected":false},"excerpt":{"rendered":"<p>[P\u00c1GINA EN DESARROLLO] Resultan numerosos los distintos aspectos en materia de prevenci\u00f3n de riesgos laborales que afectan al fen\u00f3meno del Trabexit. Sin duda uno de los m\u00e1s destacados y, a su vez, de los m\u00e1s estudiados en los \u00faltimos tiempos es el de los riesgos psicosociales,<\/p>\n","protected":false},"author":27,"featured_media":0,"parent":0,"menu_order":0,"comment_status":"closed","ping_status":"closed","template":"","meta":{"jetpack_post_was_ever_published":false,"footnotes":""},"class_list":["post-9042","page","type-page","status-publish","hentry"],"jetpack_shortlink":"https:\/\/wp.me\/P7HIjh-2lQ","jetpack-related-posts":[{"id":5842,"url":"https:\/\/grupo.us.es\/iwpr\/el-proyecto-trabexit\/","url_meta":{"origin":9042,"position":0},"title":"El Proyecto Trabexit","author":"Jaime Rom\u00e1n Lemos","date":"14 febrero, 2024","format":false,"excerpt":"Desde esta p\u00e1gina puede accederse a todo el contenido desarrollado en el marco del Proyecto Trabexit. APROXIMACI\u00d3N AL PROYECTO TRABEXIT \u00c1REAS DE TRABAJO AN\u00c1LISIS DEL MERCADO DE TRABAJO AN\u00c1LISIS DE LAS PERSONAS AN\u00c1LISIS HIST\u00d3RICOS AN\u00c1LISIS DEL ORDENAMIENTO JUR\u00cdDICO EL DERECHO DEL TRABAJO EL SISTEMA DE SEGURIDAD SOCIAL PERSPECTIVAS CONSTITUCIONALES PERSPECTIVAS\u2026","rel":"","context":"Entrada similar","block_context":{"text":"Entrada similar","link":""},"img":{"alt_text":"","src":"","width":0,"height":0},"classes":[]},{"id":5839,"url":"https:\/\/grupo.us.es\/iwpr\/la-realidad-objeto-de-estudio\/","url_meta":{"origin":9042,"position":1},"title":"La realidad objeto de estudio","author":"Jaime Rom\u00e1n Lemos","date":"14 febrero, 2024","format":false,"excerpt":"En esta p\u00e1gina pueden consultarse las principales caracter\u00edsticas, elementos y contexto de la principal materia objeto de estudio del Proyecto Trabexit. EL CONTEXTO: LA HUIDA DEL MERCADO DE TRABAJO LA IDEA DE TRABEXIT EL TRABEXIT Y SUS CONSECUENCIAS EL TRABEXIT Y SUS CAUSAS","rel":"","context":"Entrada similar","block_context":{"text":"Entrada similar","link":""},"img":{"alt_text":"","src":"","width":0,"height":0},"classes":[]},{"id":5797,"url":"https:\/\/grupo.us.es\/iwpr\/encuentros-cientificos\/","url_meta":{"origin":9042,"position":2},"title":"Encuentros cient\u00edficos","author":"Jaime Rom\u00e1n Lemos","date":"13 febrero, 2024","format":false,"excerpt":"En esta p\u00e1gina se dar\u00e1n a conocer los diferentes congresos, seminarios y dem\u00e1s encuentros cient\u00edficos que se celebren en el marco del Proyecto Trabexit. \u00a0 Seminario de presentaci\u00f3n de proyectos de investigaci\u00f3n en Derecho del Trabajo \u00a0 Seminario de Investigaci\u00f3n en el marco del Proyecto Trabexit, 22 de febrero de\u2026","rel":"","context":"Entrada similar","block_context":{"text":"Entrada similar","link":""},"img":{"alt_text":"","src":"","width":0,"height":0},"classes":[]},{"id":5778,"url":"https:\/\/grupo.us.es\/iwpr\/aproximacion-al-proyecto-trabexit\/","url_meta":{"origin":9042,"position":3},"title":"Aproximaci\u00f3n al Proyecto Trabexit","author":"Jaime Rom\u00e1n Lemos","date":"13 febrero, 2024","format":false,"excerpt":"Este proyecto est\u00e1 financiado por la convocatoria de proyectos de investigaci\u00f3n del Ministerio de Ciencia e Innovaci\u00f3n del Reino de Espa\u00f1a, en el marco del Programa de Generaci\u00f3n del Conocimiento dentro del Plan Estatal de Investigaci\u00f3n Cient\u00edfica y T\u00e9cnica y de Innovaci\u00f3n 2021-2023. Su denominaci\u00f3n oficial es \"La huida del\u2026","rel":"","context":"Entrada similar","block_context":{"text":"Entrada similar","link":""},"img":{"alt_text":"","src":"https:\/\/i0.wp.com\/grupo.us.es\/iwpr\/wp-content\/uploads\/2024\/01\/Proyecto-Trabexit-e1704890085990.png?resize=350%2C200","width":350,"height":200},"classes":[]},{"id":5819,"url":"https:\/\/grupo.us.es\/iwpr\/el-derecho-del-empleo\/","url_meta":{"origin":9042,"position":4},"title":"El Derecho del Empleo","author":"Jaime Rom\u00e1n Lemos","date":"13 febrero, 2024","format":false,"excerpt":"La Ley 3\/2023 de empleo: alcance y dimensiones estrat\u00e9gicas a favor de la empleabilidad Eva Garrido P\u00e9rez La ley de empleo y las personas: reflexiones a partir de la idea de Trabexit Miguel Rodr\u00edguez-Pi\u00f1ero Royo Derecho del Empleo y Trabexit Miguel Rodr\u00edguez-Pi\u00f1ero Royo","rel":"","context":"Entrada similar","block_context":{"text":"Entrada similar","link":""},"img":{"alt_text":"","src":"","width":0,"height":0},"classes":[]},{"id":5767,"url":"https:\/\/grupo.us.es\/iwpr\/la-idea-de-trabexit\/","url_meta":{"origin":9042,"position":5},"title":"La idea de Trabexit","author":"Jaime Rom\u00e1n Lemos","date":"13 febrero, 2024","format":false,"excerpt":"Considerando de manera unitaria todas las realidades que se han identificado en el mercado de trabajo podemos hablar de un fen\u00f3meno de \u201chuida del mercado de trabajo\u201d, caracterizado por una nueva forma de tomar decisiones laborales, en las que la prioridad ya no es obtener y mantener un empleo, sino\u2026","rel":"","context":"Entrada similar","block_context":{"text":"Entrada similar","link":""},"img":{"alt_text":"","src":"","width":0,"height":0},"classes":[]}],"jetpack_sharing_enabled":true,"_links":{"self":[{"href":"https:\/\/grupo.us.es\/iwpr\/wp-json\/wp\/v2\/pages\/9042","targetHints":{"allow":["GET"]}}],"collection":[{"href":"https:\/\/grupo.us.es\/iwpr\/wp-json\/wp\/v2\/pages"}],"about":[{"href":"https:\/\/grupo.us.es\/iwpr\/wp-json\/wp\/v2\/types\/page"}],"author":[{"embeddable":true,"href":"https:\/\/grupo.us.es\/iwpr\/wp-json\/wp\/v2\/users\/27"}],"replies":[{"embeddable":true,"href":"https:\/\/grupo.us.es\/iwpr\/wp-json\/wp\/v2\/comments?post=9042"}],"version-history":[{"count":2,"href":"https:\/\/grupo.us.es\/iwpr\/wp-json\/wp\/v2\/pages\/9042\/revisions"}],"predecessor-version":[{"id":9046,"href":"https:\/\/grupo.us.es\/iwpr\/wp-json\/wp\/v2\/pages\/9042\/revisions\/9046"}],"wp:attachment":[{"href":"https:\/\/grupo.us.es\/iwpr\/wp-json\/wp\/v2\/media?parent=9042"}],"curies":[{"name":"wp","href":"https:\/\/api.w.org\/{rel}","templated":true}]}}

<p style="text-align: center;"><strong>[PÁGINA EN DESARROLLO]</strong></p>
<p>Resultan numerosos los distintos aspectos en materia de prevención de riesgos laborales que afectan al fenómeno del Trabexit. Sin duda uno de los más destacados y, a su vez, de los más estudiados en los últimos tiempos es el de los riesgos psicosociales,</p>

<p>[PÁGINA EN DESARROLLO] Resultan numerosos los distintos aspectos en materia de prevención de riesgos laborales que afectan al fenómeno del Trabexit. Sin duda uno de los más destacados y, a su vez, de los más estudiados en los últimos tiempos es el de los riesgos psicosociales,</p>

Jaime Román Lemos

Desde esta página puede accederse a todo el contenido desarrollado en el marco del Proyecto Trabexit. APROXIMACIÓN AL PROYECTO TRABEXIT ÁREAS DE TRABAJO ANÁLISIS DEL MERCADO DE TRABAJO ANÁLISIS DE LAS PERSONAS ANÁLISIS HISTÓRICOS ANÁLISIS DEL ORDENAMIENTO JURÍDICO EL DERECHO DEL TRABAJO EL SISTEMA DE SEGURIDAD SOCIAL PERSPECTIVAS CONSTITUCIONALES PERSPECTIVAS…

En esta página pueden consultarse las principales características, elementos y contexto de la principal materia objeto de estudio del Proyecto Trabexit. EL CONTEXTO: LA HUIDA DEL MERCADO DE TRABAJO LA IDEA DE TRABEXIT EL TRABEXIT Y SUS CONSECUENCIAS EL TRABEXIT Y SUS CAUSAS

Encuentros científicos

En esta página se darán a conocer los diferentes congresos, seminarios y demás encuentros científicos que se celebren en el marco del Proyecto Trabexit.   Seminario de presentación de proyectos de investigación en Derecho del Trabajo   Seminario de Investigación en el marco del Proyecto Trabexit, 22 de febrero de…

Aproximación al Proyecto Trabexit

Este proyecto está financiado por la convocatoria de proyectos de investigación del Ministerio de Ciencia e Innovación del Reino de España, en el marco del Programa de Generación del Conocimiento dentro del Plan Estatal de Investigación Científica y Técnica y de Innovación 2021-2023. Su denominación oficial es "La huida del…

La Ley 3/2023 de empleo: alcance y dimensiones estratégicas a favor de la empleabilidad Eva Garrido Pérez La ley de empleo y las personas: reflexiones a partir de la idea de Trabexit Miguel Rodríguez-Piñero Royo Derecho del Empleo y Trabexit Miguel Rodríguez-Piñero Royo

Considerando de manera unitaria todas las realidades que se han identificado en el mercado de trabajo podemos hablar de un fenómeno de “huida del mercado de trabajo”, caracterizado por una nueva forma de tomar decisiones laborales, en las que la prioridad ya no es obtener y mantener un empleo, sino…
