{"id":6597,"date":"2024-05-14T11:01:39","date_gmt":"2024-05-14T09:01:39","guid":{"rendered":"http:\/\/grupo.us.es\/newiwpr\/?page_id=6597"},"modified":"2024-05-14T11:01:39","modified_gmt":"2024-05-14T09:01:39","slug":"jaime-roman-lemos","status":"publish","type":"page","link":"https:\/\/grupo.us.es\/iwpr\/jaime-roman-lemos\/","title":{"rendered":"Jaime Rom\u00e1n Lemos"},"content":{"rendered":"<p><img data-recalc-dims=\"1\" loading=\"lazy\" decoding=\"async\" data-attachment-id=\"6638\" data-permalink=\"https:\/\/grupo.us.es\/iwpr\/jaime-roman-lemos\/jaime-roman-lemos\/\" data-orig-file=\"https:\/\/i0.wp.com\/grupo.us.es\/iwpr\/wp-content\/uploads\/2024\/05\/Jaime-Roman-Lemos-scaled.jpg?fit=1706%2C2560&amp;ssl=1\" data-orig-size=\"1706,2560\" data-comments-opened=\"1\" data-image-meta=\"{&quot;aperture&quot;:&quot;7.1&quot;,&quot;credit&quot;:&quot;&quot;,&quot;camera&quot;:&quot;NIKON D780&quot;,&quot;caption&quot;:&quot;&quot;,&quot;created_timestamp&quot;:&quot;1710315572&quot;,&quot;copyright&quot;:&quot;&quot;,&quot;focal_length&quot;:&quot;170&quot;,&quot;iso&quot;:&quot;200&quot;,&quot;shutter_speed&quot;:&quot;0.008&quot;,&quot;title&quot;:&quot;&quot;,&quot;orientation&quot;:&quot;1&quot;}\" data-image-title=\"Jaime Roman Lemos\" data-image-description=\"\" data-image-caption=\"\" data-large-file=\"https:\/\/i0.wp.com\/grupo.us.es\/iwpr\/wp-content\/uploads\/2024\/05\/Jaime-Roman-Lemos-scaled.jpg?fit=640%2C960&amp;ssl=1\" class=\"size-medium wp-image-6638 aligncenter\" src=\"https:\/\/i0.wp.com\/grupo.us.es\/iwpr\/wp-content\/uploads\/2024\/05\/Jaime-Roman-Lemos.jpg?resize=200%2C300\" alt=\"\" width=\"200\" height=\"300\" srcset=\"https:\/\/i0.wp.com\/grupo.us.es\/iwpr\/wp-content\/uploads\/2024\/05\/Jaime-Roman-Lemos-scaled.jpg?resize=200%2C300&amp;ssl=1 200w, https:\/\/i0.wp.com\/grupo.us.es\/iwpr\/wp-content\/uploads\/2024\/05\/Jaime-Roman-Lemos-scaled.jpg?resize=683%2C1024&amp;ssl=1 683w, https:\/\/i0.wp.com\/grupo.us.es\/iwpr\/wp-content\/uploads\/2024\/05\/Jaime-Roman-Lemos-scaled.jpg?resize=100%2C150&amp;ssl=1 100w, https:\/\/i0.wp.com\/grupo.us.es\/iwpr\/wp-content\/uploads\/2024\/05\/Jaime-Roman-Lemos-scaled.jpg?resize=768%2C1152&amp;ssl=1 768w, https:\/\/i0.wp.com\/grupo.us.es\/iwpr\/wp-content\/uploads\/2024\/05\/Jaime-Roman-Lemos-scaled.jpg?resize=1024%2C1536&amp;ssl=1 1024w, https:\/\/i0.wp.com\/grupo.us.es\/iwpr\/wp-content\/uploads\/2024\/05\/Jaime-Roman-Lemos-scaled.jpg?resize=1365%2C2048&amp;ssl=1 1365w, https:\/\/i0.wp.com\/grupo.us.es\/iwpr\/wp-content\/uploads\/2024\/05\/Jaime-Roman-Lemos-scaled.jpg?w=1706&amp;ssl=1 1706w, https:\/\/i0.wp.com\/grupo.us.es\/iwpr\/wp-content\/uploads\/2024\/05\/Jaime-Roman-Lemos-scaled.jpg?w=1280 1280w\" sizes=\"auto, (max-width: 200px) 100vw, 200px\" \/><\/p>\n<p>Graduado en Derecho por la Universidad de Sevilla en el curso 2020-2021, se interes\u00f3 en completar sus estudios cursando el Doble M\u00e1ster Universitario en Abogac\u00eda y en Asesor\u00eda Jur\u00eddico-Mercantil, Fiscal y Laboral (promoci\u00f3n 2021-2023), obteniendo en los respectivos TFM de ambos M\u00e1steres la calificaci\u00f3n de 10 Matr\u00edcula de Honor.<\/p>\n<p>Adem\u00e1s, y como colof\u00f3n del primero, obtuvo el T\u00edtulo Profesional de Abogado con fecha 18 de agosto de 2023.<\/p>\n<p>Posteriormente solicit\u00f3 su admisi\u00f3n en el Programa de Doctorado en Derecho de la Universidad de Sevilla, ocupando el sexto lugar entre las treinta y tres solicitudes admitidas por la Comisi\u00f3n de Ordenaci\u00f3n Acad\u00e9mica del Programa. Se encuentra pues en la actualidad desarrollando las actividades propias de dicho Programa.<\/p>\n<p>Compatibiliz\u00e1ndolo con sus estudios de Grado, realiz\u00f3 el Curso de Experto Universitario en Delegado de Protecci\u00f3n de Datos, gestionado por el Centro de Formaci\u00f3n Permanente de la Universidad de Sevilla, obteniendo la calificaci\u00f3n de sobresaliente (10).<\/p>\n<p>Como idioma acreditado cuenta con el <em>Certificate in Advanced English<\/em> (Nivel C1 de la Universidad de Cambridge).<\/p>\n<p>Ha sido titular de Beca de Colaboraci\u00f3n en Departamentos Universitarios, del Ministerio de Educaci\u00f3n y Formaci\u00f3n Profesional, y forma parte del Proyecto de Investigaci\u00f3n PID 2002- 141201OB-I00: La huida del mercado de trabajo y la legislaci\u00f3n social en Espa\u00f1a (TRABEXIT).<\/p>\n<p>Adem\u00e1s de la asistencia a m\u00faltiples congresos nacionales e internacionales, ha formado parte del Comit\u00e9 organizador de siete congresos o jornadas. Forma parte tambi\u00e9n del Comit\u00e9 Editorial de una revista espa\u00f1ola especializada, y es colaborador para Espa\u00f1a de una revista internacional.<\/p>\n<p>Entre otros m\u00e9ritos cabe se\u00f1alar su nombramiento como Asistente Honorario del Departamento de Derecho del Trabajo y de la Seguridad Social (del que fue alumno interno) y la pertenencia durante sus estudios a diversos \u00f3rganos universitarios: miembro del Consejo de Departamento, de la Comisi\u00f3n de Docencia y de la Comisi\u00f3n Electoral.<\/p>\n<p>Entre sus publicaciones m\u00e1s destacadas encontramos las siguientes:<\/p>\n<ul>\n<li>La videovigilancia en el \u00e1mbito laboral. Algunos aspectos destacados en la reciente doctrina de los Tribunales Superiores de Justicia (2019-2020), e-Revista Internacional de la Protecci\u00f3n Social, vol. 6, n\u00ba 2, 2021, ps. 426-450.<\/li>\n<li>La transgresi\u00f3n de la buena fe contractual en los pronunciamientos recientes de los Tribunales Superiores de Justicia: casu\u00edstica y algunos aspectos doctrinales destacados, Trabajo, Persona, Derecho, Mercado: Revista de Estudios sobre Ciencias del Trabajo y Protecci\u00f3n Social, n\u00ba 6, 2022, ps. 249-291.<\/li>\n<li>La digitalizaci\u00f3n en la ley de empleo: empleo, colocaci\u00f3n e intermediaci\u00f3n, Trabajo, Persona, Derecho, Mercado: Revista de Estudios sobre Ciencias del Trabajo y Protecci\u00f3n Social, n\u00ba monogr\u00e1fico 2023, ps. 181-206.<\/li>\n<\/ul>\n","protected":false},"excerpt":{"rendered":"<p>Graduado en Derecho por la Universidad de Sevilla en el curso 2020-2021, se interes\u00f3 en completar sus estudios cursando el Doble M\u00e1ster Universitario en Abogac\u00eda y en Asesor\u00eda Jur\u00eddico-Mercantil, Fiscal y Laboral (promoci\u00f3n 2021-2023), obteniendo en los respectivos TFM de ambos M\u00e1steres la calificaci\u00f3n de 10 Matr\u00edcula de Honor. Adem\u00e1s, y como colof\u00f3n del primero,&#8230;<\/p>\n","protected":false},"author":27,"featured_media":0,"parent":0,"menu_order":0,"comment_status":"closed","ping_status":"closed","template":"","meta":{"jetpack_post_was_ever_published":false,"footnotes":""},"class_list":["post-6597","page","type-page","status-publish","hentry"],"jetpack_shortlink":"https:\/\/wp.me\/P7HIjh-1Ip","jetpack-related-posts":[{"id":6070,"url":"https:\/\/grupo.us.es\/iwpr\/miguel-rodriguez-pinero-royo\/","url_meta":{"origin":6597,"position":0},"title":"Miguel Rodr\u00edguez-Pi\u00f1ero Royo","author":"Jaime Rom\u00e1n Lemos","date":"21 marzo, 2024","format":false,"excerpt":"Es catedr\u00e1tico de Derecho del Trabajo y de la Seguridad Social de la Universidad de Sevilla. Es Licenciado en Derecho por la Universidad de Sevilla, con la especialidad de Derecho de la Empresa, y Doctor en Derecho por la Universidad de Bolonia. Su primera etapa de formaci\u00f3n se desarroll\u00f3 en\u2026","rel":"","context":"Entrada similar","block_context":{"text":"Entrada similar","link":""},"img":{"alt_text":"","src":"https:\/\/i0.wp.com\/grupo.us.es\/iwpr\/wp-content\/uploads\/2024\/03\/Miguel-Rodriguez-Pinero-Royo.jpg?resize=350%2C200","width":350,"height":200},"classes":[]},{"id":6054,"url":"https:\/\/grupo.us.es\/iwpr\/julia-dormido-abril\/","url_meta":{"origin":6597,"position":1},"title":"Julia Dormido Abril","author":"Jaime Rom\u00e1n Lemos","date":"21 marzo, 2024","format":false,"excerpt":"Es Profesora Ayudante Doctora en Derecho del Trabajo y de la Seguridad Social de la Universidad Complutense de Madrid. Con anterioridad ha sido docente en las Universidades de Sevilla y Pablo de Olavide en Derecho del Trabajo y de la Seguridad Social (a\u00f1os 2020-2024), as\u00ed como en la Universidad de\u2026","rel":"","context":"Entrada similar","block_context":{"text":"Entrada similar","link":""},"img":{"alt_text":"","src":"https:\/\/i0.wp.com\/grupo.us.es\/iwpr\/wp-content\/uploads\/2024\/03\/Julia-Dormido-Abril-300x206.jpeg?resize=350%2C200","width":350,"height":200},"classes":[]},{"id":3937,"url":"https:\/\/grupo.us.es\/iwpr\/programa\/","url_meta":{"origin":6597,"position":2},"title":"Programa","author":"Admin","date":"4 enero, 2022","format":false,"excerpt":"16 DE MARZO DE 2022 9:00. PRESENTACI\u00d3N Decano de la Facultad de Ciencias del Trabajo; Directora del Centro de Documentaci\u00f3n Europea; IP Proyecto US-1264479 9:30. MARCO GENERAL Presenta: Mar\u00eda Fernanda Fern\u00e1ndez L\u00f3pez (Universidad de Sevilla) 9:30. Conferencia inaugural: a cargo de Miguel Rodr\u00edguez-Pi\u00f1ero y Bravo Ferrer, catedr\u00e1tico de Derecho del\u2026","rel":"","context":"Entrada similar","block_context":{"text":"Entrada similar","link":""},"img":{"alt_text":"","src":"","width":0,"height":0},"classes":[]},{"id":5788,"url":"https:\/\/grupo.us.es\/iwpr\/equipo-de-trabajo\/","url_meta":{"origin":6597,"position":3},"title":"Equipo de trabajo","author":"Jaime Rom\u00e1n Lemos","date":"1 marzo, 2024","format":false,"excerpt":"D\u00f1a. Mar\u00eda Luisa P\u00e9rez Guerrero Derecho del Trabajo Universidad de Huelva Contacto: malupe@ddtss.uhu.es \u00a0 D. Miguel Rodr\u00edguez-Pi\u00f1ero Royo Derecho del Trabajo Universidad de Sevilla Contacto: mrodriguez7@us.es \u00a0 D. Francisco Javier Calvo Gallego Derecho del Trabajo Universidad de Sevilla Contacto: javiercalvo@us.es \u00a0 D. Jos\u00e9 Manuel Morales Ortega Derecho del Trabajo Universidad\u2026","rel":"","context":"Entrada similar","block_context":{"text":"Entrada similar","link":""},"img":{"alt_text":"","src":"","width":0,"height":0},"classes":[]},{"id":6048,"url":"https:\/\/grupo.us.es\/iwpr\/federico-rosenbaum-carli\/","url_meta":{"origin":6597,"position":4},"title":"Federico Rosenbaum Carli","author":"Jaime Rom\u00e1n Lemos","date":"21 marzo, 2024","format":false,"excerpt":"Actualmente es Profesor Asociado de alta dedicaci\u00f3n (PiAD), en el Departamento de Derecho de la Universidad Cat\u00f3lica del Uruguay. Es Abogado (Universidad Cat\u00f3lica del Uruguay), Doctor en Derecho (PhD) del programa de Administraci\u00f3n, hacienda y justicia en el Estado Social (cum laude) y Mag\u00edster (LLM) en Derecho del Trabajo y\u2026","rel":"","context":"Entrada similar","block_context":{"text":"Entrada similar","link":""},"img":{"alt_text":"","src":"https:\/\/i0.wp.com\/grupo.us.es\/iwpr\/wp-content\/uploads\/2024\/03\/Federico-Rosenbaum-Carli-300x285.jpeg?resize=350%2C200","width":350,"height":200},"classes":[]},{"id":34,"url":"https:\/\/grupo.us.es\/iwpr\/blogs-personales\/javier-calvo-gallego\/","url_meta":{"origin":6597,"position":5},"title":"Javier Calvo Gallego","author":"Fco. Javier Calvo Gallego","date":"8 julio, 2016","format":false,"excerpt":"Fco. Javier Calvo Gallego es doctor en Derecho por la Universidad de Bolonia, Magister por la Universidad de Sevilla y actualmente Catedr\u00e1tico de Universidad del Departamento de Derecho del Trabajo y de la Seguridad Social de la Universidad de Sevilla. Sus principales l\u00edneas de investigaci\u00f3n se centran en la Responsabilidad\u2026","rel":"","context":"Entrada similar","block_context":{"text":"Entrada similar","link":""},"img":{"alt_text":"Javicalvo","src":"https:\/\/i0.wp.com\/grupo.us.es\/iwpr\/wp-content\/uploads\/2016\/07\/Javicalvo.jpg?resize=350%2C200","width":350,"height":200},"classes":[]}],"jetpack_sharing_enabled":true,"_links":{"self":[{"href":"https:\/\/grupo.us.es\/iwpr\/wp-json\/wp\/v2\/pages\/6597","targetHints":{"allow":["GET"]}}],"collection":[{"href":"https:\/\/grupo.us.es\/iwpr\/wp-json\/wp\/v2\/pages"}],"about":[{"href":"https:\/\/grupo.us.es\/iwpr\/wp-json\/wp\/v2\/types\/page"}],"author":[{"embeddable":true,"href":"https:\/\/grupo.us.es\/iwpr\/wp-json\/wp\/v2\/users\/27"}],"replies":[{"embeddable":true,"href":"https:\/\/grupo.us.es\/iwpr\/wp-json\/wp\/v2\/comments?post=6597"}],"version-history":[{"count":5,"href":"https:\/\/grupo.us.es\/iwpr\/wp-json\/wp\/v2\/pages\/6597\/revisions"}],"predecessor-version":[{"id":6641,"href":"https:\/\/grupo.us.es\/iwpr\/wp-json\/wp\/v2\/pages\/6597\/revisions\/6641"}],"wp:attachment":[{"href":"https:\/\/grupo.us.es\/iwpr\/wp-json\/wp\/v2\/media?parent=6597"}],"curies":[{"name":"wp","href":"https:\/\/api.w.org\/{rel}","templated":true}]}}