{"id":627,"date":"2017-02-16T10:25:59","date_gmt":"2017-02-16T09:25:59","guid":{"rendered":"http:\/\/grupo.us.es\/newiwpr\/?page_id=627"},"modified":"2017-02-16T10:28:26","modified_gmt":"2017-02-16T09:28:26","slug":"estudios-de-casos","status":"publish","type":"page","link":"https:\/\/grupo.us.es\/iwpr\/economia-colaborativa-y-derecho-social\/estudios-de-casos\/","title":{"rendered":"Estudios de casos"},"content":{"rendered":"<p>En esta p\u00e1gina vamos a realizar estudios de casos sobre c\u00f3mo funcionan algunas de las aplicaciones m\u00e1s conocidas con posible impacto en el \u00e1mbito laboral.<\/p>\n<p>La distribuci\u00f3n de tareas es la siguiente:<\/p>\n<ul>\n<li>Myfixexpert correr\u00e1 a cargo de la Pr\u00aa. Dr\u00aa. Macarena Hern\u00e1ndez Bejarano<\/li>\n<\/ul>\n","protected":false},"excerpt":{"rendered":"<p>En esta p\u00e1gina vamos a realizar estudios de casos sobre c\u00f3mo funcionan algunas de las aplicaciones m\u00e1s conocidas con posible impacto en el \u00e1mbito laboral. La distribuci\u00f3n de tareas es la siguiente: Myfixexpert correr\u00e1 a cargo de la Pr\u00aa. Dr\u00aa. Macarena Hern\u00e1ndez Bejarano<\/p>\n","protected":false},"author":1,"featured_media":0,"parent":18,"menu_order":4,"comment_status":"closed","ping_status":"closed","template":"","meta":{"jetpack_post_was_ever_published":false,"footnotes":""},"class_list":["post-627","page","type-page","status-publish","hentry"],"jetpack_shortlink":"https:\/\/wp.me\/P7HIjh-a7","jetpack-related-posts":[{"id":631,"url":"https:\/\/grupo.us.es\/iwpr\/economia-colaborativa-y-derecho-social\/estudios-de-casos\/myfixexpert\/","url_meta":{"origin":627,"position":0},"title":"Myfixexpert","author":"Fco. Javier Calvo Gallego","date":"16 febrero, 2017","format":false,"excerpt":"","rel":"","context":"Entrada similar","block_context":{"text":"Entrada similar","link":""},"img":{"alt_text":"","src":"","width":0,"height":0},"classes":[]},{"id":10713,"url":"https:\/\/grupo.us.es\/iwpr\/100-anos-de-las-escuelas-sociales\/","url_meta":{"origin":627,"position":1},"title":"100 a\u00f1os de las Escuelas Sociales","author":"Jaime Rom\u00e1n Lemos","date":"3 marzo, 2026","format":false,"excerpt":"La celebraci\u00f3n del centenario de los Estudios Sociales en Espa\u00f1a es una oportunidad \u00fanica para reconocer el papel fundamental que estas titulaciones han desempe\u00f1ado en el desarrollo de la sociedad y las relaciones laborales durante los \u00faltimos cien a\u00f1os. Desde sus inicios como Graduado Social hasta el actual Grado en\u2026","rel":"","context":"Entrada similar","block_context":{"text":"Entrada similar","link":""},"img":{"alt_text":"","src":"https:\/\/i0.wp.com\/grupo.us.es\/iwpr\/wp-content\/uploads\/2026\/03\/Escuelas-sociales.png?fit=848%2C561&ssl=1&resize=350%2C200","width":350,"height":200,"srcset":"https:\/\/i0.wp.com\/grupo.us.es\/iwpr\/wp-content\/uploads\/2026\/03\/Escuelas-sociales.png?fit=848%2C561&ssl=1&resize=350%2C200 1x, https:\/\/i0.wp.com\/grupo.us.es\/iwpr\/wp-content\/uploads\/2026\/03\/Escuelas-sociales.png?fit=848%2C561&ssl=1&resize=525%2C300 1.5x, https:\/\/i0.wp.com\/grupo.us.es\/iwpr\/wp-content\/uploads\/2026\/03\/Escuelas-sociales.png?fit=848%2C561&ssl=1&resize=700%2C400 2x"},"classes":[]},{"id":6597,"url":"https:\/\/grupo.us.es\/iwpr\/jaime-roman-lemos\/","url_meta":{"origin":627,"position":2},"title":"Jaime Rom\u00e1n Lemos","author":"Jaime Rom\u00e1n Lemos","date":"14 mayo, 2024","format":false,"excerpt":"Graduado en Derecho por la Universidad de Sevilla en el curso 2020-2021, se interes\u00f3 en completar sus estudios cursando el Doble M\u00e1ster Universitario en Abogac\u00eda y en Asesor\u00eda Jur\u00eddico-Mercantil, Fiscal y Laboral (promoci\u00f3n 2021-2023), obteniendo en los respectivos TFM de ambos M\u00e1steres la calificaci\u00f3n de 10 Matr\u00edcula de Honor. Adem\u00e1s,\u2026","rel":"","context":"Entrada similar","block_context":{"text":"Entrada similar","link":""},"img":{"alt_text":"","src":"https:\/\/i0.wp.com\/grupo.us.es\/iwpr\/wp-content\/uploads\/2024\/05\/Jaime-Roman-Lemos-200x300.jpg?resize=350%2C200","width":350,"height":200},"classes":[]},{"id":634,"url":"https:\/\/grupo.us.es\/iwpr\/economia-colaborativa-y-derecho-social\/estudios-de-casos\/eatwith\/","url_meta":{"origin":627,"position":3},"title":"Restauraci\u00f3n: Eatwith, Compartoplato, ChefXchange","author":"Fco. Javier Calvo Gallego","date":"16 febrero, 2017","format":false,"excerpt":"Eatwith Eatwtih es una p\u00e1gina web que pone en contacto, por un lado, a personas que quieran ofrecer sus productos de restauraci\u00f3n, con diversos platos o men\u00fas elaborados, y servidas con sus propios medios -entre los que parece incluirse normalmente un local de su disposici\u00f3n, en m\u00faltiples ocasiones su casa-\u2026","rel":"","context":"Entrada similar","block_context":{"text":"Entrada similar","link":""},"img":{"alt_text":"","src":"","width":0,"height":0},"classes":[]},{"id":6070,"url":"https:\/\/grupo.us.es\/iwpr\/miguel-rodriguez-pinero-royo\/","url_meta":{"origin":627,"position":4},"title":"Miguel Rodr\u00edguez-Pi\u00f1ero Royo","author":"Jaime Rom\u00e1n Lemos","date":"21 marzo, 2024","format":false,"excerpt":"Es catedr\u00e1tico de Derecho del Trabajo y de la Seguridad Social de la Universidad de Sevilla. Es Licenciado en Derecho por la Universidad de Sevilla, con la especialidad de Derecho de la Empresa, y Doctor en Derecho por la Universidad de Bolonia. Su primera etapa de formaci\u00f3n se desarroll\u00f3 en\u2026","rel":"","context":"Entrada similar","block_context":{"text":"Entrada similar","link":""},"img":{"alt_text":"","src":"https:\/\/i0.wp.com\/grupo.us.es\/iwpr\/wp-content\/uploads\/2024\/03\/Miguel-Rodriguez-Pinero-Royo.jpg?resize=350%2C200","width":350,"height":200},"classes":[]},{"id":6054,"url":"https:\/\/grupo.us.es\/iwpr\/julia-dormido-abril\/","url_meta":{"origin":627,"position":5},"title":"Julia Dormido Abril","author":"Jaime Rom\u00e1n Lemos","date":"21 marzo, 2024","format":false,"excerpt":"Es Profesora Ayudante Doctora en Derecho del Trabajo y de la Seguridad Social de la Universidad Complutense de Madrid. Con anterioridad ha sido docente en las Universidades de Sevilla y Pablo de Olavide en Derecho del Trabajo y de la Seguridad Social (a\u00f1os 2020-2024), as\u00ed como en la Universidad de\u2026","rel":"","context":"Entrada similar","block_context":{"text":"Entrada similar","link":""},"img":{"alt_text":"","src":"https:\/\/i0.wp.com\/grupo.us.es\/iwpr\/wp-content\/uploads\/2024\/03\/Julia-Dormido-Abril-300x206.jpeg?resize=350%2C200","width":350,"height":200},"classes":[]}],"jetpack_sharing_enabled":true,"_links":{"self":[{"href":"https:\/\/grupo.us.es\/iwpr\/wp-json\/wp\/v2\/pages\/627","targetHints":{"allow":["GET"]}}],"collection":[{"href":"https:\/\/grupo.us.es\/iwpr\/wp-json\/wp\/v2\/pages"}],"about":[{"href":"https:\/\/grupo.us.es\/iwpr\/wp-json\/wp\/v2\/types\/page"}],"author":[{"embeddable":true,"href":"https:\/\/grupo.us.es\/iwpr\/wp-json\/wp\/v2\/users\/1"}],"replies":[{"embeddable":true,"href":"https:\/\/grupo.us.es\/iwpr\/wp-json\/wp\/v2\/comments?post=627"}],"version-history":[{"count":0,"href":"https:\/\/grupo.us.es\/iwpr\/wp-json\/wp\/v2\/pages\/627\/revisions"}],"up":[{"embeddable":true,"href":"https:\/\/grupo.us.es\/iwpr\/wp-json\/wp\/v2\/pages\/18"}],"wp:attachment":[{"href":"https:\/\/grupo.us.es\/iwpr\/wp-json\/wp\/v2\/media?parent=627"}],"curies":[{"name":"wp","href":"https:\/\/api.w.org\/{rel}","templated":true}]}}