{"id":6054,"date":"2024-03-21T12:34:31","date_gmt":"2024-03-21T11:34:31","guid":{"rendered":"http:\/\/grupo.us.es\/newiwpr\/?page_id=6054"},"modified":"2024-03-21T12:34:31","modified_gmt":"2024-03-21T11:34:31","slug":"julia-dormido-abril","status":"publish","type":"page","link":"https:\/\/grupo.us.es\/iwpr\/julia-dormido-abril\/","title":{"rendered":"Julia Dormido Abril"},"content":{"rendered":"<p><img data-recalc-dims=\"1\" loading=\"lazy\" decoding=\"async\" data-attachment-id=\"6039\" data-permalink=\"https:\/\/grupo.us.es\/iwpr\/julia-dormido-abril\/julia-dormido-abril\/\" data-orig-file=\"https:\/\/i0.wp.com\/grupo.us.es\/iwpr\/wp-content\/uploads\/2024\/03\/Julia-Dormido-Abril.jpeg?fit=320%2C220&amp;ssl=1\" data-orig-size=\"320,220\" data-comments-opened=\"1\" data-image-meta=\"{&quot;aperture&quot;:&quot;0&quot;,&quot;credit&quot;:&quot;&quot;,&quot;camera&quot;:&quot;&quot;,&quot;caption&quot;:&quot;&quot;,&quot;created_timestamp&quot;:&quot;0&quot;,&quot;copyright&quot;:&quot;&quot;,&quot;focal_length&quot;:&quot;0&quot;,&quot;iso&quot;:&quot;0&quot;,&quot;shutter_speed&quot;:&quot;0&quot;,&quot;title&quot;:&quot;&quot;,&quot;orientation&quot;:&quot;1&quot;}\" data-image-title=\"Julia Dormido Abril\" data-image-description=\"\" data-image-caption=\"\" data-large-file=\"https:\/\/i0.wp.com\/grupo.us.es\/iwpr\/wp-content\/uploads\/2024\/03\/Julia-Dormido-Abril.jpeg?fit=320%2C220&amp;ssl=1\" class=\"aligncenter wp-image-6039 size-medium\" src=\"https:\/\/i0.wp.com\/grupo.us.es\/iwpr\/wp-content\/uploads\/2024\/03\/Julia-Dormido-Abril.jpeg?resize=300%2C206\" alt=\"\" width=\"300\" height=\"206\" srcset=\"https:\/\/i0.wp.com\/grupo.us.es\/iwpr\/wp-content\/uploads\/2024\/03\/Julia-Dormido-Abril.jpeg?resize=300%2C206&amp;ssl=1 300w, https:\/\/i0.wp.com\/grupo.us.es\/iwpr\/wp-content\/uploads\/2024\/03\/Julia-Dormido-Abril.jpeg?resize=150%2C103&amp;ssl=1 150w, https:\/\/i0.wp.com\/grupo.us.es\/iwpr\/wp-content\/uploads\/2024\/03\/Julia-Dormido-Abril.jpeg?w=320&amp;ssl=1 320w\" sizes=\"auto, (max-width: 300px) 100vw, 300px\" \/><\/p>\n<p>Es Profesora Ayudante Doctora en Derecho del Trabajo y de la Seguridad Social de la Universidad Complutense de Madrid. Con anterioridad ha sido docente en las Universidades de Sevilla y Pablo de Olavide en Derecho del Trabajo y de la Seguridad Social (a\u00f1os 2020-2024), as\u00ed como en la Universidad de Huelva en Derecho Administrativo (a\u00f1os 2018-2019).<\/p>\n<p>Es doctora con menci\u00f3n internacional y calificaci\u00f3n cum laude por la Universidad de Sevilla y la Pontificia Universidad Cat\u00f3lica del Per\u00fa con la tesis titulada \u201cel arbitraje laboral como medio de soluci\u00f3n de conflictos laborales\u201d. Los medios aut\u00f3nomos de soluci\u00f3n de conflictos constituyen una de sus primeras l\u00edneas de investigaci\u00f3n, aunque tambi\u00e9n ha investigado sobre el derecho de extranjer\u00eda en materia laboral, analizando el arraigo y la autorizaci\u00f3n de residencia para el teletrabajo de car\u00e1cter transnacional. Asimismo, le interesa la prevenci\u00f3n de riesgos laborales y, en concreto, la adaptaci\u00f3n del puesto de trabajo, tal y como se desprende de los art\u00edculos publicados y titulados \u201cLas Estrategias europea y espa\u00f1ola en seguridad y salud laboral: avances y propuestas legislativas\u201d y \u201cDificultades en la aplicaci\u00f3n del principio preventivo de adaptaci\u00f3n del puesto de trabajo por raz\u00f3n de los sujetos en Espa\u00f1a\u201d.<\/p>\n<p>Actualmente, es miembro de tres proyectos de investigaci\u00f3n, los cuales se encuentran en activo. El primero, para el que se presenta este breve Cv es el Proyecto PID 2022-141201OB, TRABEXIT, de la convocatoria de ayudas del Ministerio de Ciencia e Innovaci\u00f3n para proyectos de generaci\u00f3n de conocimiento 2022, del Programa Estatal para Impulsar la Investigaci\u00f3n Cient\u00edfico-T\u00e9cnica y su Transferencia, del Plan Estatal de Investigaci\u00f3n Cient\u00edfica, T\u00e9cnica y de Innovaci\u00f3n 2021-2023. El segundo, es el proyecto de investigaci\u00f3n \u201cLa negociaci\u00f3n colectiva como instrumento de gesti\u00f3n anticipada al cambio social, tecnol\u00f3gico, ecol\u00f3gico y empresarial, PID2021-122537NB-I00, Ministerio de Ciencia e Investigaci\u00f3n. El tercero, es \u201cEl impacto de la reforma laboral de 2021 en la negociaci\u00f3n colectiva\u201d, concedido por la Comisi\u00f3n Consultiva Nacional de Convenios Colectivos. Con anterioridad, ha formado parte del proyecto de investigaci\u00f3n \u201cLas prestaciones de trabajo en el sector agrario; con especial consideraci\u00f3n al trabajo agr\u00edcola en la Comunidad aut\u00f3noma de Andaluc\u00eda\u00bb, FEDER Andaluc\u00eda 2014 \u2013 2020, Proyectos de I+D+I en el Marco del Programa Operativo con n\u00famero de referencia 2004102301.<\/p>\n<p>Entre sus publicaciones m\u00e1s destacadas encontramos las siguientes:<\/p>\n<ul>\n<li>Art\u00edculos:\n<ul>\n<li style=\"list-style-type: none;\">\n<ul>\n<li>Dormido Abril, J.: \u201cEl arraigo: Tipolog\u00eda y cuestiones controvertidas\u201d, Revista Derecho social y empresa, ISSN-e 2341-135X, N\u00ba. 20, 2024 (Ejemplar dedicado a: Pol\u00edticas p\u00fablicas de empleo y cuidados), p\u00e1gs. 125-144.<\/li>\n<li>Dormido Abril, J.: \u201cLa mediaci\u00f3n y el arbitraje laboral en el Procedimiento concursal: regulaci\u00f3n y dificultades aplicativas\u201d, Trabajo, Persona, Derecho, Mercado: Revista de Estudios sobre Ciencias del Trabajo y Protecci\u00f3n Social, ISSN-e 2660-4884, N\u00ba. 7, 2023, p\u00e1gs. 121-142.<\/li>\n<li>Dormido Abril, J.: \u201cLa protecci\u00f3n contra el despido y otras consecuencias desfavorables: sobre la transposici\u00f3n de la Directiva (UE) 2019\/1158 a la legislaci\u00f3n espa\u00f1ola\u201d, Femeris: Revista Multidisciplinar de Estudios de G\u00e9nero, ISSN-e 2530-2442, Vol. 7, N\u00ba. 2, 2022, p\u00e1gs. 44-63.<\/li>\n<\/ul>\n<\/li>\n<\/ul>\n<\/li>\n<li>Cap\u00edtulos de libro:\n<ul>\n<li style=\"list-style-type: none;\">\n<ul>\n<li>Dormido Abril, J.: El arraigo por formaci\u00f3n: la regularizaci\u00f3n de la situaci\u00f3n laboral del extranjero, Estudios sobre la estabilidad en el empleo: una perspectiva jur\u00eddica : homenaje al profesor F\u00e9lix Salvador P\u00e9rez \/ coord. por Fernando Elorza-Guerrero, Cristina Blasco Rasero, 2023, ISBN 978-84-1163-671-1, p\u00e1gs. 581-613.<\/li>\n<li>Dormido Abril, J.: Interdicci\u00f3n de la discriminaci\u00f3n e inteligencia artificial, Implicaciones jur\u00eddico-laborales sobre la garant\u00eda integral de la libertad sexual y la igualdad de trato y no discriminaci\u00f3n: Ley Org\u00e1nica 10\/2022 y 15\/2022 \/ coord. por Consuelo Ferreiro Regueiro, Lara M. Mun\u00edn S\u00e1nchez, Alicia Villalba S\u00e1nchez, 2023, ISBN 978-84-1125-499-1, p\u00e1gs. 347-364.<\/li>\n<\/ul>\n<\/li>\n<\/ul>\n<\/li>\n<\/ul>\n","protected":false},"excerpt":{"rendered":"<p>Es Profesora Ayudante Doctora en Derecho del Trabajo y de la Seguridad Social de la Universidad Complutense de Madrid. Con anterioridad ha sido docente en las Universidades de Sevilla y Pablo de Olavide en Derecho del Trabajo y de la Seguridad Social (a\u00f1os 2020-2024), as\u00ed como en la Universidad de Huelva en Derecho Administrativo (a\u00f1os&#8230;<\/p>\n","protected":false},"author":27,"featured_media":0,"parent":0,"menu_order":0,"comment_status":"closed","ping_status":"closed","template":"","meta":{"jetpack_post_was_ever_published":false,"footnotes":""},"class_list":["post-6054","page","type-page","status-publish","hentry"],"jetpack_shortlink":"https:\/\/wp.me\/P7HIjh-1zE","jetpack-related-posts":[{"id":6038,"url":"https:\/\/grupo.us.es\/iwpr\/stefano-bini\/","url_meta":{"origin":6054,"position":0},"title":"Stefano Bini","author":"Jaime Rom\u00e1n Lemos","date":"21 marzo, 2024","format":false,"excerpt":"Stefano Bini es Profesor Permanente Laboral, acreditado Profesor Titular de Universidad, de Derecho del Trabajo y de la Seguridad Social de la Universidad de C\u00f3rdoba. Anteriormente, ha sido Profesor Contratado Doctor de Derecho del Trabajo y de la Seguridad Social de la Universidad de Las Palmas de Gran Canaria, Profesor\u2026","rel":"","context":"Entrada similar","block_context":{"text":"Entrada similar","link":""},"img":{"alt_text":"","src":"https:\/\/i0.wp.com\/grupo.us.es\/iwpr\/wp-content\/uploads\/2024\/03\/Stefano-Bini-300x300.jpeg?resize=350%2C200","width":350,"height":200},"classes":[]},{"id":6070,"url":"https:\/\/grupo.us.es\/iwpr\/miguel-rodriguez-pinero-royo\/","url_meta":{"origin":6054,"position":1},"title":"Miguel Rodr\u00edguez-Pi\u00f1ero Royo","author":"Jaime Rom\u00e1n Lemos","date":"21 marzo, 2024","format":false,"excerpt":"Es catedr\u00e1tico de Derecho del Trabajo y de la Seguridad Social de la Universidad de Sevilla. Es Licenciado en Derecho por la Universidad de Sevilla, con la especialidad de Derecho de la Empresa, y Doctor en Derecho por la Universidad de Bolonia. Su primera etapa de formaci\u00f3n se desarroll\u00f3 en\u2026","rel":"","context":"Entrada similar","block_context":{"text":"Entrada similar","link":""},"img":{"alt_text":"","src":"https:\/\/i0.wp.com\/grupo.us.es\/iwpr\/wp-content\/uploads\/2024\/03\/Miguel-Rodriguez-Pinero-Royo.jpg?resize=350%2C200","width":350,"height":200},"classes":[]},{"id":6059,"url":"https:\/\/grupo.us.es\/iwpr\/maria-luisa-perez-guerrero\/","url_meta":{"origin":6054,"position":2},"title":"Mar\u00eda Luisa P\u00e9rez Guerrero","author":"Jaime Rom\u00e1n Lemos","date":"21 marzo, 2024","format":false,"excerpt":"Profesora Titular de Universidad, desde 2007, habilitada, con dos sexenios de investigaci\u00f3n reconocidos. Licenciada en Derecho por la Universidad de Huelva y Doctora en Derecho del Trabajo y de la Seguridad Social por la misma Universidad. Esta Tesis doctoral fue premiada con el Premio Nacional del Consejo Econ\u00f3mico y Social\u2026","rel":"","context":"Entrada similar","block_context":{"text":"Entrada similar","link":""},"img":{"alt_text":"","src":"https:\/\/i0.wp.com\/grupo.us.es\/iwpr\/wp-content\/uploads\/2024\/03\/Maria-Luisa-Perez-Guerrero-216x300.jpeg?resize=350%2C200","width":350,"height":200},"classes":[]},{"id":5788,"url":"https:\/\/grupo.us.es\/iwpr\/equipo-de-trabajo\/","url_meta":{"origin":6054,"position":3},"title":"Equipo de trabajo","author":"Jaime Rom\u00e1n Lemos","date":"1 marzo, 2024","format":false,"excerpt":"D\u00f1a. Mar\u00eda Luisa P\u00e9rez Guerrero Derecho del Trabajo Universidad de Huelva Contacto: malupe@ddtss.uhu.es \u00a0 D. Miguel Rodr\u00edguez-Pi\u00f1ero Royo Derecho del Trabajo Universidad de Sevilla Contacto: mrodriguez7@us.es \u00a0 D. Francisco Javier Calvo Gallego Derecho del Trabajo Universidad de Sevilla Contacto: javiercalvo@us.es \u00a0 D. Jos\u00e9 Manuel Morales Ortega Derecho del Trabajo Universidad\u2026","rel":"","context":"Entrada similar","block_context":{"text":"Entrada similar","link":""},"img":{"alt_text":"","src":"","width":0,"height":0},"classes":[]},{"id":28,"url":"https:\/\/grupo.us.es\/iwpr\/blogs-personales\/miguel-carlos-rodriguez-pinero-royo\/","url_meta":{"origin":6054,"position":4},"title":"Miguel Carlos Rodr\u00edguez-Pi\u00f1ero Royo","author":"Fco. Javier Calvo Gallego","date":"8 julio, 2016","format":false,"excerpt":"Miguel\u00a0 Rodr\u00edguez-Pi\u00f1ero Royo es Catedr\u00e1tico de Derecho del Trabajo y de la Seguridad Social de la Universidad de Sevilla. Imparte su docencia en la Facultad de Derecho y en la Facultad de Ciencias del Trabajo de la Universidad de Sevilla. Colabora con la firma legal PwC Tax & Legal Services\u2026","rel":"","context":"Entrada similar","block_context":{"text":"Entrada similar","link":""},"img":{"alt_text":"","src":"https:\/\/i0.wp.com\/grupo.us.es\/iwpr\/wp-content\/uploads\/2016\/07\/IMG_20171211_163633-225x300.jpg?resize=350%2C200","width":350,"height":200},"classes":[]},{"id":6597,"url":"https:\/\/grupo.us.es\/iwpr\/jaime-roman-lemos\/","url_meta":{"origin":6054,"position":5},"title":"Jaime Rom\u00e1n Lemos","author":"Jaime Rom\u00e1n Lemos","date":"14 mayo, 2024","format":false,"excerpt":"Graduado en Derecho por la Universidad de Sevilla en el curso 2020-2021, se interes\u00f3 en completar sus estudios cursando el Doble M\u00e1ster Universitario en Abogac\u00eda y en Asesor\u00eda Jur\u00eddico-Mercantil, Fiscal y Laboral (promoci\u00f3n 2021-2023), obteniendo en los respectivos TFM de ambos M\u00e1steres la calificaci\u00f3n de 10 Matr\u00edcula de Honor. Adem\u00e1s,\u2026","rel":"","context":"Entrada similar","block_context":{"text":"Entrada similar","link":""},"img":{"alt_text":"","src":"https:\/\/i0.wp.com\/grupo.us.es\/iwpr\/wp-content\/uploads\/2024\/05\/Jaime-Roman-Lemos-200x300.jpg?resize=350%2C200","width":350,"height":200},"classes":[]}],"jetpack_sharing_enabled":true,"_links":{"self":[{"href":"https:\/\/grupo.us.es\/iwpr\/wp-json\/wp\/v2\/pages\/6054","targetHints":{"allow":["GET"]}}],"collection":[{"href":"https:\/\/grupo.us.es\/iwpr\/wp-json\/wp\/v2\/pages"}],"about":[{"href":"https:\/\/grupo.us.es\/iwpr\/wp-json\/wp\/v2\/types\/page"}],"author":[{"embeddable":true,"href":"https:\/\/grupo.us.es\/iwpr\/wp-json\/wp\/v2\/users\/27"}],"replies":[{"embeddable":true,"href":"https:\/\/grupo.us.es\/iwpr\/wp-json\/wp\/v2\/comments?post=6054"}],"version-history":[{"count":4,"href":"https:\/\/grupo.us.es\/iwpr\/wp-json\/wp\/v2\/pages\/6054\/revisions"}],"predecessor-version":[{"id":6058,"href":"https:\/\/grupo.us.es\/iwpr\/wp-json\/wp\/v2\/pages\/6054\/revisions\/6058"}],"wp:attachment":[{"href":"https:\/\/grupo.us.es\/iwpr\/wp-json\/wp\/v2\/media?parent=6054"}],"curies":[{"name":"wp","href":"https:\/\/api.w.org\/{rel}","templated":true}]}}