{"id":5842,"date":"2024-02-14T12:07:40","date_gmt":"2024-02-14T11:07:40","guid":{"rendered":"http:\/\/grupo.us.es\/newiwpr\/?page_id=5842"},"modified":"2025-09-11T12:17:57","modified_gmt":"2025-09-11T10:17:57","slug":"el-proyecto-trabexit","status":"publish","type":"page","link":"https:\/\/grupo.us.es\/iwpr\/el-proyecto-trabexit\/","title":{"rendered":"El Proyecto Trabexit"},"content":{"rendered":"<p>Desde esta p\u00e1gina puede accederse a todo el contenido desarrollado en el marco del Proyecto Trabexit.<\/p>\n<ul>\n<li><a href=\"https:\/\/grupo.us.es\/iwpr\/aproximacion-al-proyecto-trabexit\/\" target=\"_blank\" rel=\"noopener\">APROXIMACI\u00d3N AL PROYECTO TRABEXIT<\/a><\/li>\n<li><a href=\"https:\/\/grupo.us.es\/iwpr\/areas-de-trabajo\/\" target=\"_blank\" rel=\"noopener noreferrer\">\u00c1REAS DE TRABAJO<\/a>\n<ul>\n<li style=\"list-style-type: none;\">\n<ul>\n<li><a href=\"https:\/\/grupo.us.es\/iwpr\/analisis-del-mercado-de-trabajo\/\" target=\"_blank\" rel=\"noopener noreferrer\">AN\u00c1LISIS DEL MERCADO DE TRABAJO<\/a><\/li>\n<li><a href=\"https:\/\/grupo.us.es\/iwpr\/analisis-de-las-personas\/\" target=\"_blank\" rel=\"noopener noreferrer\">AN\u00c1LISIS DE LAS PERSONAS<\/a><\/li>\n<li><a href=\"https:\/\/grupo.us.es\/iwpr\/analisis-historicos\/\" target=\"_blank\" rel=\"noopener noreferrer\">AN\u00c1LISIS HIST\u00d3RICOS<\/a><\/li>\n<\/ul>\n<\/li>\n<\/ul>\n<\/li>\n<li><a href=\"https:\/\/grupo.us.es\/iwpr\/analisis-del-mercado-de-trabajo\/\" target=\"_blank\" rel=\"noopener noreferrer\">AN\u00c1LISIS DEL ORDENAMIENTO JUR\u00cdDICO<\/a>\n<ul>\n<li style=\"list-style-type: none;\">\n<ul>\n<li><a href=\"https:\/\/grupo.us.es\/iwpr\/el-derecho-del-trabajo\/\" target=\"_blank\" rel=\"noopener noreferrer\">EL DERECHO DEL TRABAJO<\/a><\/li>\n<li><a href=\"https:\/\/grupo.us.es\/iwpr\/el-sistema-de-seguridad-social\/\" target=\"_blank\" rel=\"noopener noreferrer\">EL SISTEMA DE SEGURIDAD SOCIAL<\/a><\/li>\n<li><a href=\"https:\/\/grupo.us.es\/iwpr\/perspectivas-constitucionales\/\" target=\"_blank\" rel=\"noopener noreferrer\">PERSPECTIVAS CONSTITUCIONALES<\/a><\/li>\n<li><a href=\"https:\/\/grupo.us.es\/iwpr\/perspectivas-fiscales\/\" target=\"_blank\" rel=\"noopener noreferrer\">PERSPECTIVAS FISCALES<\/a><\/li>\n<li><a href=\"https:\/\/grupo.us.es\/iwpr\/el-derecho-del-empleo\/\" target=\"_blank\" rel=\"noopener noreferrer\">EL DERECHO DEL EMPLEO<\/a><\/li>\n<\/ul>\n<\/li>\n<\/ul>\n<\/li>\n<li>EQUIPO DE TRABAJO<\/li>\n<li><a href=\"https:\/\/grupo.us.es\/iwpr\/produccion-cientifica\/\" target=\"_blank\" rel=\"noopener noreferrer\">PRODUCCI\u00d3N CIENT\u00cdFICA<\/a><\/li>\n<li><a href=\"https:\/\/grupo.us.es\/iwpr\/encuentros-cientificos\/\" target=\"_blank\" rel=\"noopener noreferrer\">ENCUENTROS CIENT\u00cdFICOS<\/a><\/li>\n<li><a href=\"https:\/\/grupo.us.es\/iwpr\/materiales\/\" target=\"_blank\" rel=\"noopener noreferrer\">MATERIALES<\/a><\/li>\n<\/ul>\n<p>&nbsp;<\/p>\n","protected":false},"excerpt":{"rendered":"<p>Desde esta p\u00e1gina puede accederse a todo el contenido desarrollado en el marco del Proyecto Trabexit. APROXIMACI\u00d3N AL PROYECTO TRABEXIT \u00c1REAS DE TRABAJO AN\u00c1LISIS DEL MERCADO DE TRABAJO AN\u00c1LISIS DE LAS PERSONAS AN\u00c1LISIS HIST\u00d3RICOS AN\u00c1LISIS DEL ORDENAMIENTO JUR\u00cdDICO EL DERECHO DEL TRABAJO EL SISTEMA DE SEGURIDAD SOCIAL PERSPECTIVAS CONSTITUCIONALES PERSPECTIVAS FISCALES EL DERECHO DEL EMPLEO&#8230;<\/p>\n","protected":false},"author":27,"featured_media":0,"parent":0,"menu_order":0,"comment_status":"closed","ping_status":"closed","template":"","meta":{"jetpack_post_was_ever_published":false,"footnotes":""},"class_list":["post-5842","page","type-page","status-publish","hentry"],"jetpack_shortlink":"https:\/\/wp.me\/P7HIjh-1we","jetpack-related-posts":[{"id":5802,"url":"https:\/\/grupo.us.es\/iwpr\/areas-de-trabajo\/","url_meta":{"origin":5842,"position":0},"title":"\u00c1reas de trabajo","author":"Jaime Rom\u00e1n Lemos","date":"13 febrero, 2024","format":false,"excerpt":"Desde esta p\u00e1gina se puede acceder a las distintas \u00e1reas de trabajo que se estudian en el marco del Proyecto TRABEXIT. AN\u00c1LISIS DEL MERCADO DE TRABAJO \u00a0 AN\u00c1LISIS DE LAS PERSONAS \u00a0 AN\u00c1LISIS HIST\u00d3RICOS \u00a0 AN\u00c1LISIS DEL ORDENAMIENTO JUR\u00cdDICO","rel":"","context":"Entrada similar","block_context":{"text":"Entrada similar","link":""},"img":{"alt_text":"","src":"","width":0,"height":0},"classes":[]},{"id":5797,"url":"https:\/\/grupo.us.es\/iwpr\/encuentros-cientificos\/","url_meta":{"origin":5842,"position":1},"title":"Encuentros cient\u00edficos","author":"Jaime Rom\u00e1n Lemos","date":"13 febrero, 2024","format":false,"excerpt":"En esta p\u00e1gina se dar\u00e1n a conocer los diferentes congresos, seminarios y dem\u00e1s encuentros cient\u00edficos que se celebren en el marco del Proyecto Trabexit. \u00a0 Seminario de presentaci\u00f3n de proyectos de investigaci\u00f3n en Derecho del Trabajo \u00a0 Seminario de Investigaci\u00f3n en el marco del Proyecto Trabexit, 22 de febrero de\u2026","rel":"","context":"Entrada similar","block_context":{"text":"Entrada similar","link":""},"img":{"alt_text":"","src":"","width":0,"height":0},"classes":[]},{"id":5607,"url":"https:\/\/grupo.us.es\/iwpr\/proyecto-trabexit\/","url_meta":{"origin":5842,"position":2},"title":"PROYECTO TRABEXIT","author":"Miguel Carlos Rodr\u00edguez-Pi\u00f1ero Royo","date":"9 enero, 2024","format":false,"excerpt":"Somos un grupo de investigadores que hace ya m\u00e1s de un a\u00f1o decidimos presentarnos a la convocatoria de proyectos de investigaci\u00f3n del Ministerio de Ciencia e Innovaci\u00f3n del Reino de Espa\u00f1a, en el marco del Programa de Generaci\u00f3n del Conocimiento dentro del Plan Estatal de Investigaci\u00f3n Cient\u00edfica y T\u00e9cnica y\u2026","rel":"","context":"Entrada similar","block_context":{"text":"Entrada similar","link":""},"img":{"alt_text":"","src":"https:\/\/i0.wp.com\/grupo.us.es\/iwpr\/wp-content\/uploads\/2024\/01\/Imagen6-300x205.png?resize=350%2C200&ssl=1","width":350,"height":200,"srcset":"https:\/\/i0.wp.com\/grupo.us.es\/iwpr\/wp-content\/uploads\/2024\/01\/Imagen6-300x205.png?resize=350%2C200&ssl=1 1x, https:\/\/i0.wp.com\/grupo.us.es\/iwpr\/wp-content\/uploads\/2024\/01\/Imagen6-300x205.png?resize=525%2C300&ssl=1 1.5x"},"classes":[]},{"id":5839,"url":"https:\/\/grupo.us.es\/iwpr\/la-realidad-objeto-de-estudio\/","url_meta":{"origin":5842,"position":3},"title":"La realidad objeto de estudio","author":"Jaime Rom\u00e1n Lemos","date":"14 febrero, 2024","format":false,"excerpt":"En esta p\u00e1gina pueden consultarse las principales caracter\u00edsticas, elementos y contexto de la principal materia objeto de estudio del Proyecto Trabexit. EL CONTEXTO: LA HUIDA DEL MERCADO DE TRABAJO LA IDEA DE TRABEXIT EL TRABEXIT Y SUS CONSECUENCIAS EL TRABEXIT Y SUS CAUSAS","rel":"","context":"Entrada similar","block_context":{"text":"Entrada similar","link":""},"img":{"alt_text":"","src":"","width":0,"height":0},"classes":[]},{"id":5793,"url":"https:\/\/grupo.us.es\/iwpr\/analisis-del-ordenamiento-juridico\/","url_meta":{"origin":5842,"position":4},"title":"An\u00e1lisis del ordenamiento jur\u00eddico","author":"Jaime Rom\u00e1n Lemos","date":"13 febrero, 2024","format":false,"excerpt":"TRABEXIT es un proyecto eminentemente jur\u00eddico, ya que se analizar\u00e1 el papel de la regulaci\u00f3n laboral respecto de este fen\u00f3meno. Dos de las preguntas centrales de este proceso se refieren directamente a la perspectiva laboral de esta nueva realidad, y as\u00ed nos planteamos: \u00a0\u00bfCu\u00e1l es el papel del Derecho del\u2026","rel":"","context":"Entrada similar","block_context":{"text":"Entrada similar","link":""},"img":{"alt_text":"","src":"","width":0,"height":0},"classes":[]},{"id":5778,"url":"https:\/\/grupo.us.es\/iwpr\/aproximacion-al-proyecto-trabexit\/","url_meta":{"origin":5842,"position":5},"title":"Aproximaci\u00f3n al Proyecto Trabexit","author":"Jaime Rom\u00e1n Lemos","date":"13 febrero, 2024","format":false,"excerpt":"Este proyecto est\u00e1 financiado por la convocatoria de proyectos de investigaci\u00f3n del Ministerio de Ciencia e Innovaci\u00f3n del Reino de Espa\u00f1a, en el marco del Programa de Generaci\u00f3n del Conocimiento dentro del Plan Estatal de Investigaci\u00f3n Cient\u00edfica y T\u00e9cnica y de Innovaci\u00f3n 2021-2023. Su denominaci\u00f3n oficial es \"La huida del\u2026","rel":"","context":"Entrada similar","block_context":{"text":"Entrada similar","link":""},"img":{"alt_text":"","src":"https:\/\/i0.wp.com\/grupo.us.es\/iwpr\/wp-content\/uploads\/2024\/01\/Proyecto-Trabexit-e1704890085990.png?resize=350%2C200","width":350,"height":200},"classes":[]}],"jetpack_sharing_enabled":true,"_links":{"self":[{"href":"https:\/\/grupo.us.es\/iwpr\/wp-json\/wp\/v2\/pages\/5842","targetHints":{"allow":["GET"]}}],"collection":[{"href":"https:\/\/grupo.us.es\/iwpr\/wp-json\/wp\/v2\/pages"}],"about":[{"href":"https:\/\/grupo.us.es\/iwpr\/wp-json\/wp\/v2\/types\/page"}],"author":[{"embeddable":true,"href":"https:\/\/grupo.us.es\/iwpr\/wp-json\/wp\/v2\/users\/27"}],"replies":[{"embeddable":true,"href":"https:\/\/grupo.us.es\/iwpr\/wp-json\/wp\/v2\/comments?post=5842"}],"version-history":[{"count":4,"href":"https:\/\/grupo.us.es\/iwpr\/wp-json\/wp\/v2\/pages\/5842\/revisions"}],"predecessor-version":[{"id":9507,"href":"https:\/\/grupo.us.es\/iwpr\/wp-json\/wp\/v2\/pages\/5842\/revisions\/9507"}],"wp:attachment":[{"href":"https:\/\/grupo.us.es\/iwpr\/wp-json\/wp\/v2\/media?parent=5842"}],"curies":[{"name":"wp","href":"https:\/\/api.w.org\/{rel}","templated":true}]}}