{"id":5769,"date":"2024-02-13T10:38:17","date_gmt":"2024-02-13T09:38:17","guid":{"rendered":"http:\/\/grupo.us.es\/newiwpr\/?page_id=5769"},"modified":"2024-02-13T11:22:09","modified_gmt":"2024-02-13T10:22:09","slug":"el-trabexit-y-sus-consecuencias","status":"publish","type":"page","link":"https:\/\/grupo.us.es\/iwpr\/el-trabexit-y-sus-consecuencias\/","title":{"rendered":"El Trabexit y sus consecuencias"},"content":{"rendered":"<p>La consecuencia m\u00e1s visible de la huida del mercado de trabajo es la dificultad de las empresas de cubrir las vacantes en algunos sectores, por falta de candidatos; esto puede deberse, a su vez, a la ausencia de personas con el perfil formativo requerido, o a que las que lo tienen no encuentran interesantes las ofertas que se generan en \u00e9stas. Esto genera un cambio de actitud en \u00e9stas, que tienden a mejorar la calidad de los empleos que se ofrecen, y a dise\u00f1ar incentivos para aceptarlos cuando se encuentra a un candidato id\u00f3neo.<\/p>\n<p>Se produce tambi\u00e9n una alta rotaci\u00f3n del personal en determinadas industrias, en las que los trabajadores dise\u00f1an modelos de carrera profesional basados en la transici\u00f3n continuada de unos empleadores a otros, lo que obliga a las empresas a adaptar sus pol\u00edticas de recursos humanos para priorizar la retenci\u00f3n por todos los medios posibles. Esto es posible en aquellos sectores en los que no se requieren cualificaciones profesionales que no son comunes.<\/p>\n<p>Otro efecto es la falta de reemplazos en determinadas profesiones y oficios, puesto que no hay personas j\u00f3venes form\u00e1ndose para ocupar las vacantes cuando abandonen el mercado, generalmente por jubilaci\u00f3n, los actuales profesionales.<\/p>\n<p>Consecuencia de esta huida est\u00e1 el reequilibrio de poder contractual en el mercado de trabajo, ante el desequilibrio entre oferta y demanda de trabajo. As\u00ed, en algunos sectores se est\u00e1 produciendo un empoderamiento de los trabajadores, frente a empresas que luchan por reclutar y retener el talento que necesitan. Los trabajadores incrementan su poder de negociaci\u00f3n frente a potenciales empleadores, porque saben que tienen alternativas en caso de no aceptar una oferta o abandonar un empleo. A la vez reducen su umbral de tolerancia ante conductas que consideran inaceptables, u ofertas que estiman insuficientes. A las dificultades de contrataci\u00f3n se unen los problemas de retenci\u00f3n, con una enorme rotaci\u00f3n en la plantilla que minan la productividad, dificultan la formaci\u00f3n y complican la gesti\u00f3n de los clientes. De nuevo este fen\u00f3meno tiene una incidencia particular sobre el trabajo femenino, toda vez que, por un lado, el incremento de la capacidad de negociaci\u00f3n lleva a que se puedan solicitar condiciones laborales m\u00e1s acordes con la conciliaci\u00f3n con las obligaciones de cuidados (que como se sabe est\u00e1n injustamente repartidas seg\u00fan el g\u00e9nero), mientras que por otro precisamente el tener que asumir estas cargas impide en ocasiones poder aprovechar plenamente este poder contractual.<\/p>\n<p>El funcionamiento de los mercados de trabajo se est\u00e1 viendo igualmente afectado. Se mantiene su funcionamiento transicional, pero se altera el tipo de transiciones que se produce en su seno, puesto junto a las tradicionales de formaci\u00f3n-a-empleo, y de empleo-desempleo-empleo, se generan otras caracterizadas por el abandono voluntario del empleo, el regreso al sistema formativo, el inicio de nuevas carreras profesionales\u2026<\/p>\n","protected":false},"excerpt":{"rendered":"<p>La consecuencia m\u00e1s visible de la huida del mercado de trabajo es la dificultad de las empresas de cubrir las vacantes en algunos sectores, por falta de candidatos; esto puede deberse, a su vez, a la ausencia de personas con el perfil formativo requerido, o a que las que lo tienen no encuentran interesantes las&#8230;<\/p>\n","protected":false},"author":27,"featured_media":0,"parent":0,"menu_order":0,"comment_status":"closed","ping_status":"closed","template":"","meta":{"jetpack_post_was_ever_published":false,"footnotes":""},"class_list":["post-5769","page","type-page","status-publish","hentry"],"jetpack_shortlink":"https:\/\/wp.me\/P7HIjh-1v3","jetpack-related-posts":[{"id":461,"url":"https:\/\/grupo.us.es\/iwpr\/envejecimiento-activo\/trabajadores-maduros-y-memorias-de-rse\/","url_meta":{"origin":5769,"position":0},"title":"Trabajadores maduros y Memorias de RSE","author":"Fco. Javier Calvo Gallego","date":"15 diciembre, 2016","format":false,"excerpt":"Puedes acceder al contenido completo de este trabajo en el siguiente enlace\u00a0que te conducir\u00e1 al cap\u00edtulo: \u201cRecursos humanos, memorias de responsabilidad social, empresarial y trabajadores maduros\u201d publicado dentro de la monograf\u00eda AAVV.,\u00a0 El tratamiento del empleo de los trabajadores maduros por parte de los poderes p\u00fablicos y de las pol\u00edticas\u2026","rel":"","context":"Entrada similar","block_context":{"text":"Entrada similar","link":""},"img":{"alt_text":"","src":"","width":0,"height":0},"classes":[]},{"id":5760,"url":"https:\/\/grupo.us.es\/iwpr\/el-contexto-la-huida-del-mercado-de-trabajo\/","url_meta":{"origin":5769,"position":1},"title":"El contexto: La huida del mercado de trabajo","author":"Jaime Rom\u00e1n Lemos","date":"13 febrero, 2024","format":false,"excerpt":"La tercera d\u00e9cada del siglo XXI nos est\u00e1 trayendo unas din\u00e1micas en el mercado de trabajo y en la legislaci\u00f3n laboral desconocidas hasta ahora en Espa\u00f1a. Uno de los fen\u00f3menos m\u00e1s llamativos es sin duda la \u201cGran Dimisi\u00f3n\u201d (\u201cGreat Resignation\u201d), la tendencia de muchas personas a abandonar sus puestos de\u2026","rel":"","context":"Entrada similar","block_context":{"text":"Entrada similar","link":""},"img":{"alt_text":"","src":"","width":0,"height":0},"classes":[]},{"id":5772,"url":"https:\/\/grupo.us.es\/iwpr\/el-trabexit-y-sus-causas\/","url_meta":{"origin":5769,"position":2},"title":"El Trabexit y sus causas","author":"Jaime Rom\u00e1n Lemos","date":"13 febrero, 2024","format":false,"excerpt":"\u00bfA qu\u00e9 se debe este fen\u00f3meno? Las causas que se han apuntado son m\u00faltiples: un proceso de reducci\u00f3n de la calidad del trabajo, en muchas de sus dimensiones, consecuencia de la globalizaci\u00f3n, las pol\u00edticas de flexibilizaci\u00f3n, los cambios tecnol\u00f3gicos y las estrategias productivas; el empeoramiento de la experiencia personal con\u2026","rel":"","context":"Entrada similar","block_context":{"text":"Entrada similar","link":""},"img":{"alt_text":"","src":"","width":0,"height":0},"classes":[]},{"id":5767,"url":"https:\/\/grupo.us.es\/iwpr\/la-idea-de-trabexit\/","url_meta":{"origin":5769,"position":3},"title":"La idea de Trabexit","author":"Jaime Rom\u00e1n Lemos","date":"13 febrero, 2024","format":false,"excerpt":"Considerando de manera unitaria todas las realidades que se han identificado en el mercado de trabajo podemos hablar de un fen\u00f3meno de \u201chuida del mercado de trabajo\u201d, caracterizado por una nueva forma de tomar decisiones laborales, en las que la prioridad ya no es obtener y mantener un empleo, sino\u2026","rel":"","context":"Entrada similar","block_context":{"text":"Entrada similar","link":""},"img":{"alt_text":"","src":"","width":0,"height":0},"classes":[]},{"id":5607,"url":"https:\/\/grupo.us.es\/iwpr\/proyecto-trabexit\/","url_meta":{"origin":5769,"position":4},"title":"PROYECTO TRABEXIT","author":"Miguel Carlos Rodr\u00edguez-Pi\u00f1ero Royo","date":"9 enero, 2024","format":false,"excerpt":"Somos un grupo de investigadores que hace ya m\u00e1s de un a\u00f1o decidimos presentarnos a la convocatoria de proyectos de investigaci\u00f3n del Ministerio de Ciencia e Innovaci\u00f3n del Reino de Espa\u00f1a, en el marco del Programa de Generaci\u00f3n del Conocimiento dentro del Plan Estatal de Investigaci\u00f3n Cient\u00edfica y T\u00e9cnica y\u2026","rel":"","context":"Entrada similar","block_context":{"text":"Entrada similar","link":""},"img":{"alt_text":"","src":"https:\/\/i0.wp.com\/grupo.us.es\/iwpr\/wp-content\/uploads\/2024\/01\/Imagen6-300x205.png?resize=350%2C200&ssl=1","width":350,"height":200,"srcset":"https:\/\/i0.wp.com\/grupo.us.es\/iwpr\/wp-content\/uploads\/2024\/01\/Imagen6-300x205.png?resize=350%2C200&ssl=1 1x, https:\/\/i0.wp.com\/grupo.us.es\/iwpr\/wp-content\/uploads\/2024\/01\/Imagen6-300x205.png?resize=525%2C300&ssl=1 1.5x"},"classes":[]},{"id":3997,"url":"https:\/\/grupo.us.es\/iwpr\/la-reforma-de-la-contratacion-temporal\/","url_meta":{"origin":5769,"position":5},"title":"La reforma de la contrataci\u00f3n laboral","author":"Miguel Carlos Rodr\u00edguez-Pi\u00f1ero Royo","date":"18 diciembre, 2021","format":false,"excerpt":"Uno de los temas m\u00e1s controvertidos de todo el proceso de di\u00e1logo social es el de la contrataci\u00f3n temporal. En este punto las posiciones estaban muy enfrentadas: el Gobierno present\u00f3 unas propuestas realmente incisivas, que cortaban sustancialmente las posibilidades de contrataci\u00f3n temporal. Frente a \u00e9stas, la oposici\u00f3n de la representaci\u00f3n\u2026","rel":"","context":"Entrada similar","block_context":{"text":"Entrada similar","link":""},"img":{"alt_text":"contratos reforma laboral","src":"https:\/\/i0.wp.com\/cdn.pixabay.com\/photo\/2016\/03\/15\/09\/08\/looking-for-a-job-1257233_960_720.jpg?resize=350%2C200&ssl=1","width":350,"height":200},"classes":[]}],"jetpack_sharing_enabled":true,"_links":{"self":[{"href":"https:\/\/grupo.us.es\/iwpr\/wp-json\/wp\/v2\/pages\/5769","targetHints":{"allow":["GET"]}}],"collection":[{"href":"https:\/\/grupo.us.es\/iwpr\/wp-json\/wp\/v2\/pages"}],"about":[{"href":"https:\/\/grupo.us.es\/iwpr\/wp-json\/wp\/v2\/types\/page"}],"author":[{"embeddable":true,"href":"https:\/\/grupo.us.es\/iwpr\/wp-json\/wp\/v2\/users\/27"}],"replies":[{"embeddable":true,"href":"https:\/\/grupo.us.es\/iwpr\/wp-json\/wp\/v2\/comments?post=5769"}],"version-history":[{"count":2,"href":"https:\/\/grupo.us.es\/iwpr\/wp-json\/wp\/v2\/pages\/5769\/revisions"}],"predecessor-version":[{"id":5786,"href":"https:\/\/grupo.us.es\/iwpr\/wp-json\/wp\/v2\/pages\/5769\/revisions\/5786"}],"wp:attachment":[{"href":"https:\/\/grupo.us.es\/iwpr\/wp-json\/wp\/v2\/media?parent=5769"}],"curies":[{"name":"wp","href":"https:\/\/api.w.org\/{rel}","templated":true}]}}