{"id":5767,"date":"2024-02-13T10:36:57","date_gmt":"2024-02-13T09:36:57","guid":{"rendered":"http:\/\/grupo.us.es\/newiwpr\/?page_id=5767"},"modified":"2024-02-13T11:22:26","modified_gmt":"2024-02-13T10:22:26","slug":"la-idea-de-trabexit","status":"publish","type":"page","link":"https:\/\/grupo.us.es\/iwpr\/la-idea-de-trabexit\/","title":{"rendered":"La idea de Trabexit"},"content":{"rendered":"<p>Considerando de manera unitaria todas las realidades que se han identificado en el mercado de trabajo podemos hablar de un fen\u00f3meno de \u201chuida del mercado de trabajo\u201d, caracterizado por una nueva forma de tomar decisiones laborales, en las que la prioridad ya no es obtener y mantener un empleo, sino que se consideran otros factores.<\/p>\n<p>\u00bfQu\u00e9 tienen en com\u00fan todos ellos? En todos estos casos hay personas que se niegan a aceptar puestos de trabajo disponibles y adecuados a sus perfiles, pero insatisfactorios en algunas dimensiones, que pueden ser sus contenidos, la retribuci\u00f3n asignada, las posibilidades de conciliaci\u00f3n, o incluso su ubicaci\u00f3n f\u00edsica. Son fen\u00f3menos diferentes, es claro, ya que en algunos se abandona el mercado de trabajo de manera total (jubilaci\u00f3n prematura, desactivaci\u00f3n); mientras que en otros se evitan ciertos empleadores (emigraci\u00f3n, nomadismo digital, rotaci\u00f3n); y en alguno, finalmente, se quiere obviar la dependencia de un empleo asalariado en el sector privado (oposiciones, autoempleo, cooperativas).<\/p>\n<p>Lo que s\u00ed est\u00e1 claro es que el umbral de tolerancia, lo que las personas est\u00e1n dispuestas a aceptar por estar ocupados, se ha reducido. Esto ha provocado una aut\u00e9ntica huida del mercado de trabajo. No necesariamente del trabajo en s\u00ed, sino de aquellas empresas, sectores y empleos percibidos como negativos, de escasa calidad y perspectivas. Ahora se valoran m\u00e1s otros elementos ajenos a los tradicionales a la hora de decidir sobre la propia ocupaci\u00f3n. Incluso se acepta el cambio de empleador como un valor en s\u00ed mismo, en cuanto permite mejorar las competencias, los contactos, las experiencias personales\u2026<\/p>\n<p>Tampoco es una huida del Derecho del Trabajo, siguiendo la expresi\u00f3n acu\u00f1ada hace ya alg\u00fan tiempo por el profesor Rodr\u00edguez-Pi\u00f1ero Bravo-Ferrer: Ni se buscan alternativas a la contrataci\u00f3n laboral para encontrar acomodo en un marco normativo m\u00e1s favorable, ni es la empresa la que tiene la iniciativa.<\/p>\n<p>Lo que tendr\u00edamos, pues, ser\u00eda una huida del mercado de trabajo, por lo que podr\u00edamos hablar, haciendo un juego de palabras y emulando expresiones generadas en otros \u00e1mbitos, de un TRABEXIT. Denominaci\u00f3n que se inspira en la primera de este g\u00e9nero, \u201cBREXIT\u201d, seguida luego por otras muchas (CATALEXIT, acu\u00f1ada por el profesor Bartolom\u00e9 Clavero; o incluso MEGXIT).<\/p>\n<p>Se trata de una noci\u00f3n unitaria de \u201chuida del trabajo\u201d que es original, porque engloba diferentes fen\u00f3menos que son todos expresi\u00f3n de un fen\u00f3meno m\u00e1s amplio, el cambio de actitud de las personas hacia el papel del trabajo en las sociedades y en sus vidas como consecuencia de la p\u00e9rdida de su calidad y otros factores.<\/p>\n<p>Se persigue un conocimiento completo del fen\u00f3meno de la huida del trabajo, en todas sus dimensiones, con especial atenci\u00f3n a las causas que lo provocan y a su impacto en los distintos colectivos en el mercado de trabajo, en particular a las mujeres. Este conocimiento servir\u00e1 de base para la propuesta de medidas de pol\u00edticas laborales y de empleo que adapten, actualicen y mejoren las actuales. Estas pol\u00edticas se adaptar\u00e1n a las circunstancias y necesidades particulares de cada colectivo, pudiendo significar un cambio real en la experiencia vital y profesional de las personas.<\/p>\n<p>Aunque el objeto de investigaci\u00f3n ser\u00e1 la realidad laboral espa\u00f1ola, se trata de un fen\u00f3meno global, que se est\u00e1 produciendo en otros pa\u00edses. Por ello se realizar\u00e1 un estudio comparado, valorando la experiencia espa\u00f1ola desde la perspectiva de lo que est\u00e1 ocurriendo en otros pa\u00edses. Esto permitir\u00e1 conocer el peso espec\u00edfico de las particularidades nacionales en sus dimensiones, especialmente qu\u00e9 papel juega la regulaci\u00f3n laboral para determinar la conducta de las personas que trabajan.<\/p>\n","protected":false},"excerpt":{"rendered":"<p>Considerando de manera unitaria todas las realidades que se han identificado en el mercado de trabajo podemos hablar de un fen\u00f3meno de \u201chuida del mercado de trabajo\u201d, caracterizado por una nueva forma de tomar decisiones laborales, en las que la prioridad ya no es obtener y mantener un empleo, sino que se consideran otros factores&#8230;.<\/p>\n","protected":false},"author":27,"featured_media":0,"parent":0,"menu_order":0,"comment_status":"closed","ping_status":"closed","template":"","meta":{"jetpack_post_was_ever_published":false,"footnotes":""},"class_list":["post-5767","page","type-page","status-publish","hentry"],"jetpack_shortlink":"https:\/\/wp.me\/P7HIjh-1v1","jetpack-related-posts":[{"id":5607,"url":"https:\/\/grupo.us.es\/iwpr\/proyecto-trabexit\/","url_meta":{"origin":5767,"position":0},"title":"PROYECTO TRABEXIT","author":"Miguel Carlos Rodr\u00edguez-Pi\u00f1ero Royo","date":"9 enero, 2024","format":false,"excerpt":"Somos un grupo de investigadores que hace ya m\u00e1s de un a\u00f1o decidimos presentarnos a la convocatoria de proyectos de investigaci\u00f3n del Ministerio de Ciencia e Innovaci\u00f3n del Reino de Espa\u00f1a, en el marco del Programa de Generaci\u00f3n del Conocimiento dentro del Plan Estatal de Investigaci\u00f3n Cient\u00edfica y T\u00e9cnica y\u2026","rel":"","context":"Entrada similar","block_context":{"text":"Entrada similar","link":""},"img":{"alt_text":"","src":"https:\/\/i0.wp.com\/grupo.us.es\/iwpr\/wp-content\/uploads\/2024\/01\/Imagen6-300x205.png?resize=350%2C200&ssl=1","width":350,"height":200,"srcset":"https:\/\/i0.wp.com\/grupo.us.es\/iwpr\/wp-content\/uploads\/2024\/01\/Imagen6-300x205.png?resize=350%2C200&ssl=1 1x, https:\/\/i0.wp.com\/grupo.us.es\/iwpr\/wp-content\/uploads\/2024\/01\/Imagen6-300x205.png?resize=525%2C300&ssl=1 1.5x"},"classes":[]},{"id":5760,"url":"https:\/\/grupo.us.es\/iwpr\/el-contexto-la-huida-del-mercado-de-trabajo\/","url_meta":{"origin":5767,"position":1},"title":"El contexto: La huida del mercado de trabajo","author":"Jaime Rom\u00e1n Lemos","date":"13 febrero, 2024","format":false,"excerpt":"La tercera d\u00e9cada del siglo XXI nos est\u00e1 trayendo unas din\u00e1micas en el mercado de trabajo y en la legislaci\u00f3n laboral desconocidas hasta ahora en Espa\u00f1a. Uno de los fen\u00f3menos m\u00e1s llamativos es sin duda la \u201cGran Dimisi\u00f3n\u201d (\u201cGreat Resignation\u201d), la tendencia de muchas personas a abandonar sus puestos de\u2026","rel":"","context":"Entrada similar","block_context":{"text":"Entrada similar","link":""},"img":{"alt_text":"","src":"","width":0,"height":0},"classes":[]},{"id":5341,"url":"https:\/\/grupo.us.es\/iwpr\/proyecto-reforma-del-derecho-del-empleo-2023\/","url_meta":{"origin":5767,"position":2},"title":"Proyecto \u00abReforma del Derecho del Empleo 2023\u00bb","author":"Miguel Carlos Rodr\u00edguez-Pi\u00f1ero Royo","date":"18 abril, 2023","format":false,"excerpt":"IUSLABLOG, en colaboraci\u00f3n con la revista electr\u00f3nica \u201cTrabajo, persona, derecho, mercado\u201d, lanza la iniciativa \u201cProyecto Reforma del Derecho del Empleo 2023\u201d. Se trata de un proyecto destinado al an\u00e1lisis y la difusi\u00f3n de la nueva Ley de Empleo, y de otros cambios en el mercado de trabajo y en su\u2026","rel":"","context":"Entrada similar","block_context":{"text":"Entrada similar","link":""},"img":{"alt_text":"","src":"https:\/\/i0.wp.com\/grupo.us.es\/iwpr\/wp-content\/uploads\/2023\/04\/Imagen1.png?fit=491%2C278&ssl=1&resize=350%2C200","width":350,"height":200},"classes":[]},{"id":5778,"url":"https:\/\/grupo.us.es\/iwpr\/aproximacion-al-proyecto-trabexit\/","url_meta":{"origin":5767,"position":3},"title":"Aproximaci\u00f3n al Proyecto Trabexit","author":"Jaime Rom\u00e1n Lemos","date":"13 febrero, 2024","format":false,"excerpt":"Este proyecto est\u00e1 financiado por la convocatoria de proyectos de investigaci\u00f3n del Ministerio de Ciencia e Innovaci\u00f3n del Reino de Espa\u00f1a, en el marco del Programa de Generaci\u00f3n del Conocimiento dentro del Plan Estatal de Investigaci\u00f3n Cient\u00edfica y T\u00e9cnica y de Innovaci\u00f3n 2021-2023. Su denominaci\u00f3n oficial es \"La huida del\u2026","rel":"","context":"Entrada similar","block_context":{"text":"Entrada similar","link":""},"img":{"alt_text":"","src":"https:\/\/i0.wp.com\/grupo.us.es\/iwpr\/wp-content\/uploads\/2024\/01\/Proyecto-Trabexit-e1704890085990.png?resize=350%2C200","width":350,"height":200},"classes":[]},{"id":5619,"url":"https:\/\/grupo.us.es\/iwpr\/proyecto-reforma-del-derecho-del-empleo-2023-2\/","url_meta":{"origin":5767,"position":4},"title":"Proyecto Reforma del Derecho del Empleo 2023","author":"Jaime Rom\u00e1n Lemos","date":"10 enero, 2024","format":false,"excerpt":"\u00a0 IUSLABLOG, en colaboraci\u00f3n con la revista electr\u00f3nica \u201cTrabajo, persona, derecho, mercado\u201d, lanza la iniciativa \u201cProyecto Reforma del Derecho del Empleo 2023\u201d. Se trata de un proyecto destinado al an\u00e1lisis y la difusi\u00f3n de la nueva Ley de Empleo, y de otros cambios en el mercado de trabajo y en\u2026","rel":"","context":"Entrada similar","block_context":{"text":"Entrada similar","link":""},"img":{"alt_text":"","src":"https:\/\/i0.wp.com\/grupo.us.es\/iwpr\/wp-content\/uploads\/2023\/04\/Imagen1-300x170.png?resize=350%2C200","width":350,"height":200},"classes":[]},{"id":5769,"url":"https:\/\/grupo.us.es\/iwpr\/el-trabexit-y-sus-consecuencias\/","url_meta":{"origin":5767,"position":5},"title":"El Trabexit y sus consecuencias","author":"Jaime Rom\u00e1n Lemos","date":"13 febrero, 2024","format":false,"excerpt":"La consecuencia m\u00e1s visible de la huida del mercado de trabajo es la dificultad de las empresas de cubrir las vacantes en algunos sectores, por falta de candidatos; esto puede deberse, a su vez, a la ausencia de personas con el perfil formativo requerido, o a que las que lo\u2026","rel":"","context":"Entrada similar","block_context":{"text":"Entrada similar","link":""},"img":{"alt_text":"","src":"","width":0,"height":0},"classes":[]}],"jetpack_sharing_enabled":true,"_links":{"self":[{"href":"https:\/\/grupo.us.es\/iwpr\/wp-json\/wp\/v2\/pages\/5767","targetHints":{"allow":["GET"]}}],"collection":[{"href":"https:\/\/grupo.us.es\/iwpr\/wp-json\/wp\/v2\/pages"}],"about":[{"href":"https:\/\/grupo.us.es\/iwpr\/wp-json\/wp\/v2\/types\/page"}],"author":[{"embeddable":true,"href":"https:\/\/grupo.us.es\/iwpr\/wp-json\/wp\/v2\/users\/27"}],"replies":[{"embeddable":true,"href":"https:\/\/grupo.us.es\/iwpr\/wp-json\/wp\/v2\/comments?post=5767"}],"version-history":[{"count":2,"href":"https:\/\/grupo.us.es\/iwpr\/wp-json\/wp\/v2\/pages\/5767\/revisions"}],"predecessor-version":[{"id":5787,"href":"https:\/\/grupo.us.es\/iwpr\/wp-json\/wp\/v2\/pages\/5767\/revisions\/5787"}],"wp:attachment":[{"href":"https:\/\/grupo.us.es\/iwpr\/wp-json\/wp\/v2\/media?parent=5767"}],"curies":[{"name":"wp","href":"https:\/\/api.w.org\/{rel}","templated":true}]}}

<p>Considerando de manera unitaria todas las realidades que se han identificado en el mercado de trabajo podemos hablar de un fenómeno de “huida del mercado de trabajo”, caracterizado por una nueva forma de tomar decisiones laborales, en las que la prioridad ya no es obtener y mantener un empleo, sino que se consideran otros factores.</p>
<p>¿Qué tienen en común todos ellos? En todos estos casos hay personas que se niegan a aceptar puestos de trabajo disponibles y adecuados a sus perfiles, pero insatisfactorios en algunas dimensiones, que pueden ser sus contenidos, la retribución asignada, las posibilidades de conciliación, o incluso su ubicación física. Son fenómenos diferentes, es claro, ya que en algunos se abandona el mercado de trabajo de manera total (jubilación prematura, desactivación); mientras que en otros se evitan ciertos empleadores (emigración, nomadismo digital, rotación); y en alguno, finalmente, se quiere obviar la dependencia de un empleo asalariado en el sector privado (oposiciones, autoempleo, cooperativas).</p>
<p>Lo que sí está claro es que el umbral de tolerancia, lo que las personas están dispuestas a aceptar por estar ocupados, se ha reducido. Esto ha provocado una auténtica huida del mercado de trabajo. No necesariamente del trabajo en sí, sino de aquellas empresas, sectores y empleos percibidos como negativos, de escasa calidad y perspectivas. Ahora se valoran más otros elementos ajenos a los tradicionales a la hora de decidir sobre la propia ocupación. Incluso se acepta el cambio de empleador como un valor en sí mismo, en cuanto permite mejorar las competencias, los contactos, las experiencias personales…</p>
<p>Tampoco es una huida del Derecho del Trabajo, siguiendo la expresión acuñada hace ya algún tiempo por el profesor Rodríguez-Piñero Bravo-Ferrer: Ni se buscan alternativas a la contratación laboral para encontrar acomodo en un marco normativo más favorable, ni es la empresa la que tiene la iniciativa.</p>
<p>Lo que tendríamos, pues, sería una huida del mercado de trabajo, por lo que podríamos hablar, haciendo un juego de palabras y emulando expresiones generadas en otros ámbitos, de un TRABEXIT. Denominación que se inspira en la primera de este género, “BREXIT”, seguida luego por otras muchas (CATALEXIT, acuñada por el profesor Bartolomé Clavero; o incluso MEGXIT).</p>
<p>Se trata de una noción unitaria de “huida del trabajo” que es original, porque engloba diferentes fenómenos que son todos expresión de un fenómeno más amplio, el cambio de actitud de las personas hacia el papel del trabajo en las sociedades y en sus vidas como consecuencia de la pérdida de su calidad y otros factores.</p>
<p>Se persigue un conocimiento completo del fenómeno de la huida del trabajo, en todas sus dimensiones, con especial atención a las causas que lo provocan y a su impacto en los distintos colectivos en el mercado de trabajo, en particular a las mujeres. Este conocimiento servirá de base para la propuesta de medidas de políticas laborales y de empleo que adapten, actualicen y mejoren las actuales. Estas políticas se adaptarán a las circunstancias y necesidades particulares de cada colectivo, pudiendo significar un cambio real en la experiencia vital y profesional de las personas.</p>
<p>Aunque el objeto de investigación será la realidad laboral española, se trata de un fenómeno global, que se está produciendo en otros países. Por ello se realizará un estudio comparado, valorando la experiencia española desde la perspectiva de lo que está ocurriendo en otros países. Esto permitirá conocer el peso específico de las particularidades nacionales en sus dimensiones, especialmente qué papel juega la regulación laboral para determinar la conducta de las personas que trabajan.</p>

<p>Considerando de manera unitaria todas las realidades que se han identificado en el mercado de trabajo podemos hablar de un fenómeno de “huida del mercado de trabajo”, caracterizado por una nueva forma de tomar decisiones laborales, en las que la prioridad ya no es obtener y mantener un empleo, sino que se consideran otros factores&#8230;.</p>

Miguel Carlos Rodríguez-Piñero Royo

Somos un grupo de investigadores que hace ya más de un año decidimos presentarnos a la convocatoria de proyectos de investigación del Ministerio de Ciencia e Innovación del Reino de España, en el marco del Programa de Generación del Conocimiento dentro del Plan Estatal de Investigación Científica y Técnica y…

Jaime Román Lemos

La tercera década del siglo XXI nos está trayendo unas dinámicas en el mercado de trabajo y en la legislación laboral desconocidas hasta ahora en España. Uno de los fenómenos más llamativos es sin duda la “Gran Dimisión” (“Great Resignation”), la tendencia de muchas personas a abandonar sus puestos de…

IUSLABLOG, en colaboración con la revista electrónica “Trabajo, persona, derecho, mercado”, lanza la iniciativa “Proyecto Reforma del Derecho del Empleo 2023”. Se trata de un proyecto destinado al análisis y la difusión de la nueva Ley de Empleo, y de otros cambios en el mercado de trabajo y en su…

Aproximación al Proyecto Trabexit

Este proyecto está financiado por la convocatoria de proyectos de investigación del Ministerio de Ciencia e Innovación del Reino de España, en el marco del Programa de Generación del Conocimiento dentro del Plan Estatal de Investigación Científica y Técnica y de Innovación 2021-2023. Su denominación oficial es "La huida del…

IUSLABLOG, en colaboración con la revista electrónica “Trabajo, persona, derecho, mercado”, lanza la iniciativa “Proyecto Reforma del Derecho del Empleo 2023”. Se trata de un proyecto destinado al análisis y la difusión de la nueva Ley de Empleo, y de otros cambios en el mercado de trabajo y en…

La consecuencia más visible de la huida del mercado de trabajo es la dificultad de las empresas de cubrir las vacantes en algunos sectores, por falta de candidatos; esto puede deberse, a su vez, a la ausencia de personas con el perfil formativo requerido, o a que las que lo…
