{"id":440,"date":"2016-12-15T13:10:32","date_gmt":"2016-12-15T12:10:32","guid":{"rendered":"http:\/\/grupo.us.es\/newiwpr\/?page_id=440"},"modified":"2017-12-20T08:49:20","modified_gmt":"2017-12-20T07:49:20","slug":"panorama-del-empleo-y-desempleo","status":"publish","type":"page","link":"https:\/\/grupo.us.es\/iwpr\/envejecimiento-activo\/panorama-del-empleo-y-desempleo\/","title":{"rendered":"Panorama del empleo y desempleo"},"content":{"rendered":"<p>Puedes acceder al contenido completo de este trabajo en el siguiente <a href=\"http:\/\/grupo.us.es\/iwpr\/wp-content\/uploads\/2017\/12\/2jm.pdf\" target=\"_blank\" rel=\"noopener\">enlace\u00a0<\/a>que te conducir\u00e1 al cap\u00edtulo: \u201c<a href=\"http:\/\/grupo.us.es\/iwpr\/wp-content\/uploads\/2017\/12\/2jm.pdf\" target=\"_blank\" rel=\"noopener\">Aspectos demogr\u00e1ficos y econ\u00f3micos, empleo y desempleo de las personas de edad<\/a>\u201d publicado dentro de la monograf\u00eda AAVV.,\u00a0 <a href=\"http:\/\/grupo.us.es\/iwpr\/wp-content\/uploads\/2017\/12\/JoseManuel.pdf\" target=\"_blank\" rel=\"noopener\">El tratamiento del empleo de los trabajadores maduros por parte de los poderes p\u00fablicos y de las pol\u00edticas empresariales de Recursos Humanos<\/a>, (dirigido por Jos\u00e9 Manuel Morales Ortega), Editorial Laborum, Murcia, 2016,\u00a0ISBN: 978-84-945033-9-9.<\/p>\n<h3 style=\"text-align: center;\">RESUMEN<\/h3>\n<p>El an\u00e1lisis de las cifras de poblaci\u00f3n, desde comienzos de este siglo hasta 2015, y de las proyecciones publicadas por EUROSTAT revela el envejecimiento progresivo de la poblaci\u00f3n en Espa\u00f1a y en el conjunto de la Uni\u00f3n Europea.<\/p>\n<p>En Espa\u00f1a, el proceso de envejecimiento lleva un retraso de aproximadamente una d\u00e9cada con relaci\u00f3n a las econom\u00edas avanzadas de nuestro entorno pero se prev\u00e9 que se acelerar\u00e1 en las pr\u00f3ximas d\u00e9cadas. Adem\u00e1s, el envejecimiento ir\u00e1 acompa\u00f1ado de un retroceso en el volumen de poblaci\u00f3n que se prolongar\u00e1 hasta la d\u00e9cada de los 30, seg\u00fan las proyecciones de EUROSTAT, y hasta la de los 60 si nos fijamos en las \u00faltimas proyecciones del Instituto Nacional de Estad\u00edstica. En los pr\u00f3ximos a\u00f1os la poblaci\u00f3n descender\u00e1, fundamentalmente en los grupos con edades comprendidas entre los 0 y 14 a\u00f1os y entre 30 y 44 a\u00f1os, mientras que crecer\u00e1 la poblaci\u00f3n del grupo con edad superior a los 64 a\u00f1os. Esta din\u00e1mica poblacional situar\u00e1 hacia 2050, seg\u00fan las proyecciones, la tasa de dependencia de la UE cercana al 76% y en Espa\u00f1a por encima del 87%.<\/p>\n<p>El envejecimiento de la poblaci\u00f3n tiene importantes implicaciones para la viabilidad futura de los sistemas de pensiones y en los presupuestos de salud y dependencia y una repercusi\u00f3n importante en el mercado laboral en cuanto a la evoluci\u00f3n futura de sus principales indicadores.<\/p>\n<p>Los datos del mercado laboral reflejan un crecimiento de la poblaci\u00f3n activa en Espa\u00f1a hasta 2012 y un retroceso a partir de ese momento. El periodo de mayor crecimiento es el comprendido entre 2002 y 2008 en el que se produjo un incremento superior al 22%, debido fundamentalmente al crecimiento de la actividad en los intervalos de mayor edad, a partir de los 45 a\u00f1os. Sin embargo, el grupo con edades comprendidas entre los 15 y 24 a\u00f1os ha reducido su peso a casi la mitad y el de 25 a 34 a\u00f1os en m\u00e1s de 8 puntos.<\/p>\n<p>El grupo de poblaci\u00f3n activa que podr\u00edamos denominar en edad avanzada, es decir de 45 a 64 a\u00f1os, ha continuado creciendo y lo ha hecho en mayor medida en la poblaci\u00f3n femenina. La poblaci\u00f3n activa mayor representaba en 2002 el 28,51% de la poblaci\u00f3n activa y en 2015 representa el 40,15%. El incremento de peso ha sido algo superior a los 10 puntos para la poblaci\u00f3n activa masculina mayor pero est\u00e1 por encima de los 16 puntos en el caso de la poblaci\u00f3n femenina. Los datos reflejan por tanto un envejecimiento progresivo en la composici\u00f3n de la poblaci\u00f3n activa, adem\u00e1s del creciente peso que en la misma tienen las mujeres.<\/p>\n<p>En Espa\u00f1a, el a\u00f1o 2007 supone un punto de inflexi\u00f3n en la composici\u00f3n de la poblaci\u00f3n activa en cuanto a ocupaci\u00f3n y paro. Entre ese a\u00f1o y el 2013 el empleo descendi\u00f3 en \u00a0Espa\u00f1a m\u00e1s de \u00a03,3 millones de empleos. La p\u00e9rdida de empleo en la poblaci\u00f3n joven de 15 a 29 a\u00f1os fue superior a 2,1 millones y en el grupo de edades centrales de 30 a 44 a\u00f1os por encima de 1,2 millones, mientras que se produjo un aumento de 117.000 empleos en la poblaci\u00f3n de 45 a 64 a\u00f1os. No obstante, en ese periodo se registran p\u00e9rdidas de empleo en la poblaci\u00f3n masculina de mayor edad, mientras que el n\u00famero de empleos de la poblaci\u00f3n femenina de 45 a 64 a\u00f1os ha crecido por encima de los 380.000 empleos.<\/p>\n<p>Las cifras absolutas nos mostrar\u00edan que la crisis, en cuanto a p\u00e9rdida de empleo, ha afectado m\u00e1s a la poblaci\u00f3n joven. Los resultados se matizan si se tiene en cuenta que es en los intervalos de mayor edad donde se producen los mayores crecimientos de la poblaci\u00f3n activa. As\u00ed la tasa de ocupaci\u00f3n para las mujeres de 45 a 64 a\u00f1os retrocede desde el 91,63% de 2007 al 78,08% de 2013.<\/p>\n<p>En el periodo de crisis, ha aumentado el n\u00famero de parados entre la poblaci\u00f3n activa mayor y sus tasas de paro. As\u00ed un an\u00e1lisis de los datos absolutos revela que entre 2007 y 2013 la cifra de desempleo se multiplica por 4,18 para la poblaci\u00f3n de 45 a 64 a\u00f1os. Este grupo de edad se ha visto especialmente afectado por el desempleo de larga duraci\u00f3n. A finales de 2014 m\u00e1s del 67% de los desempleados de entre 50 y 64 a\u00f1os llevaban al menos 12 meses parados y m\u00e1s del 50% al menos 24 meses.<\/p>\n<p>Las proyecciones de la fuerza laboral en Espa\u00f1a mantienen la tendencia observada en los \u00faltimos a\u00f1os. Las tasas de actividad y de empleo de la poblaci\u00f3n de mayor edad en el mercado laboral continuar\u00e1n aumentando situ\u00e1ndose por encima de las del total de poblaci\u00f3n en edad de trabajar.<\/p>\n<p style=\"text-align: right;\">M\u00aa Teresa Ar\u00e9valo y Dolores G\u00f3mez<\/p>\n<p style=\"text-align: right;\">Universidad de Sevilla<\/p>\n","protected":false},"excerpt":{"rendered":"<p>Puedes acceder al contenido completo de este trabajo en el siguiente enlace\u00a0que te conducir\u00e1 al cap\u00edtulo: \u201cAspectos demogr\u00e1ficos y econ\u00f3micos, empleo y desempleo de las personas de edad\u201d publicado dentro de la monograf\u00eda AAVV.,\u00a0 El tratamiento del empleo de los trabajadores maduros por parte de los poderes p\u00fablicos y de las pol\u00edticas empresariales de Recursos&#8230;<\/p>\n","protected":false},"author":1,"featured_media":0,"parent":20,"menu_order":1,"comment_status":"closed","ping_status":"closed","template":"","meta":{"jetpack_post_was_ever_published":false,"footnotes":""},"class_list":["post-440","page","type-page","status-publish","hentry"],"jetpack_shortlink":"https:\/\/wp.me\/P7HIjh-76","jetpack-related-posts":[{"id":1818,"url":"https:\/\/grupo.us.es\/iwpr\/covid-19-y-derecho-social\/aspectos-de-seguridad-social\/otras-modificaciones-en-materia-de-desempleo-arts-26-a-28-rdl-8-2020\/","url_meta":{"origin":440,"position":0},"title":"Otras modificaciones en desempleo (arts. 26 a 28 RDL 8\/2020)","author":"Fco. Javier Calvo Gallego","date":"24 marzo, 2020","format":false,"excerpt":"La gesti\u00f3n y protecci\u00f3n por desempleo en el Estado de Alarma no referida a ERTE extraordinarios. Juan Carlos \u00c1lvarez Cort\u00e9s, Universidad de M\u00e1laga Adem\u00e1s de haberse establecido nuevas reglas respecto de la percepci\u00f3n de las prestaciones por desempleo en los supuestos de reducci\u00f3n o suspensi\u00f3n temporal de jornada por causa\u2026","rel":"","context":"Entrada similar","block_context":{"text":"Entrada similar","link":""},"img":{"alt_text":"","src":"","width":0,"height":0},"classes":[]},{"id":451,"url":"https:\/\/grupo.us.es\/iwpr\/envejecimiento-activo\/responsabilidad-social-y-trabajadores-maduros\/","url_meta":{"origin":440,"position":1},"title":"Responsabilidad Social y trabajadores maduros","author":"Fco. Javier Calvo Gallego","date":"15 diciembre, 2016","format":false,"excerpt":"Puedes acceder al contenido completo de este trabajo en el siguiente enlace\u00a0que te conducir\u00e1 al cap\u00edtulo: \u201cLa responsabilidad social y las personas de edad: un enfoque desde la gesti\u00f3n de los recursos humanos\u201d publicado dentro de la monograf\u00eda AAVV.,\u00a0 El tratamiento del empleo de los trabajadores maduros por parte de\u2026","rel":"","context":"Entrada similar","block_context":{"text":"Entrada similar","link":""},"img":{"alt_text":"","src":"","width":0,"height":0},"classes":[]},{"id":5760,"url":"https:\/\/grupo.us.es\/iwpr\/el-contexto-la-huida-del-mercado-de-trabajo\/","url_meta":{"origin":440,"position":2},"title":"El contexto: La huida del mercado de trabajo","author":"Jaime Rom\u00e1n Lemos","date":"13 febrero, 2024","format":false,"excerpt":"La tercera d\u00e9cada del siglo XXI nos est\u00e1 trayendo unas din\u00e1micas en el mercado de trabajo y en la legislaci\u00f3n laboral desconocidas hasta ahora en Espa\u00f1a. Uno de los fen\u00f3menos m\u00e1s llamativos es sin duda la \u201cGran Dimisi\u00f3n\u201d (\u201cGreat Resignation\u201d), la tendencia de muchas personas a abandonar sus puestos de\u2026","rel":"","context":"Entrada similar","block_context":{"text":"Entrada similar","link":""},"img":{"alt_text":"","src":"","width":0,"height":0},"classes":[]},{"id":5341,"url":"https:\/\/grupo.us.es\/iwpr\/proyecto-reforma-del-derecho-del-empleo-2023\/","url_meta":{"origin":440,"position":3},"title":"Proyecto \u00abReforma del Derecho del Empleo 2023\u00bb","author":"Miguel Carlos Rodr\u00edguez-Pi\u00f1ero Royo","date":"18 abril, 2023","format":false,"excerpt":"IUSLABLOG, en colaboraci\u00f3n con la revista electr\u00f3nica \u201cTrabajo, persona, derecho, mercado\u201d, lanza la iniciativa \u201cProyecto Reforma del Derecho del Empleo 2023\u201d. Se trata de un proyecto destinado al an\u00e1lisis y la difusi\u00f3n de la nueva Ley de Empleo, y de otros cambios en el mercado de trabajo y en su\u2026","rel":"","context":"Entrada similar","block_context":{"text":"Entrada similar","link":""},"img":{"alt_text":"","src":"https:\/\/i0.wp.com\/grupo.us.es\/iwpr\/wp-content\/uploads\/2023\/04\/Imagen1.png?fit=491%2C278&ssl=1&resize=350%2C200","width":350,"height":200},"classes":[]},{"id":5769,"url":"https:\/\/grupo.us.es\/iwpr\/el-trabexit-y-sus-consecuencias\/","url_meta":{"origin":440,"position":4},"title":"El Trabexit y sus consecuencias","author":"Jaime Rom\u00e1n Lemos","date":"13 febrero, 2024","format":false,"excerpt":"La consecuencia m\u00e1s visible de la huida del mercado de trabajo es la dificultad de las empresas de cubrir las vacantes en algunos sectores, por falta de candidatos; esto puede deberse, a su vez, a la ausencia de personas con el perfil formativo requerido, o a que las que lo\u2026","rel":"","context":"Entrada similar","block_context":{"text":"Entrada similar","link":""},"img":{"alt_text":"","src":"","width":0,"height":0},"classes":[]},{"id":5619,"url":"https:\/\/grupo.us.es\/iwpr\/proyecto-reforma-del-derecho-del-empleo-2023-2\/","url_meta":{"origin":440,"position":5},"title":"Proyecto Reforma del Derecho del Empleo 2023","author":"Jaime Rom\u00e1n Lemos","date":"10 enero, 2024","format":false,"excerpt":"\u00a0 IUSLABLOG, en colaboraci\u00f3n con la revista electr\u00f3nica \u201cTrabajo, persona, derecho, mercado\u201d, lanza la iniciativa \u201cProyecto Reforma del Derecho del Empleo 2023\u201d. Se trata de un proyecto destinado al an\u00e1lisis y la difusi\u00f3n de la nueva Ley de Empleo, y de otros cambios en el mercado de trabajo y en\u2026","rel":"","context":"Entrada similar","block_context":{"text":"Entrada similar","link":""},"img":{"alt_text":"","src":"https:\/\/i0.wp.com\/grupo.us.es\/iwpr\/wp-content\/uploads\/2023\/04\/Imagen1-300x170.png?resize=350%2C200","width":350,"height":200},"classes":[]}],"jetpack_sharing_enabled":true,"_links":{"self":[{"href":"https:\/\/grupo.us.es\/iwpr\/wp-json\/wp\/v2\/pages\/440","targetHints":{"allow":["GET"]}}],"collection":[{"href":"https:\/\/grupo.us.es\/iwpr\/wp-json\/wp\/v2\/pages"}],"about":[{"href":"https:\/\/grupo.us.es\/iwpr\/wp-json\/wp\/v2\/types\/page"}],"author":[{"embeddable":true,"href":"https:\/\/grupo.us.es\/iwpr\/wp-json\/wp\/v2\/users\/1"}],"replies":[{"embeddable":true,"href":"https:\/\/grupo.us.es\/iwpr\/wp-json\/wp\/v2\/comments?post=440"}],"version-history":[{"count":0,"href":"https:\/\/grupo.us.es\/iwpr\/wp-json\/wp\/v2\/pages\/440\/revisions"}],"up":[{"embeddable":true,"href":"https:\/\/grupo.us.es\/iwpr\/wp-json\/wp\/v2\/pages\/20"}],"wp:attachment":[{"href":"https:\/\/grupo.us.es\/iwpr\/wp-json\/wp\/v2\/media?parent=440"}],"curies":[{"name":"wp","href":"https:\/\/api.w.org\/{rel}","templated":true}]}}

<p>Puedes acceder al contenido completo de este trabajo en el siguiente <a href="http://grupo.us.es/iwpr/wp-content/uploads/2017/12/2jm.pdf" target="_blank" rel="noopener">enlace </a>que te conducirá al capítulo: “<a href="http://grupo.us.es/iwpr/wp-content/uploads/2017/12/2jm.pdf" target="_blank" rel="noopener">Aspectos demográficos y económicos, empleo y desempleo de las personas de edad</a>” publicado dentro de la monografía AAVV.,  <a href="http://grupo.us.es/iwpr/wp-content/uploads/2017/12/JoseManuel.pdf" target="_blank" rel="noopener">El tratamiento del empleo de los trabajadores maduros por parte de los poderes públicos y de las políticas empresariales de Recursos Humanos</a>, (dirigido por José Manuel Morales Ortega), Editorial Laborum, Murcia, 2016, ISBN: 978-84-945033-9-9.</p>
<h3 style="text-align: center;">RESUMEN</h3>
<p>El análisis de las cifras de población, desde comienzos de este siglo hasta 2015, y de las proyecciones publicadas por EUROSTAT revela el envejecimiento progresivo de la población en España y en el conjunto de la Unión Europea.</p>
<p>En España, el proceso de envejecimiento lleva un retraso de aproximadamente una década con relación a las economías avanzadas de nuestro entorno pero se prevé que se acelerará en las próximas décadas. Además, el envejecimiento irá acompañado de un retroceso en el volumen de población que se prolongará hasta la década de los 30, según las proyecciones de EUROSTAT, y hasta la de los 60 si nos fijamos en las últimas proyecciones del Instituto Nacional de Estadística. En los próximos años la población descenderá, fundamentalmente en los grupos con edades comprendidas entre los 0 y 14 años y entre 30 y 44 años, mientras que crecerá la población del grupo con edad superior a los 64 años. Esta dinámica poblacional situará hacia 2050, según las proyecciones, la tasa de dependencia de la UE cercana al 76% y en España por encima del 87%.</p>
<p>El envejecimiento de la población tiene importantes implicaciones para la viabilidad futura de los sistemas de pensiones y en los presupuestos de salud y dependencia y una repercusión importante en el mercado laboral en cuanto a la evolución futura de sus principales indicadores.</p>
<p>Los datos del mercado laboral reflejan un crecimiento de la población activa en España hasta 2012 y un retroceso a partir de ese momento. El periodo de mayor crecimiento es el comprendido entre 2002 y 2008 en el que se produjo un incremento superior al 22%, debido fundamentalmente al crecimiento de la actividad en los intervalos de mayor edad, a partir de los 45 años. Sin embargo, el grupo con edades comprendidas entre los 15 y 24 años ha reducido su peso a casi la mitad y el de 25 a 34 años en más de 8 puntos.</p>
<p>El grupo de población activa que podríamos denominar en edad avanzada, es decir de 45 a 64 años, ha continuado creciendo y lo ha hecho en mayor medida en la población femenina. La población activa mayor representaba en 2002 el 28,51% de la población activa y en 2015 representa el 40,15%. El incremento de peso ha sido algo superior a los 10 puntos para la población activa masculina mayor pero está por encima de los 16 puntos en el caso de la población femenina. Los datos reflejan por tanto un envejecimiento progresivo en la composición de la población activa, además del creciente peso que en la misma tienen las mujeres.</p>
<p>En España, el año 2007 supone un punto de inflexión en la composición de la población activa en cuanto a ocupación y paro. Entre ese año y el 2013 el empleo descendió en  España más de  3,3 millones de empleos. La pérdida de empleo en la población joven de 15 a 29 años fue superior a 2,1 millones y en el grupo de edades centrales de 30 a 44 años por encima de 1,2 millones, mientras que se produjo un aumento de 117.000 empleos en la población de 45 a 64 años. No obstante, en ese periodo se registran pérdidas de empleo en la población masculina de mayor edad, mientras que el número de empleos de la población femenina de 45 a 64 años ha crecido por encima de los 380.000 empleos.</p>
<p>Las cifras absolutas nos mostrarían que la crisis, en cuanto a pérdida de empleo, ha afectado más a la población joven. Los resultados se matizan si se tiene en cuenta que es en los intervalos de mayor edad donde se producen los mayores crecimientos de la población activa. Así la tasa de ocupación para las mujeres de 45 a 64 años retrocede desde el 91,63% de 2007 al 78,08% de 2013.</p>
<p>En el periodo de crisis, ha aumentado el número de parados entre la población activa mayor y sus tasas de paro. Así un análisis de los datos absolutos revela que entre 2007 y 2013 la cifra de desempleo se multiplica por 4,18 para la población de 45 a 64 años. Este grupo de edad se ha visto especialmente afectado por el desempleo de larga duración. A finales de 2014 más del 67% de los desempleados de entre 50 y 64 años llevaban al menos 12 meses parados y más del 50% al menos 24 meses.</p>
<p>Las proyecciones de la fuerza laboral en España mantienen la tendencia observada en los últimos años. Las tasas de actividad y de empleo de la población de mayor edad en el mercado laboral continuarán aumentando situándose por encima de las del total de población en edad de trabajar.</p>
<p style="text-align: right;">Mª Teresa Arévalo y Dolores Gómez</p>
<p style="text-align: right;">Universidad de Sevilla</p>

<p>Puedes acceder al contenido completo de este trabajo en el siguiente enlace que te conducirá al capítulo: “Aspectos demográficos y económicos, empleo y desempleo de las personas de edad” publicado dentro de la monografía AAVV.,  El tratamiento del empleo de los trabajadores maduros por parte de los poderes públicos y de las políticas empresariales de Recursos&#8230;</p>

La gestión y protección por desempleo en el Estado de Alarma no referida a ERTE extraordinarios. Juan Carlos Álvarez Cortés, Universidad de Málaga Además de haberse establecido nuevas reglas respecto de la percepción de las prestaciones por desempleo en los supuestos de reducción o suspensión temporal de jornada por causa…

Puedes acceder al contenido completo de este trabajo en el siguiente enlace que te conducirá al capítulo: “La responsabilidad social y las personas de edad: un enfoque desde la gestión de los recursos humanos” publicado dentro de la monografía AAVV.,  El tratamiento del empleo de los trabajadores maduros por parte de…

Jaime Román Lemos

La tercera década del siglo XXI nos está trayendo unas dinámicas en el mercado de trabajo y en la legislación laboral desconocidas hasta ahora en España. Uno de los fenómenos más llamativos es sin duda la “Gran Dimisión” (“Great Resignation”), la tendencia de muchas personas a abandonar sus puestos de…

Miguel Carlos Rodríguez-Piñero Royo

IUSLABLOG, en colaboración con la revista electrónica “Trabajo, persona, derecho, mercado”, lanza la iniciativa “Proyecto Reforma del Derecho del Empleo 2023”. Se trata de un proyecto destinado al análisis y la difusión de la nueva Ley de Empleo, y de otros cambios en el mercado de trabajo y en su…

La consecuencia más visible de la huida del mercado de trabajo es la dificultad de las empresas de cubrir las vacantes en algunos sectores, por falta de candidatos; esto puede deberse, a su vez, a la ausencia de personas con el perfil formativo requerido, o a que las que lo…

IUSLABLOG, en colaboración con la revista electrónica “Trabajo, persona, derecho, mercado”, lanza la iniciativa “Proyecto Reforma del Derecho del Empleo 2023”. Se trata de un proyecto destinado al análisis y la difusión de la nueva Ley de Empleo, y de otros cambios en el mercado de trabajo y en…
