{"id":4387,"date":"2022-01-11T16:50:59","date_gmt":"2022-01-11T15:50:59","guid":{"rendered":"http:\/\/grupo.us.es\/newiwpr\/?page_id=4387"},"modified":"2022-01-11T17:10:12","modified_gmt":"2022-01-11T16:10:12","slug":"otras-reformas","status":"publish","type":"page","link":"https:\/\/grupo.us.es\/iwpr\/otras-reformas\/","title":{"rendered":"Otras reformas"},"content":{"rendered":"<p>En este apartado se incorporar\u00e1n otros aspectos de la reforma laboral de 2021, no incluidos en los dem\u00e1s apartados.<\/p>\n<p>&nbsp;<\/p>\n<ul>\n<li>\n<h3><a href=\"https:\/\/wp.me\/p7HIjh-18I\">As\u00ed es la reforma laboral en el empleo p\u00fablico<\/a><\/h3>\n<\/li>\n<\/ul>\n","protected":false},"excerpt":{"rendered":"<p>En este apartado se incorporar\u00e1n otros aspectos de la reforma laboral de 2021, no incluidos en los dem\u00e1s apartados. &nbsp; As\u00ed es la reforma laboral en el empleo p\u00fablico<\/p>\n","protected":false},"author":2,"featured_media":0,"parent":0,"menu_order":0,"comment_status":"closed","ping_status":"closed","template":"","meta":{"jetpack_post_was_ever_published":false,"footnotes":""},"class_list":["post-4387","page","type-page","status-publish","hentry"],"jetpack_shortlink":"https:\/\/wp.me\/P7HIjh-18L","jetpack-related-posts":[{"id":4293,"url":"https:\/\/grupo.us.es\/iwpr\/biblioteca-on-line-sobre-la-reforma-laboral-de-2021\/","url_meta":{"origin":4387,"position":0},"title":"Biblioteca on-line sobre la reforma laboral de 2021","author":"Admin","date":"7 enero, 2022","format":false,"excerpt":"En este apartado se publicar\u00e1n enlaces a las publicaciones que se han venido realizando en blogs y portales sobre la reforma laboral de 2021. Estudios generales La Reforma Laboral del a\u00f1o 2021. NET21, publicado el 23 de diciembre de 2021. Una valoraci\u00f3n de urgencia sobre la reforma laboral. Cr\u00f3nica sociolaboral,\u2026","rel":"","context":"Entrada similar","block_context":{"text":"Entrada similar","link":""},"img":{"alt_text":"","src":"","width":0,"height":0},"classes":[]},{"id":3942,"url":"https:\/\/grupo.us.es\/iwpr\/proyecto-reforma-laboral-2021\/","url_meta":{"origin":4387,"position":1},"title":"Proyecto Reforma Laboral 2021","author":"Admin","date":"3 diciembre, 2021","format":false,"excerpt":"IUSLABLOG, en colaboraci\u00f3n con la revista electr\u00f3nica \u201cTrabajo, persona, derecho, mercado\u201d, lanza la iniciativa \u201cProyecto Reforma Laboral 2021\u201d. Se trata de un proyecto destinado al an\u00e1lisis y la difusi\u00f3n del proceso de reforma. Colaboran con esta iniciativa el Grupo de Investigaci\u00f3n PAIDI SEJ-322 y el proyecto FEDER18-1264479 \u201cNuevas Causas y\u2026","rel":"","context":"Entrada similar","block_context":{"text":"Entrada similar","link":""},"img":{"alt_text":"","src":"","width":0,"height":0},"classes":[]},{"id":4602,"url":"https:\/\/grupo.us.es\/iwpr\/materiales-docentes-sobre-la-reforma\/","url_meta":{"origin":4387,"position":2},"title":"Materiales docentes sobre la reforma","author":"Admin","date":"1 febrero, 2022","format":false,"excerpt":"La reforma de la contrataci\u00f3n laboral en el RDL32\/2021, por Francisco Javier Calvo Gallego Aspectos generales de la reforma. Subcontrataci\u00f3n, flexibilidad interna y contratos formativos, por Miguel Rodr\u00edguez-Pi\u00f1ero Royo La reforma de los contratos formativos, por Miguel Rodr\u00edguez-Pi\u00f1ero Royo Webinario reforma laboral 1 de febrero de 2022","rel":"","context":"Entrada similar","block_context":{"text":"Entrada similar","link":""},"img":{"alt_text":"","src":"","width":0,"height":0},"classes":[]},{"id":28,"url":"https:\/\/grupo.us.es\/iwpr\/blogs-personales\/miguel-carlos-rodriguez-pinero-royo\/","url_meta":{"origin":4387,"position":3},"title":"Miguel Carlos Rodr\u00edguez-Pi\u00f1ero Royo","author":"Fco. Javier Calvo Gallego","date":"8 julio, 2016","format":false,"excerpt":"Miguel\u00a0 Rodr\u00edguez-Pi\u00f1ero Royo es Catedr\u00e1tico de Derecho del Trabajo y de la Seguridad Social de la Universidad de Sevilla. Imparte su docencia en la Facultad de Derecho y en la Facultad de Ciencias del Trabajo de la Universidad de Sevilla. Colabora con la firma legal PwC Tax & Legal Services\u2026","rel":"","context":"Entrada similar","block_context":{"text":"Entrada similar","link":""},"img":{"alt_text":"","src":"https:\/\/i0.wp.com\/grupo.us.es\/iwpr\/wp-content\/uploads\/2016\/07\/IMG_20171211_163633-225x300.jpg?resize=350%2C200","width":350,"height":200},"classes":[]},{"id":3946,"url":"https:\/\/grupo.us.es\/iwpr\/el-real-decreto-ley-xxxx-2021\/","url_meta":{"origin":4387,"position":4},"title":"La norma reformadora: el Real Decreto-Ley 32\/2021","author":"Admin","date":"19 diciembre, 2021","format":false,"excerpt":"La norma que ha venido a poner en pr\u00e1ctica el conjunto de medidas que ya se conoce como \u201cla reforma laboral de 2021\u201d es el Real Decreto-ley 32\/2021, de 28 de diciembre, de medidas urgentes para la reforma laboral, la garant\u00eda de la estabilidad en el empleo y la transformaci\u00f3n\u2026","rel":"","context":"Entrada similar","block_context":{"text":"Entrada similar","link":""},"img":{"alt_text":"reforma laboral 2021","src":"https:\/\/i0.wp.com\/cdn.pixabay.com\/photo\/2015\/02\/01\/18\/27\/hammer-620011_960_720.jpg?resize=350%2C200&ssl=1","width":350,"height":200,"srcset":"https:\/\/i0.wp.com\/cdn.pixabay.com\/photo\/2015\/02\/01\/18\/27\/hammer-620011_960_720.jpg?resize=350%2C200&ssl=1 1x, https:\/\/i0.wp.com\/cdn.pixabay.com\/photo\/2015\/02\/01\/18\/27\/hammer-620011_960_720.jpg?resize=525%2C300&ssl=1 1.5x, https:\/\/i0.wp.com\/cdn.pixabay.com\/photo\/2015\/02\/01\/18\/27\/hammer-620011_960_720.jpg?resize=700%2C400&ssl=1 2x"},"classes":[]},{"id":4448,"url":"https:\/\/grupo.us.es\/iwpr\/el-proyecto-reforma-laboral-2021\/","url_meta":{"origin":4387,"position":5},"title":"El Proyecto Reforma Laboral 2021","author":"Miguel Carlos Rodr\u00edguez-Pi\u00f1ero Royo","date":"12 enero, 2022","format":false,"excerpt":"IUSLABLOG, en colaboraci\u00f3n con la revista electr\u00f3nica \u201cTrabajo, persona, derecho, mercado\u201d, lanza la iniciativa \u201cProyecto Reforma Laboral 2021\u201d. Se trata de un proyecto destinado al an\u00e1lisis y la difusi\u00f3n del proceso de reforma. Colaboran con esta iniciativa el Grupo de Investigaci\u00f3n PAIDI SEJ-322 y el proyecto FEDER18-1264479 \u201cNuevas Causas y\u2026","rel":"","context":"Entrada similar","block_context":{"text":"Entrada similar","link":""},"img":{"alt_text":"","src":"","width":0,"height":0},"classes":[]}],"jetpack_sharing_enabled":true,"_links":{"self":[{"href":"https:\/\/grupo.us.es\/iwpr\/wp-json\/wp\/v2\/pages\/4387","targetHints":{"allow":["GET"]}}],"collection":[{"href":"https:\/\/grupo.us.es\/iwpr\/wp-json\/wp\/v2\/pages"}],"about":[{"href":"https:\/\/grupo.us.es\/iwpr\/wp-json\/wp\/v2\/types\/page"}],"author":[{"embeddable":true,"href":"https:\/\/grupo.us.es\/iwpr\/wp-json\/wp\/v2\/users\/2"}],"replies":[{"embeddable":true,"href":"https:\/\/grupo.us.es\/iwpr\/wp-json\/wp\/v2\/comments?post=4387"}],"version-history":[{"count":0,"href":"https:\/\/grupo.us.es\/iwpr\/wp-json\/wp\/v2\/pages\/4387\/revisions"}],"wp:attachment":[{"href":"https:\/\/grupo.us.es\/iwpr\/wp-json\/wp\/v2\/media?parent=4387"}],"curies":[{"name":"wp","href":"https:\/\/api.w.org\/{rel}","templated":true}]}}