{"id":4000,"date":"2021-12-18T21:14:56","date_gmt":"2021-12-18T20:14:56","guid":{"rendered":"http:\/\/grupo.us.es\/newiwpr\/?page_id=4000"},"modified":"2022-01-12T11:35:09","modified_gmt":"2022-01-12T10:35:09","slug":"la-reforma-de-la-flexibilidad-interna","status":"publish","type":"page","link":"https:\/\/grupo.us.es\/iwpr\/la-reforma-de-la-flexibilidad-interna\/","title":{"rendered":"La reforma de la flexibilidad interna"},"content":{"rendered":"<p><img data-recalc-dims=\"1\" loading=\"lazy\" decoding=\"async\" class=\"\" src=\"https:\/\/i0.wp.com\/cdn.pixabay.com\/photo\/2021\/11\/14\/18\/36\/telework-6795505_960_720.jpg?resize=565%2C377&#038;ssl=1\" alt=\"flexibilidad interna reforma laboral\" width=\"565\" height=\"377\" \/><\/p>\n<p>Las medidas de flexibilidad interna son una parte importante de las propuestas presentadas por el Gobierno a la mesa de di\u00e1logo social, lo que se explica, en nuestra opini\u00f3n, por varios motivos: es preferida por las organizaciones sindicales, frente a los costes sociales asociados a la flexibilidad externa tradicional (basada en el despido y en los contratos temporales); resulta m\u00e1s coherente con el objetivo general del Gobierno de atajar la temporalidad; y, sobre todo, continua una l\u00ednea de pol\u00edtica del Derecho inaugurada con la emergencia COVID-19, que oblig\u00f3 a buscar medidas que protegieran el empleo de los trabajadores ante una situaci\u00f3n que se preve\u00eda de corta duraci\u00f3n. Las medidas de flexibilidad interna, adem\u00e1s, encajan mejor con los modelos de flexiseguridad que la Uni\u00f3n Europea contin\u00faa fijando como gu\u00eda para las legislaciones laborales del siglo XXI.<\/p>\n<p>El RDL 32\/2021 expresa una clara preferencia por esta modalidad de flexibilidad. Tras reducir sustancialmente los instrumentos que han hecho posible hasta ahora la gran flexibilidad de entrada que exist\u00eda en nuestro Derecho del Trabajo, incorpora dos regulaciones de gran importancia para permitir a las empresas adaptarse a los cambios en sus circunstancias y en su entorno: los ERTES del art\u00edculo 44 ET y el Mecanismo RED del art\u00edculo 47bis ET.<\/p>\n<p>Junto a estas dos figuras, se mantienen sin cambios otros instrumentos de flexibilidad en los mismos t\u00e9rminos en los que se regularon en la reforma laboral de 2012. As\u00ed ocurre con la modificaci\u00f3n sustancia de las condiciones de trabajo (que al principio del proceso de di\u00e1logo social parece que estuvo tambi\u00e9n sobre la mesa), la movilidad geogr\u00e1fica y la inaplicaci\u00f3n de convenios (tambi\u00e9n presente en los primeros documentos del proceso reformador de 2021.<\/p>\n<h2><strong>Antes del RDL 32\/2021<\/strong><\/h2>\n<ul>\n<li>\n<h3><a href=\"https:\/\/wp.me\/p7HIjh-QI\">La Respuesta Del Derecho Del Trabajo a La Crisis Del Covid-19: Los ERTES de La Emergencia Sanitaria<\/a><\/h3>\n<\/li>\n<li>\n<h3><a href=\"https:\/\/wp.me\/p7HIjh-Yw\">Expedientes de regulaci\u00f3n temporal de empleo: presente, pasado y futuro<\/a><\/h3>\n<\/li>\n<li>\n<h3><a href=\"https:\/\/wp.me\/p7HIjh-12M\">Una propuesta proyectada para la sustituci\u00f3n de los ERTE extraordinarios: el Mecanismo Red<\/a><\/h3>\n<\/li>\n<\/ul>\n<h2><\/h2>\n<h2><strong>Despu\u00e9s del RDL 32\/2021<\/strong><\/h2>\n<ul>\n<li>\n<h3><a href=\"https:\/\/wp.me\/p7HIjh-16r\">As\u00ed es la reforma de la flexibilidad interna<\/a><\/h3>\n<\/li>\n<li>\n<h3><a href=\"https:\/\/wp.me\/p7HIjh-17X\">Los expedientes de regulaci\u00f3n temporal de empleo tras la reforma del RDL 32\/2021 (1): las modificaciones del art\u00edculo 47 ET<\/a><\/h3>\n<\/li>\n<li>\n<h3><a href=\"https:\/\/wp.me\/p7HIjh-19b\">Los expedientes de regulaci\u00f3n temporal de empleo tras la reforma del RDL 32\/2021 (ii): mecanismo red de flexibilidad y estabilizaci\u00f3n en el empleo (nuevo art. 47 bis)<\/a><\/h3>\n<\/li>\n<\/ul>\n","protected":false},"excerpt":{"rendered":"<p>Las medidas de flexibilidad interna son una parte importante de las propuestas presentadas por el Gobierno a la mesa de di\u00e1logo social, lo que se explica, en nuestra opini\u00f3n, por varios motivos: es preferida por las organizaciones sindicales, frente a los costes sociales asociados a la flexibilidad externa tradicional (basada en el despido y en&#8230;<\/p>\n","protected":false},"author":2,"featured_media":0,"parent":0,"menu_order":0,"comment_status":"closed","ping_status":"closed","template":"","meta":{"jetpack_post_was_ever_published":false,"footnotes":""},"class_list":["post-4000","page","type-page","status-publish","hentry"],"jetpack_shortlink":"https:\/\/wp.me\/P7HIjh-12w","jetpack-related-posts":[{"id":3944,"url":"https:\/\/grupo.us.es\/iwpr\/aspectos-generales-del-proceso-de-reforma\/","url_meta":{"origin":4000,"position":0},"title":"Aspectos generales del proceso de reforma","author":"Admin","date":"3 diciembre, 2021","format":false,"excerpt":"Como es com\u00fan en Espa\u00f1a la reforma se articular\u00e1 mediante la aprobaci\u00f3n de una norma de emergencia, concretamente un Real Decreto-Ley, con un articulado muy extenso en el que se modifican varios preceptos de las principales normas de nuestro Derecho del Trabajo, especialmente el Estatuto de los Trabajadores. En esto\u2026","rel":"","context":"Entrada similar","block_context":{"text":"Entrada similar","link":""},"img":{"alt_text":"reforma laboral aspectos generales","src":"https:\/\/i0.wp.com\/cdn.pixabay.com\/photo\/2015\/11\/19\/21\/10\/glasses-1052010_960_720.jpg?resize=350%2C200&ssl=1","width":350,"height":200},"classes":[]},{"id":4602,"url":"https:\/\/grupo.us.es\/iwpr\/materiales-docentes-sobre-la-reforma\/","url_meta":{"origin":4000,"position":1},"title":"Materiales docentes sobre la reforma","author":"Admin","date":"1 febrero, 2022","format":false,"excerpt":"La reforma de la contrataci\u00f3n laboral en el RDL32\/2021, por Francisco Javier Calvo Gallego Aspectos generales de la reforma. Subcontrataci\u00f3n, flexibilidad interna y contratos formativos, por Miguel Rodr\u00edguez-Pi\u00f1ero Royo La reforma de los contratos formativos, por Miguel Rodr\u00edguez-Pi\u00f1ero Royo Webinario reforma laboral 1 de febrero de 2022","rel":"","context":"Entrada similar","block_context":{"text":"Entrada similar","link":""},"img":{"alt_text":"","src":"","width":0,"height":0},"classes":[]},{"id":1679,"url":"https:\/\/grupo.us.es\/iwpr\/covid-19-y-derecho-social\/aspectos-de-seguridad-social\/erte-y-seguridad-social\/","url_meta":{"origin":4000,"position":2},"title":"ERTE y Seguridad Social","author":"Fco. Javier Calvo Gallego","date":"20 marzo, 2020","format":false,"excerpt":"1. Fines y tipolog\u00eda de las medidas El intento del ejecutivo de convertir\u00a0 los ERTE en uno de los elementos centrales en la gesti\u00f3n empresarial de la pandemia provocada por el COVID-19, no solo ha conducido a una evidente aceleraci\u00f3n y agilizaci\u00f3n de su procedimiento administrativo -aspectos estos ya analizados\u2026","rel":"","context":"Entrada similar","block_context":{"text":"Entrada similar","link":""},"img":{"alt_text":"","src":"","width":0,"height":0},"classes":[]},{"id":4293,"url":"https:\/\/grupo.us.es\/iwpr\/biblioteca-on-line-sobre-la-reforma-laboral-de-2021\/","url_meta":{"origin":4000,"position":3},"title":"Biblioteca on-line sobre la reforma laboral de 2021","author":"Admin","date":"7 enero, 2022","format":false,"excerpt":"En este apartado se publicar\u00e1n enlaces a las publicaciones que se han venido realizando en blogs y portales sobre la reforma laboral de 2021. Estudios generales La Reforma Laboral del a\u00f1o 2021. NET21, publicado el 23 de diciembre de 2021. Una valoraci\u00f3n de urgencia sobre la reforma laboral. Cr\u00f3nica sociolaboral,\u2026","rel":"","context":"Entrada similar","block_context":{"text":"Entrada similar","link":""},"img":{"alt_text":"","src":"","width":0,"height":0},"classes":[]},{"id":3997,"url":"https:\/\/grupo.us.es\/iwpr\/la-reforma-de-la-contratacion-temporal\/","url_meta":{"origin":4000,"position":4},"title":"La reforma de la contrataci\u00f3n laboral","author":"Miguel Carlos Rodr\u00edguez-Pi\u00f1ero Royo","date":"18 diciembre, 2021","format":false,"excerpt":"Uno de los temas m\u00e1s controvertidos de todo el proceso de di\u00e1logo social es el de la contrataci\u00f3n temporal. En este punto las posiciones estaban muy enfrentadas: el Gobierno present\u00f3 unas propuestas realmente incisivas, que cortaban sustancialmente las posibilidades de contrataci\u00f3n temporal. Frente a \u00e9stas, la oposici\u00f3n de la representaci\u00f3n\u2026","rel":"","context":"Entrada similar","block_context":{"text":"Entrada similar","link":""},"img":{"alt_text":"contratos reforma laboral","src":"https:\/\/i0.wp.com\/cdn.pixabay.com\/photo\/2016\/03\/15\/09\/08\/looking-for-a-job-1257233_960_720.jpg?resize=350%2C200&ssl=1","width":350,"height":200},"classes":[]},{"id":6063,"url":"https:\/\/grupo.us.es\/iwpr\/jose-manuel-morales-ortega\/","url_meta":{"origin":4000,"position":5},"title":"Jos\u00e9 Manuel Morales Ortega","author":"Jaime Rom\u00e1n Lemos","date":"21 marzo, 2024","format":false,"excerpt":"Es Catedr\u00e1tico de Derecho del Trabajo y de la Seguridad Social en la Universidad de M\u00e1laga. La actividad docente e investigadora se ha desarrollado en los diferentes campos y tem\u00e1ticas del Derecho del Trabajo y de la Seguridad Social. Se est\u00e1 en posesi\u00f3n de 5 tramos del complemento auton\u00f3mico de\u2026","rel":"","context":"Entrada similar","block_context":{"text":"Entrada similar","link":""},"img":{"alt_text":"","src":"https:\/\/i0.wp.com\/grupo.us.es\/iwpr\/wp-content\/uploads\/2024\/03\/Jose-Manuel-Morales-Ortega.jpg?resize=350%2C200","width":350,"height":200},"classes":[]}],"jetpack_sharing_enabled":true,"_links":{"self":[{"href":"https:\/\/grupo.us.es\/iwpr\/wp-json\/wp\/v2\/pages\/4000","targetHints":{"allow":["GET"]}}],"collection":[{"href":"https:\/\/grupo.us.es\/iwpr\/wp-json\/wp\/v2\/pages"}],"about":[{"href":"https:\/\/grupo.us.es\/iwpr\/wp-json\/wp\/v2\/types\/page"}],"author":[{"embeddable":true,"href":"https:\/\/grupo.us.es\/iwpr\/wp-json\/wp\/v2\/users\/2"}],"replies":[{"embeddable":true,"href":"https:\/\/grupo.us.es\/iwpr\/wp-json\/wp\/v2\/comments?post=4000"}],"version-history":[{"count":0,"href":"https:\/\/grupo.us.es\/iwpr\/wp-json\/wp\/v2\/pages\/4000\/revisions"}],"wp:attachment":[{"href":"https:\/\/grupo.us.es\/iwpr\/wp-json\/wp\/v2\/media?parent=4000"}],"curies":[{"name":"wp","href":"https:\/\/api.w.org\/{rel}","templated":true}]}}